{"id":92227,"date":"2022-03-28T08:19:45","date_gmt":"2022-03-28T08:19:45","guid":{"rendered":"https:\/\/www.epralima.com\/website\/?post_type=portfolio&#038;p=92227"},"modified":"2022-11-17T11:18:20","modified_gmt":"2022-11-17T11:18:20","slug":"global-esl","status":"publish","type":"portfolio","link":"https:\/\/www.epralima.com\/website\/portfolio\/global-esl\/","title":{"rendered":"Global ESL"},"content":{"rendered":"<div class=\"wpb-content-wrapper\"><p>[vc_row row_height_percent=&#8221;0&#8243; override_padding=&#8221;yes&#8221; h_padding=&#8221;0&#8243; top_padding=&#8221;3&#8243; bottom_padding=&#8221;3&#8243; overlay_alpha=&#8221;0&#8243; gutter_size=&#8221;100&#8243; shift_y=&#8221;0&#8243; style=&#8221;inherited&#8221;][vc_column column_width_percent=&#8221;100&#8243; position_horizontal=&#8221;left&#8221; gutter_size=&#8221;4&#8243; style=&#8221;light&#8221; overlay_alpha=&#8221;100&#8243; shift_x=&#8221;0&#8243; shift_y=&#8221;0&#8243; z_index=&#8221;0&#8243; medium_width=&#8221;0&#8243; zoom_width=&#8221;0&#8243; zoom_height=&#8221;0&#8243; width=&#8221;1\/1&#8243;][vc_gallery el_id=&#8221;gallery-749185&#8243; type=&#8221;carousel&#8221; medias=&#8221;92281&#8243; carousel_lg=&#8221;1&#8243; carousel_md=&#8221;1&#8243; carousel_sm=&#8221;1&#8243; thumb_size=&#8221;sixteen-nine&#8221; gutter_size=&#8221;0&#8243; media_items=&#8221;media|nolink|original,icon&#8221; carousel_type=&#8221;fade&#8221; carousel_interval=&#8221;5000&#8243; carousel_navspeed=&#8221;1000&#8243; carousel_loop=&#8221;yes&#8221; carousel_nav=&#8221;yes&#8221; carousel_dots=&#8221;yes&#8221; carousel_dots_inside=&#8221;yes&#8221; carousel_dot_padding=&#8221;2&#8243; stage_padding=&#8221;0&#8243; single_overlay_opacity=&#8221;50&#8243; single_overlay_anim=&#8221;no&#8221; single_text_anim=&#8221;no&#8221; single_image_anim=&#8221;no&#8221; single_padding=&#8221;2&#8243; single_border=&#8221;yes&#8221;][vc_custom_heading heading_semantic=&#8221;h5&#8243; text_size=&#8221;h3&#8243; text_align=&#8221;text-center&#8221; text_serif=&#8221;yes&#8221;]<strong>Descri\u00e7\u00e3o Geral do Projeto<\/strong>[\/vc_custom_heading][vc_column_text css=&#8221;.vc_custom_1666945410310{margin-top: 15px !important;}&#8221;]Como o mundo inteiro sofreu com a pandemia do Covid-19 e a nova gera\u00e7\u00e3o \u00e9 educada como nativos da tecnologia; a necessidade de transforma\u00e7\u00e3o digital na educa\u00e7\u00e3o tem aumentado progressivamente.<\/p>\n<p>Durante o confinamento, os governos fecharam as escolas e uma nova era na educa\u00e7\u00e3o come\u00e7ou com base no ensino \u00e0 dist\u00e2ncia. \u00c9 um sistema em que professores e alunos tiveram de se adotar imediatamente.<\/p>\n<p>Portanto, este projeto foi criado com o objetivo de apoiar os alunos a atingir n\u00edveis suficientes de compet\u00eancia lingu\u00edstica nas aulas de ingl\u00eas, atrav\u00e9s da integra\u00e7\u00e3o de ferramentas da Web 2.0, que oferece aos alunos a oportunidade de resolver problemas do mundo real e colaborar com os seus pares (presencial -aulas presenciais ou online) de forma significativa. Neste contexto, o projeto contribuir\u00e1 muito para aumentar a sensibiliza\u00e7\u00e3o lingu\u00edstica em todas as escolas parceiras.<\/p>\n<p>Al\u00e9m disso, na an\u00e1lise SWOT realizada pelo parceiro coordenador (Plano Estrat\u00e9gico Escolar 2018-2023) ficou clara uma grande necessidade de encontrar m\u00e9todos e t\u00e9cnicas de ensino de l\u00ednguas mais eficientes para ter uma maior qualidade no ensino de uma l\u00edngua estrangeira, al\u00e9m de motivar estudantes viciados em tecnologia a usar a tecnologia de uma maneira mais \u00fatil.<\/p>\n<p>Neste contexto, a utiliza\u00e7\u00e3o de ferramentas Web 2.0 \u00e9 a solu\u00e7\u00e3o mais eficaz.<br \/>\nAlguns dos alunos, em todos os pa\u00edses parceiros, tamb\u00e9m vivem em condi\u00e7\u00f5es socioecon\u00f3micas dif\u00edceis (fam\u00edlias desfeitas, pais desempregados), pelo que o projeto pretende criar condi\u00e7\u00f5es amig\u00e1veis, motivadoras e estimulantes para todos os alunos da escola.<\/p>\n<p>Com base no surto de Covid-19 e na an\u00e1lise SWOT, \u00e9 essencial integrar mais ferramentas da Web 2.0 nas aulas de idiomas por meio da transforma\u00e7\u00e3o digital na educa\u00e7\u00e3o, para entrar em contato com os alunos de maneira mais eficiente, incentivar a criatividade e o uso de uma segunda l\u00edngua, n\u00e3o apenas durante a pandemia, mas tamb\u00e9m ap\u00f3s a pandemia, para se beneficiar da abordagem de aprendizagem combinada.[\/vc_column_text][vc_row_inner row_inner_height_percent=&#8221;0&#8243; overlay_alpha=&#8221;50&#8243; gutter_size=&#8221;3&#8243; shift_y=&#8221;0&#8243; z_index=&#8221;0&#8243; el_id=&#8221;ing&#8221;][vc_column_inner column_width_percent=&#8221;100&#8243; gutter_size=&#8221;3&#8243; overlay_alpha=&#8221;50&#8243; shift_x=&#8221;0&#8243; shift_y=&#8221;0&#8243; z_index=&#8221;0&#8243; medium_width=&#8221;0&#8243; mobile_width=&#8221;0&#8243; width=&#8221;1\/1&#8243;][vc_separator][\/vc_column_inner][\/vc_row_inner][vc_custom_heading heading_semantic=&#8221;h5&#8243; text_size=&#8221;h3&#8243; text_align=&#8221;text-center&#8221; text_serif=&#8221;yes&#8221;]<strong>Grupo-alvo<\/strong>[\/vc_custom_heading][vc_column_text css=&#8221;.vc_custom_1666945436443{margin-top: 15px !important;}&#8221;]<\/p>\n<ul>\n<li>Estudantes de 14 a 17 anos ou mais em educa\u00e7\u00e3o EFP inicial ou cont\u00ednua<\/li>\n<li>Formadores\/professores de EFP<\/li>\n<li>Pais<\/li>\n<\/ul>\n<p>[\/vc_column_text][vc_row_inner row_inner_height_percent=&#8221;0&#8243; overlay_alpha=&#8221;50&#8243; gutter_size=&#8221;3&#8243; shift_y=&#8221;0&#8243; z_index=&#8221;0&#8243; el_id=&#8221;ing&#8221;][vc_column_inner column_width_percent=&#8221;100&#8243; gutter_size=&#8221;3&#8243; overlay_alpha=&#8221;50&#8243; shift_x=&#8221;0&#8243; shift_y=&#8221;0&#8243; z_index=&#8221;0&#8243; medium_width=&#8221;0&#8243; mobile_width=&#8221;0&#8243; width=&#8221;1\/1&#8243;][vc_separator][\/vc_column_inner][\/vc_row_inner][vc_custom_heading heading_semantic=&#8221;h5&#8243; text_size=&#8221;h3&#8243; text_align=&#8221;text-center&#8221; text_serif=&#8221;yes&#8221;]<strong>Atividades<\/strong>[\/vc_custom_heading][vc_column_text css=&#8221;.vc_custom_1666945459900{margin-top: 15px !important;}&#8221;]<\/p>\n<ol>\n<li>Reuni\u00e3o Virtual sobre o Gerenciamento do Projeto e Aloca\u00e7\u00e3o de Tarefas<\/li>\n<li>Curso de Forma\u00e7\u00e3o de Professores<\/li>\n<li>Aprimorando as habilidades de fala e escuta por meio de ferramentas da Web 2.0<\/li>\n<li>Ferramentas da Web 2.0 para uma melhor apresenta\u00e7\u00e3o<\/li>\n<li>Aprimorando as habilidades de leitura e escrita por meio de ferramentas da Web 2.0<\/li>\n<li>Criando um Weblog Internacional Comum.<\/li>\n<\/ol>\n<p>[\/vc_column_text][vc_row_inner row_inner_height_percent=&#8221;0&#8243; overlay_alpha=&#8221;50&#8243; gutter_size=&#8221;3&#8243; shift_y=&#8221;0&#8243; z_index=&#8221;0&#8243; el_id=&#8221;ing&#8221;][vc_column_inner column_width_percent=&#8221;100&#8243; gutter_size=&#8221;3&#8243; overlay_alpha=&#8221;50&#8243; shift_x=&#8221;0&#8243; shift_y=&#8221;0&#8243; z_index=&#8221;0&#8243; medium_width=&#8221;0&#8243; mobile_width=&#8221;0&#8243; width=&#8221;1\/1&#8243;][vc_separator][\/vc_column_inner][\/vc_row_inner][vc_custom_heading heading_semantic=&#8221;h5&#8243; text_size=&#8221;h3&#8243; text_align=&#8221;text-center&#8221; text_serif=&#8221;yes&#8221;]<strong>Resultados &#8211; Produtos<\/strong>[\/vc_custom_heading][vc_column_text css=&#8221;.vc_custom_1666945502628{margin-top: 15px !important;}&#8221;]<strong>Os resultados esperados para os professores incluem o seguinte:<\/strong><\/p>\n<ul>\n<li>Cria\u00e7\u00e3o de novas rela\u00e7\u00f5es com colegas da UE<\/li>\n<li>Experi\u00eancia de aprendizagem transcultural,<\/li>\n<li>Troca de ideias<\/li>\n<li>Implemente as melhores ferramentas da Web 2.0 na educa\u00e7\u00e3o e tenha a chance de construir uma rede para futura colabora\u00e7\u00e3o escolar.<\/li>\n<\/ul>\n<p><strong>Os resultados esperados para os alunos s\u00e3o:<\/strong><\/p>\n<ul>\n<li>Habilidades de comunica\u00e7\u00e3o enriquecidas<\/li>\n<li>Desenvolvimento de compet\u00eancias digitais e de l\u00ednguas estrangeiras<\/li>\n<li>Conscientiza\u00e7\u00e3o cultural desenvolvida<\/li>\n<li>Estar bem preparado para a vida escolar e empresarial<\/li>\n<li>Aumento da motiva\u00e7\u00e3o.<\/li>\n<\/ul>\n<p>[\/vc_column_text][vc_row_inner row_inner_height_percent=&#8221;0&#8243; overlay_alpha=&#8221;50&#8243; gutter_size=&#8221;3&#8243; shift_y=&#8221;0&#8243; z_index=&#8221;0&#8243; el_id=&#8221;ing&#8221;][vc_column_inner column_width_percent=&#8221;100&#8243; gutter_size=&#8221;3&#8243; overlay_alpha=&#8221;50&#8243; shift_x=&#8221;0&#8243; shift_y=&#8221;0&#8243; z_index=&#8221;0&#8243; medium_width=&#8221;0&#8243; mobile_width=&#8221;0&#8243; width=&#8221;1\/1&#8243;][vc_separator][\/vc_column_inner][\/vc_row_inner][vc_custom_heading heading_semantic=&#8221;h5&#8243; text_size=&#8221;h3&#8243; text_align=&#8221;text-center&#8221; text_serif=&#8221;yes&#8221;]<strong>Parceria<\/strong>[\/vc_custom_heading][vc_column_text css=&#8221;.vc_custom_1666945565585{margin-top: 15px !important;}&#8221;]<\/p>\n<ul>\n<li>Neriman Erol Yilmaz Sosyal Bilimler Lisesi (TR)<\/li>\n<li>Cro\u00e1cia, Pa\u00edses Baixos, Portugal e Turquia<\/li>\n<li>School of Economics and Business (HR)<\/li>\n<li>Lidi Smart Solutions (NL)<\/li>\n<li>EPRALIMA_Escola Profissional do Alto Lima, C.I.P.R.L. (PT)<\/li>\n<\/ul>\n<p>[\/vc_column_text][vc_row_inner row_inner_height_percent=&#8221;0&#8243; overlay_alpha=&#8221;50&#8243; gutter_size=&#8221;3&#8243; shift_y=&#8221;0&#8243; z_index=&#8221;0&#8243; el_id=&#8221;ing&#8221;][vc_column_inner column_width_percent=&#8221;100&#8243; gutter_size=&#8221;3&#8243; overlay_alpha=&#8221;50&#8243; shift_x=&#8221;0&#8243; shift_y=&#8221;0&#8243; z_index=&#8221;0&#8243; medium_width=&#8221;0&#8243; mobile_width=&#8221;0&#8243; width=&#8221;1\/1&#8243;][vc_separator][\/vc_column_inner][\/vc_row_inner][\/vc_column][\/vc_row]<\/p>\n<\/div>","protected":false},"excerpt":{"rendered":"<p>O objetivo do projeto Global ESL \u00e9 criar condi\u00e7\u00f5es amig\u00e1veis motivadoras e estimulantes para todos os alunos das escolas parceiras.<\/p>\n","protected":false},"author":3,"featured_media":92281,"parent":0,"menu_order":0,"comment_status":"open","ping_status":"open","template":"","meta":{"_acf_changed":false,"om_disable_all_campaigns":false,"_monsterinsights_skip_tracking":false,"_monsterinsights_sitenote_active":false,"_monsterinsights_sitenote_note":"","_monsterinsights_sitenote_category":0,"_uf_show_specific_survey":0,"_uf_disable_surveys":false,"footnotes":""},"portfolio_category":[120],"class_list":["post-92227","portfolio","type-portfolio","status-publish","has-post-thumbnail","hentry","portfolio_category-projetos-internacionais"],"acf":[],"aioseo_notices":[],"_links":{"self":[{"href":"https:\/\/www.epralima.com\/website\/wp-json\/wp\/v2\/portfolio\/92227","targetHints":{"allow":["GET"]}}],"collection":[{"href":"https:\/\/www.epralima.com\/website\/wp-json\/wp\/v2\/portfolio"}],"about":[{"href":"https:\/\/www.epralima.com\/website\/wp-json\/wp\/v2\/types\/portfolio"}],"author":[{"embeddable":true,"href":"https:\/\/www.epralima.com\/website\/wp-json\/wp\/v2\/users\/3"}],"replies":[{"embeddable":true,"href":"https:\/\/www.epralima.com\/website\/wp-json\/wp\/v2\/comments?post=92227"}],"version-history":[{"count":4,"href":"https:\/\/www.epralima.com\/website\/wp-json\/wp\/v2\/portfolio\/92227\/revisions"}],"predecessor-version":[{"id":92283,"href":"https:\/\/www.epralima.com\/website\/wp-json\/wp\/v2\/portfolio\/92227\/revisions\/92283"}],"wp:featuredmedia":[{"embeddable":true,"href":"https:\/\/www.epralima.com\/website\/wp-json\/wp\/v2\/media\/92281"}],"wp:attachment":[{"href":"https:\/\/www.epralima.com\/website\/wp-json\/wp\/v2\/media?parent=92227"}],"wp:term":[{"taxonomy":"portfolio_category","embeddable":true,"href":"https:\/\/www.epralima.com\/website\/wp-json\/wp\/v2\/portfolio_category?post=92227"}],"curies":[{"name":"wp","href":"https:\/\/api.w.org\/{rel}","templated":true}]}}

<div class="wpb-content-wrapper"><p>[vc_row row_height_percent=&#8221;0&#8243; override_padding=&#8221;yes&#8221; h_padding=&#8221;0&#8243; top_padding=&#8221;3&#8243; bottom_padding=&#8221;3&#8243; overlay_alpha=&#8221;0&#8243; gutter_size=&#8221;100&#8243; shift_y=&#8221;0&#8243; style=&#8221;inherited&#8221;][vc_column column_width_percent=&#8221;100&#8243; position_horizontal=&#8221;left&#8221; gutter_size=&#8221;4&#8243; style=&#8221;light&#8221; overlay_alpha=&#8221;100&#8243; shift_x=&#8221;0&#8243; shift_y=&#8221;0&#8243; z_index=&#8221;0&#8243; medium_width=&#8221;0&#8243; zoom_width=&#8221;0&#8243; zoom_height=&#8221;0&#8243; width=&#8221;1/1&#8243;][vc_gallery el_id=&#8221;gallery-749185&#8243; type=&#8221;carousel&#8221; medias=&#8221;92281&#8243; carousel_lg=&#8221;1&#8243; carousel_md=&#8221;1&#8243; carousel_sm=&#8221;1&#8243; thumb_size=&#8221;sixteen-nine&#8221; gutter_size=&#8221;0&#8243; media_items=&#8221;media|nolink|original,icon&#8221; carousel_type=&#8221;fade&#8221; carousel_interval=&#8221;5000&#8243; carousel_navspeed=&#8221;1000&#8243; carousel_loop=&#8221;yes&#8221; carousel_nav=&#8221;yes&#8221; carousel_dots=&#8221;yes&#8221; carousel_dots_inside=&#8221;yes&#8221; carousel_dot_padding=&#8221;2&#8243; stage_padding=&#8221;0&#8243; single_overlay_opacity=&#8221;50&#8243; single_overlay_anim=&#8221;no&#8221; single_text_anim=&#8221;no&#8221; single_image_anim=&#8221;no&#8221; single_padding=&#8221;2&#8243; single_border=&#8221;yes&#8221;][vc_custom_heading heading_semantic=&#8221;h5&#8243; text_size=&#8221;h3&#8243; text_align=&#8221;text-center&#8221; text_serif=&#8221;yes&#8221;]<strong>Descrição Geral do Projeto</strong>[/vc_custom_heading][vc_column_text css=&#8221;.vc_custom_1666945410310{margin-top: 15px !important;}&#8221;]Como o mundo inteiro sofreu com a pandemia do Covid-19 e a nova geração é educada como nativos da tecnologia; a necessidade de transformação digital na educação tem aumentado progressivamente.</p>
<p>Durante o confinamento, os governos fecharam as escolas e uma nova era na educação começou com base no ensino à distância. É um sistema em que professores e alunos tiveram de se adotar imediatamente.</p>
<p>Portanto, este projeto foi criado com o objetivo de apoiar os alunos a atingir níveis suficientes de competência linguística nas aulas de inglês, através da integração de ferramentas da Web 2.0, que oferece aos alunos a oportunidade de resolver problemas do mundo real e colaborar com os seus pares (presencial -aulas presenciais ou online) de forma significativa. Neste contexto, o projeto contribuirá muito para aumentar a sensibilização linguística em todas as escolas parceiras.</p>
<p>Além disso, na análise SWOT realizada pelo parceiro coordenador (Plano Estratégico Escolar 2018-2023) ficou clara uma grande necessidade de encontrar métodos e técnicas de ensino de línguas mais eficientes para ter uma maior qualidade no ensino de uma língua estrangeira, além de motivar estudantes viciados em tecnologia a usar a tecnologia de uma maneira mais útil.</p>
<p>Neste contexto, a utilização de ferramentas Web 2.0 é a solução mais eficaz.<br />
Alguns dos alunos, em todos os países parceiros, também vivem em condições socioeconómicas difíceis (famílias desfeitas, pais desempregados), pelo que o projeto pretende criar condições amigáveis, motivadoras e estimulantes para todos os alunos da escola.</p>
<p>Com base no surto de Covid-19 e na análise SWOT, é essencial integrar mais ferramentas da Web 2.0 nas aulas de idiomas por meio da transformação digital na educação, para entrar em contato com os alunos de maneira mais eficiente, incentivar a criatividade e o uso de uma segunda língua, não apenas durante a pandemia, mas também após a pandemia, para se beneficiar da abordagem de aprendizagem combinada.[/vc_column_text][vc_row_inner row_inner_height_percent=&#8221;0&#8243; overlay_alpha=&#8221;50&#8243; gutter_size=&#8221;3&#8243; shift_y=&#8221;0&#8243; z_index=&#8221;0&#8243; el_id=&#8221;ing&#8221;][vc_column_inner column_width_percent=&#8221;100&#8243; gutter_size=&#8221;3&#8243; overlay_alpha=&#8221;50&#8243; shift_x=&#8221;0&#8243; shift_y=&#8221;0&#8243; z_index=&#8221;0&#8243; medium_width=&#8221;0&#8243; mobile_width=&#8221;0&#8243; width=&#8221;1/1&#8243;][vc_separator][/vc_column_inner][/vc_row_inner][vc_custom_heading heading_semantic=&#8221;h5&#8243; text_size=&#8221;h3&#8243; text_align=&#8221;text-center&#8221; text_serif=&#8221;yes&#8221;]<strong>Grupo-alvo</strong>[/vc_custom_heading][vc_column_text css=&#8221;.vc_custom_1666945436443{margin-top: 15px !important;}&#8221;]</p>
<ul>
<li>Estudantes de 14 a 17 anos ou mais em educação EFP inicial ou contínua</li>
<li>Formadores/professores de EFP</li>
<li>Pais</li>
</ul>
<p>[/vc_column_text][vc_row_inner row_inner_height_percent=&#8221;0&#8243; overlay_alpha=&#8221;50&#8243; gutter_size=&#8221;3&#8243; shift_y=&#8221;0&#8243; z_index=&#8221;0&#8243; el_id=&#8221;ing&#8221;][vc_column_inner column_width_percent=&#8221;100&#8243; gutter_size=&#8221;3&#8243; overlay_alpha=&#8221;50&#8243; shift_x=&#8221;0&#8243; shift_y=&#8221;0&#8243; z_index=&#8221;0&#8243; medium_width=&#8221;0&#8243; mobile_width=&#8221;0&#8243; width=&#8221;1/1&#8243;][vc_separator][/vc_column_inner][/vc_row_inner][vc_custom_heading heading_semantic=&#8221;h5&#8243; text_size=&#8221;h3&#8243; text_align=&#8221;text-center&#8221; text_serif=&#8221;yes&#8221;]<strong>Atividades</strong>[/vc_custom_heading][vc_column_text css=&#8221;.vc_custom_1666945459900{margin-top: 15px !important;}&#8221;]</p>
<ol>
<li>Reunião Virtual sobre o Gerenciamento do Projeto e Alocação de Tarefas</li>
<li>Curso de Formação de Professores</li>
<li>Aprimorando as habilidades de fala e escuta por meio de ferramentas da Web 2.0</li>
<li>Ferramentas da Web 2.0 para uma melhor apresentação</li>
<li>Aprimorando as habilidades de leitura e escrita por meio de ferramentas da Web 2.0</li>
<li>Criando um Weblog Internacional Comum.</li>
</ol>
<p>[/vc_column_text][vc_row_inner row_inner_height_percent=&#8221;0&#8243; overlay_alpha=&#8221;50&#8243; gutter_size=&#8221;3&#8243; shift_y=&#8221;0&#8243; z_index=&#8221;0&#8243; el_id=&#8221;ing&#8221;][vc_column_inner column_width_percent=&#8221;100&#8243; gutter_size=&#8221;3&#8243; overlay_alpha=&#8221;50&#8243; shift_x=&#8221;0&#8243; shift_y=&#8221;0&#8243; z_index=&#8221;0&#8243; medium_width=&#8221;0&#8243; mobile_width=&#8221;0&#8243; width=&#8221;1/1&#8243;][vc_separator][/vc_column_inner][/vc_row_inner][vc_custom_heading heading_semantic=&#8221;h5&#8243; text_size=&#8221;h3&#8243; text_align=&#8221;text-center&#8221; text_serif=&#8221;yes&#8221;]<strong>Resultados &#8211; Produtos</strong>[/vc_custom_heading][vc_column_text css=&#8221;.vc_custom_1666945502628{margin-top: 15px !important;}&#8221;]<strong>Os resultados esperados para os professores incluem o seguinte:</strong></p>
<ul>
<li>Criação de novas relações com colegas da UE</li>
<li>Experiência de aprendizagem transcultural,</li>
<li>Troca de ideias</li>
<li>Implemente as melhores ferramentas da Web 2.0 na educação e tenha a chance de construir uma rede para futura colaboração escolar.</li>
</ul>
<p><strong>Os resultados esperados para os alunos são:</strong></p>
<ul>
<li>Habilidades de comunicação enriquecidas</li>
<li>Desenvolvimento de competências digitais e de línguas estrangeiras</li>
<li>Conscientização cultural desenvolvida</li>
<li>Estar bem preparado para a vida escolar e empresarial</li>
<li>Aumento da motivação.</li>
</ul>
<p>[/vc_column_text][vc_row_inner row_inner_height_percent=&#8221;0&#8243; overlay_alpha=&#8221;50&#8243; gutter_size=&#8221;3&#8243; shift_y=&#8221;0&#8243; z_index=&#8221;0&#8243; el_id=&#8221;ing&#8221;][vc_column_inner column_width_percent=&#8221;100&#8243; gutter_size=&#8221;3&#8243; overlay_alpha=&#8221;50&#8243; shift_x=&#8221;0&#8243; shift_y=&#8221;0&#8243; z_index=&#8221;0&#8243; medium_width=&#8221;0&#8243; mobile_width=&#8221;0&#8243; width=&#8221;1/1&#8243;][vc_separator][/vc_column_inner][/vc_row_inner][vc_custom_heading heading_semantic=&#8221;h5&#8243; text_size=&#8221;h3&#8243; text_align=&#8221;text-center&#8221; text_serif=&#8221;yes&#8221;]<strong>Parceria</strong>[/vc_custom_heading][vc_column_text css=&#8221;.vc_custom_1666945565585{margin-top: 15px !important;}&#8221;]</p>
<ul>
<li>Neriman Erol Yilmaz Sosyal Bilimler Lisesi (TR)</li>
<li>Croácia, Países Baixos, Portugal e Turquia</li>
<li>School of Economics and Business (HR)</li>
<li>Lidi Smart Solutions (NL)</li>
<li>EPRALIMA_Escola Profissional do Alto Lima, C.I.P.R.L. (PT)</li>
</ul>
<p>[/vc_column_text][vc_row_inner row_inner_height_percent=&#8221;0&#8243; overlay_alpha=&#8221;50&#8243; gutter_size=&#8221;3&#8243; shift_y=&#8221;0&#8243; z_index=&#8221;0&#8243; el_id=&#8221;ing&#8221;][vc_column_inner column_width_percent=&#8221;100&#8243; gutter_size=&#8221;3&#8243; overlay_alpha=&#8221;50&#8243; shift_x=&#8221;0&#8243; shift_y=&#8221;0&#8243; z_index=&#8221;0&#8243; medium_width=&#8221;0&#8243; mobile_width=&#8221;0&#8243; width=&#8221;1/1&#8243;][vc_separator][/vc_column_inner][/vc_row_inner][/vc_column][/vc_row]</p>
</div>

<p>O objetivo do projeto Global ESL é criar condições amigáveis motivadoras e estimulantes para todos os alunos das escolas parceiras.</p>
