{"id":89808,"date":"2021-03-19T15:37:24","date_gmt":"2021-03-19T15:37:24","guid":{"rendered":"http:\/\/epralima.com\/website\/?post_type=portfolio&#038;p=89808"},"modified":"2021-04-26T11:38:08","modified_gmt":"2021-04-26T11:38:08","slug":"valgreen","status":"publish","type":"portfolio","link":"https:\/\/www.epralima.com\/website\/portfolio\/valgreen\/","title":{"rendered":"Valgreen"},"content":{"rendered":"<div class=\"wpb-content-wrapper\"><p>[vc_row row_height_percent=&#8221;0&#8243; override_padding=&#8221;yes&#8221; h_padding=&#8221;0&#8243; top_padding=&#8221;3&#8243; bottom_padding=&#8221;3&#8243; overlay_alpha=&#8221;0&#8243; gutter_size=&#8221;100&#8243; shift_y=&#8221;0&#8243; style=&#8221;inherited&#8221;][vc_column column_width_percent=&#8221;100&#8243; position_horizontal=&#8221;left&#8221; gutter_size=&#8221;4&#8243; style=&#8221;light&#8221; overlay_alpha=&#8221;100&#8243; shift_x=&#8221;0&#8243; shift_y=&#8221;0&#8243; z_index=&#8221;0&#8243; medium_width=&#8221;0&#8243; zoom_width=&#8221;0&#8243; zoom_height=&#8221;0&#8243; width=&#8221;1\/1&#8243;][vc_gallery el_id=&#8221;gallery-749185&#8243; type=&#8221;carousel&#8221; medias=&#8221;89809&#8243; carousel_lg=&#8221;1&#8243; carousel_md=&#8221;1&#8243; carousel_sm=&#8221;1&#8243; thumb_size=&#8221;sixteen-nine&#8221; gutter_size=&#8221;0&#8243; media_items=&#8221;media|nolink|original,icon&#8221; carousel_type=&#8221;fade&#8221; carousel_interval=&#8221;5000&#8243; carousel_navspeed=&#8221;1000&#8243; carousel_loop=&#8221;yes&#8221; carousel_nav=&#8221;yes&#8221; carousel_dots=&#8221;yes&#8221; carousel_dots_inside=&#8221;yes&#8221; carousel_dot_padding=&#8221;2&#8243; stage_padding=&#8221;0&#8243; single_overlay_opacity=&#8221;50&#8243; single_overlay_anim=&#8221;no&#8221; single_text_anim=&#8221;no&#8221; single_image_anim=&#8221;no&#8221; single_padding=&#8221;2&#8243; single_border=&#8221;yes&#8221;][vc_custom_heading heading_semantic=&#8221;h5&#8243; text_size=&#8221;h3&#8243; text_align=&#8221;text-center&#8221; text_serif=&#8221;yes&#8221;]<strong>Descri\u00e7\u00e3o Geral do Projeto<\/strong>[\/vc_custom_heading][vc_column_text css=&#8221;.vc_custom_1618846476637{margin-top: 15px !important;}&#8221;]O projeto \u201cValgreen\u201d nasce da vontade e da inquieta\u00e7\u00e3o de continuar a formar futuros profissionais que se ocupar\u00e3o da gest\u00e3o sustent\u00e1vel\u00a0do meio ambiente, sobretudo nas zonas em que est\u00e3o a sofrer mais com o aquecimento global do planeta (e que se manifesta com a\u00a0desertifica\u00e7\u00e3o), e que, por conseguinte pode afectar o desenvolvimento das sociedades.<\/p>\n<p><strong>Como objetivos a perseguir, o projeto prop\u00f5e:<\/strong><\/p>\n<ol>\n<li>Contribuir para a forma\u00e7\u00e3o de futuros profissionais que ter\u00e3o incid\u00eancia na gest\u00e3o da desertifica\u00e7\u00e3o das zonas \u00e1ridas do sul da Europa;<\/li>\n<li>Propor aos centros educativos implicados no projeto, que sejam uma refer\u00eancia regional na gest\u00e3o e reprodu\u00e7\u00e3o de plantas aut\u00f3ctones e na refloresta\u00e7\u00e3o das zonas \u00e1ridas;<\/li>\n<li>Formar os alunos com um n\u00edvel de excel\u00eancia em compet\u00eancias profissionais, lingu\u00edsticas e pessoais;<\/li>\n<li>Introduzir no 1\u00ba ciclo de forma\u00e7\u00e3o de n\u00edvel secund\u00e1rio, a metodologia de aprendizagem por projetos a partir desta problem\u00e1tica ambiental;<\/li>\n<li>Familiarizar com a utiliza\u00e7\u00e3o das TIC\u2019s a n\u00edvel da cria\u00e7\u00e3o da informa\u00e7\u00e3o e da comunica\u00e7\u00e3o com os membros da parceria.<\/li>\n<li>Impulsionar a adapta\u00e7\u00e3o da forma\u00e7\u00e3o profissional \u00e1s novas tend\u00eancias europeias relacionadas com a economia verde, a efici\u00eancia na gest\u00e3o dos recursos naturais e na mitiga\u00e7\u00e3o das altera\u00e7\u00f5es clim\u00e1ticas;<\/li>\n<li>Melhorar os planos de estudo da forma\u00e7\u00e3o profissional, integrando melhorias focalizadas numa maior empregabilidade e auto-empregabilidade dos discentes.<\/li>\n<\/ol>\n<p>O projeto VALGREEN visa melhorar a forma\u00e7\u00e3o dos alunos e professores no dom\u00ednio da gest\u00e3o ambiental, lutando contra as altera\u00e7\u00f5es\u00a0clim\u00e1ticas, promovendo a economia verde e combater a desertifica\u00e7\u00e3o nas regi\u00f5es meridionais da Europa. Pretende-se refor\u00e7ar as\u00a0compet\u00eancias-chave dos alunos da forma\u00e7\u00e3o profissional atrav\u00e9s da experi\u00eancia do pr\u00f3prio projeto e do valor acrescentado que ir\u00e1 gerar\u00a0nos diferentes parceiros. O resultado final do projeto ir\u00e1 melhorar substancialmente a forma\u00e7\u00e3o no dom\u00ednio da gest\u00e3o florestal, com\u00a0repercuss\u00f5es na melhoria da empregabilidade dos alunos e at\u00e9 mesmo na cria\u00e7\u00e3o de novos postos de trabalho com base nos &#8220;empregos\u00a0verdes&#8221;.[\/vc_column_text][vc_row_inner row_inner_height_percent=&#8221;0&#8243; overlay_alpha=&#8221;50&#8243; gutter_size=&#8221;3&#8243; shift_y=&#8221;0&#8243; z_index=&#8221;0&#8243; el_id=&#8221;ing&#8221;][vc_column_inner column_width_percent=&#8221;100&#8243; gutter_size=&#8221;3&#8243; overlay_alpha=&#8221;50&#8243; shift_x=&#8221;0&#8243; shift_y=&#8221;0&#8243; z_index=&#8221;0&#8243; medium_width=&#8221;0&#8243; mobile_width=&#8221;0&#8243; width=&#8221;1\/1&#8243;][vc_separator][\/vc_column_inner][\/vc_row_inner][vc_custom_heading heading_semantic=&#8221;h5&#8243; text_size=&#8221;h3&#8243; text_align=&#8221;text-center&#8221; text_serif=&#8221;yes&#8221;]<strong>Grupo-alvo<\/strong>[\/vc_custom_heading][vc_column_text css=&#8221;.vc_custom_1618846488970{margin-top: 15px !important;}&#8221;]Professores e alunos.[\/vc_column_text][vc_row_inner row_inner_height_percent=&#8221;0&#8243; overlay_alpha=&#8221;50&#8243; gutter_size=&#8221;3&#8243; shift_y=&#8221;0&#8243; z_index=&#8221;0&#8243; el_id=&#8221;ing&#8221;][vc_column_inner column_width_percent=&#8221;100&#8243; gutter_size=&#8221;3&#8243; overlay_alpha=&#8221;50&#8243; shift_x=&#8221;0&#8243; shift_y=&#8221;0&#8243; z_index=&#8221;0&#8243; medium_width=&#8221;0&#8243; mobile_width=&#8221;0&#8243; width=&#8221;1\/1&#8243;][vc_separator][\/vc_column_inner][\/vc_row_inner][vc_custom_heading heading_semantic=&#8221;h5&#8243; text_size=&#8221;h3&#8243; text_align=&#8221;text-center&#8221; text_serif=&#8221;yes&#8221;]<strong>Atividades<\/strong>[\/vc_custom_heading][vc_column_text css=&#8221;.vc_custom_1618846537550{margin-top: 15px !important;}&#8221;]A metodologia do projeto ser\u00e1 baseada em &#8220;learning by doing&#8221;, pelo que foram planeadas atividades que compreender\u00e3o visitas de estudo,\u00a0workshops, sendo assim as principais componentes para a aquisi\u00e7\u00e3o do conhecimento. Para al\u00e9m disso, desde o in\u00edcio que as atividades\u00a0ser\u00e3o realizadas de uma forma cooperativa com a participa\u00e7\u00e3o de todos os parceiros, demonstrando o desejo e o seu comprometimento na\u00a0partilha de sinergias e na aprendizagem de uns com os outros.<\/p>\n<p><strong>As atividades previstas do projeto s\u00e3o:<\/strong><\/p>\n<p><strong>Reuni\u00f5es transnacionais do projeto:<\/strong><\/p>\n<ul>\n<li>Kick off Meeting em Ibi (Espa\u00f1a).<\/li>\n<li>Reuni\u00e3o de seguimento em Arcos de Valdevez (Portugal).<\/li>\n<li>Reuni\u00e3o de seguimento em Verona (Italia).<\/li>\n<li>Reuni\u00e3o final em Lefkosia (Chipre).<\/li>\n<\/ul>\n<p><strong>Actividades conjuntas de forma\u00e7\u00e3o de curta dura\u00e7\u00e3o de staff, que ser\u00e3o compostas por:<\/strong><\/p>\n<p>1) Forma\u00e7\u00e3o de professores em Chipre: 15 Participantes 15 (6 locais e 9 internacionais). Forma\u00e7\u00e3o pr\u00e1tica para formadores onde os\u00a0participantes ir\u00e3o adquirir conhecimentos te\u00f3ricos e pr\u00e1ticas sobre a gest\u00e3o ambiental.<\/p>\n<p>2) Forma\u00e7\u00e3o de professores em Portugal: 15 Participantes 15 (6 locais e 9 internacionais). Dado que a EPRALIMA \u00e9 uma entidade com\u00a0uma larga experi\u00eancia em gest\u00e3o de projetos europeus, a forma\u00e7\u00e3o ser\u00e1 focalizada em como tirar partido desta experi\u00eancia para se\u00a0promover a forma\u00e7\u00e3o profissional que esteja entrosada com as especificidades do territ\u00f3rio e em como focar a forma\u00e7\u00e3o profissional em\u00a0gest\u00e3o ambiental atrav\u00e9s do empreendedorismo.[\/vc_column_text][vc_row_inner row_inner_height_percent=&#8221;0&#8243; overlay_alpha=&#8221;50&#8243; gutter_size=&#8221;3&#8243; shift_y=&#8221;0&#8243; z_index=&#8221;0&#8243; el_id=&#8221;ing&#8221;][vc_column_inner column_width_percent=&#8221;100&#8243; gutter_size=&#8221;3&#8243; overlay_alpha=&#8221;50&#8243; shift_x=&#8221;0&#8243; shift_y=&#8221;0&#8243; z_index=&#8221;0&#8243; medium_width=&#8221;0&#8243; mobile_width=&#8221;0&#8243; width=&#8221;1\/1&#8243;][vc_separator][\/vc_column_inner][\/vc_row_inner][vc_custom_heading heading_semantic=&#8221;h5&#8243; text_size=&#8221;h3&#8243; text_align=&#8221;text-center&#8221; text_serif=&#8221;yes&#8221;]<strong>Parceria<\/strong>[\/vc_custom_heading][vc_column_text css=&#8221;.vc_custom_1618846554953{margin-top: 15px !important;}&#8221;]<\/p>\n<ul>\n<li>EPRALIMA_Escola Profissional do Alto Lima, Arcos de Valdevez( Portugal)<\/li>\n<li>Istituto Comprensivo Bartolomeo Lorenzi Fumane, Verona (It\u00e1lia)<\/li>\n<li>FREDERICK UNIVERSITY, LEFKOSIA (Chipre)<\/li>\n<\/ul>\n<p>[\/vc_column_text][vc_row_inner row_inner_height_percent=&#8221;0&#8243; overlay_alpha=&#8221;50&#8243; gutter_size=&#8221;3&#8243; shift_y=&#8221;0&#8243; z_index=&#8221;0&#8243; el_id=&#8221;ing&#8221;][vc_column_inner column_width_percent=&#8221;100&#8243; gutter_size=&#8221;3&#8243; overlay_alpha=&#8221;50&#8243; shift_x=&#8221;0&#8243; shift_y=&#8221;0&#8243; z_index=&#8221;0&#8243; medium_width=&#8221;0&#8243; mobile_width=&#8221;0&#8243; width=&#8221;1\/1&#8243;][vc_separator][\/vc_column_inner][\/vc_row_inner][vc_custom_heading heading_semantic=&#8221;h5&#8243; text_size=&#8221;h3&#8243; text_align=&#8221;text-center&#8221; text_serif=&#8221;yes&#8221; el_class=&#8221;info&#8221;]<strong>Mais Informa\u00e7\u00f5es<\/strong>[\/vc_custom_heading][vc_column_text css=&#8221;.vc_custom_1618846574875{margin-top: 15px !important;}&#8221;]<strong><a href=\"https:\/\/valgreen.europole.org\/\" target=\"_blank\" rel=\"noopener\">www.valgreen.europole.org<\/a><\/strong>[\/vc_column_text][\/vc_column][\/vc_row]<\/p>\n<\/div>","protected":false},"excerpt":{"rendered":"<p>[vc_row row_height_percent=&#8221;0&#8243; override_padding=&#8221;yes&#8221; h_padding=&#8221;0&#8243; top_padding=&#8221;3&#8243; bottom_padding=&#8221;3&#8243; overlay_alpha=&#8221;0&#8243; gutter_size=&#8221;100&#8243; shift_y=&#8221;0&#8243; style=&#8221;inherited&#8221;][vc_column column_width_percent=&#8221;100&#8243; position_horizontal=&#8221;left&#8221; gutter_size=&#8221;4&#8243; style=&#8221;light&#8221; overlay_alpha=&#8221;100&#8243; shift_x=&#8221;0&#8243; shift_y=&#8221;0&#8243; z_index=&#8221;0&#8243; medium_width=&#8221;0&#8243; zoom_width=&#8221;0&#8243; [&hellip;]<\/p>\n","protected":false},"author":1,"featured_media":89809,"parent":0,"menu_order":0,"comment_status":"open","ping_status":"open","template":"","meta":{"_acf_changed":false,"om_disable_all_campaigns":false,"_monsterinsights_skip_tracking":false,"_monsterinsights_sitenote_active":false,"_monsterinsights_sitenote_note":"","_monsterinsights_sitenote_category":0,"_uf_show_specific_survey":0,"_uf_disable_surveys":false,"footnotes":""},"portfolio_category":[120],"class_list":["post-89808","portfolio","type-portfolio","status-publish","has-post-thumbnail","hentry","portfolio_category-projetos-internacionais"],"acf":[],"aioseo_notices":[],"_links":{"self":[{"href":"https:\/\/www.epralima.com\/website\/wp-json\/wp\/v2\/portfolio\/89808","targetHints":{"allow":["GET"]}}],"collection":[{"href":"https:\/\/www.epralima.com\/website\/wp-json\/wp\/v2\/portfolio"}],"about":[{"href":"https:\/\/www.epralima.com\/website\/wp-json\/wp\/v2\/types\/portfolio"}],"author":[{"embeddable":true,"href":"https:\/\/www.epralima.com\/website\/wp-json\/wp\/v2\/users\/1"}],"replies":[{"embeddable":true,"href":"https:\/\/www.epralima.com\/website\/wp-json\/wp\/v2\/comments?post=89808"}],"version-history":[{"count":2,"href":"https:\/\/www.epralima.com\/website\/wp-json\/wp\/v2\/portfolio\/89808\/revisions"}],"predecessor-version":[{"id":90095,"href":"https:\/\/www.epralima.com\/website\/wp-json\/wp\/v2\/portfolio\/89808\/revisions\/90095"}],"wp:featuredmedia":[{"embeddable":true,"href":"https:\/\/www.epralima.com\/website\/wp-json\/wp\/v2\/media\/89809"}],"wp:attachment":[{"href":"https:\/\/www.epralima.com\/website\/wp-json\/wp\/v2\/media?parent=89808"}],"wp:term":[{"taxonomy":"portfolio_category","embeddable":true,"href":"https:\/\/www.epralima.com\/website\/wp-json\/wp\/v2\/portfolio_category?post=89808"}],"curies":[{"name":"wp","href":"https:\/\/api.w.org\/{rel}","templated":true}]}}

<div class="wpb-content-wrapper"><p>[vc_row row_height_percent=&#8221;0&#8243; override_padding=&#8221;yes&#8221; h_padding=&#8221;0&#8243; top_padding=&#8221;3&#8243; bottom_padding=&#8221;3&#8243; overlay_alpha=&#8221;0&#8243; gutter_size=&#8221;100&#8243; shift_y=&#8221;0&#8243; style=&#8221;inherited&#8221;][vc_column column_width_percent=&#8221;100&#8243; position_horizontal=&#8221;left&#8221; gutter_size=&#8221;4&#8243; style=&#8221;light&#8221; overlay_alpha=&#8221;100&#8243; shift_x=&#8221;0&#8243; shift_y=&#8221;0&#8243; z_index=&#8221;0&#8243; medium_width=&#8221;0&#8243; zoom_width=&#8221;0&#8243; zoom_height=&#8221;0&#8243; width=&#8221;1/1&#8243;][vc_gallery el_id=&#8221;gallery-749185&#8243; type=&#8221;carousel&#8221; medias=&#8221;89809&#8243; carousel_lg=&#8221;1&#8243; carousel_md=&#8221;1&#8243; carousel_sm=&#8221;1&#8243; thumb_size=&#8221;sixteen-nine&#8221; gutter_size=&#8221;0&#8243; media_items=&#8221;media|nolink|original,icon&#8221; carousel_type=&#8221;fade&#8221; carousel_interval=&#8221;5000&#8243; carousel_navspeed=&#8221;1000&#8243; carousel_loop=&#8221;yes&#8221; carousel_nav=&#8221;yes&#8221; carousel_dots=&#8221;yes&#8221; carousel_dots_inside=&#8221;yes&#8221; carousel_dot_padding=&#8221;2&#8243; stage_padding=&#8221;0&#8243; single_overlay_opacity=&#8221;50&#8243; single_overlay_anim=&#8221;no&#8221; single_text_anim=&#8221;no&#8221; single_image_anim=&#8221;no&#8221; single_padding=&#8221;2&#8243; single_border=&#8221;yes&#8221;][vc_custom_heading heading_semantic=&#8221;h5&#8243; text_size=&#8221;h3&#8243; text_align=&#8221;text-center&#8221; text_serif=&#8221;yes&#8221;]<strong>Descrição Geral do Projeto</strong>[/vc_custom_heading][vc_column_text css=&#8221;.vc_custom_1618846476637{margin-top: 15px !important;}&#8221;]O projeto “Valgreen” nasce da vontade e da inquietação de continuar a formar futuros profissionais que se ocuparão da gestão sustentável do meio ambiente, sobretudo nas zonas em que estão a sofrer mais com o aquecimento global do planeta (e que se manifesta com a desertificação), e que, por conseguinte pode afectar o desenvolvimento das sociedades.</p>
<p><strong>Como objetivos a perseguir, o projeto propõe:</strong></p>
<ol>
<li>Contribuir para a formação de futuros profissionais que terão incidência na gestão da desertificação das zonas áridas do sul da Europa;</li>
<li>Propor aos centros educativos implicados no projeto, que sejam uma referência regional na gestão e reprodução de plantas autóctones e na reflorestação das zonas áridas;</li>
<li>Formar os alunos com um nível de excelência em competências profissionais, linguísticas e pessoais;</li>
<li>Introduzir no 1º ciclo de formação de nível secundário, a metodologia de aprendizagem por projetos a partir desta problemática ambiental;</li>
<li>Familiarizar com a utilização das TIC’s a nível da criação da informação e da comunicação com os membros da parceria.</li>
<li>Impulsionar a adaptação da formação profissional ás novas tendências europeias relacionadas com a economia verde, a eficiência na gestão dos recursos naturais e na mitigação das alterações climáticas;</li>
<li>Melhorar os planos de estudo da formação profissional, integrando melhorias focalizadas numa maior empregabilidade e auto-empregabilidade dos discentes.</li>
</ol>
<p>O projeto VALGREEN visa melhorar a formação dos alunos e professores no domínio da gestão ambiental, lutando contra as alterações climáticas, promovendo a economia verde e combater a desertificação nas regiões meridionais da Europa. Pretende-se reforçar as competências-chave dos alunos da formação profissional através da experiência do próprio projeto e do valor acrescentado que irá gerar nos diferentes parceiros. O resultado final do projeto irá melhorar substancialmente a formação no domínio da gestão florestal, com repercussões na melhoria da empregabilidade dos alunos e até mesmo na criação de novos postos de trabalho com base nos &#8220;empregos verdes&#8221;.[/vc_column_text][vc_row_inner row_inner_height_percent=&#8221;0&#8243; overlay_alpha=&#8221;50&#8243; gutter_size=&#8221;3&#8243; shift_y=&#8221;0&#8243; z_index=&#8221;0&#8243; el_id=&#8221;ing&#8221;][vc_column_inner column_width_percent=&#8221;100&#8243; gutter_size=&#8221;3&#8243; overlay_alpha=&#8221;50&#8243; shift_x=&#8221;0&#8243; shift_y=&#8221;0&#8243; z_index=&#8221;0&#8243; medium_width=&#8221;0&#8243; mobile_width=&#8221;0&#8243; width=&#8221;1/1&#8243;][vc_separator][/vc_column_inner][/vc_row_inner][vc_custom_heading heading_semantic=&#8221;h5&#8243; text_size=&#8221;h3&#8243; text_align=&#8221;text-center&#8221; text_serif=&#8221;yes&#8221;]<strong>Grupo-alvo</strong>[/vc_custom_heading][vc_column_text css=&#8221;.vc_custom_1618846488970{margin-top: 15px !important;}&#8221;]Professores e alunos.[/vc_column_text][vc_row_inner row_inner_height_percent=&#8221;0&#8243; overlay_alpha=&#8221;50&#8243; gutter_size=&#8221;3&#8243; shift_y=&#8221;0&#8243; z_index=&#8221;0&#8243; el_id=&#8221;ing&#8221;][vc_column_inner column_width_percent=&#8221;100&#8243; gutter_size=&#8221;3&#8243; overlay_alpha=&#8221;50&#8243; shift_x=&#8221;0&#8243; shift_y=&#8221;0&#8243; z_index=&#8221;0&#8243; medium_width=&#8221;0&#8243; mobile_width=&#8221;0&#8243; width=&#8221;1/1&#8243;][vc_separator][/vc_column_inner][/vc_row_inner][vc_custom_heading heading_semantic=&#8221;h5&#8243; text_size=&#8221;h3&#8243; text_align=&#8221;text-center&#8221; text_serif=&#8221;yes&#8221;]<strong>Atividades</strong>[/vc_custom_heading][vc_column_text css=&#8221;.vc_custom_1618846537550{margin-top: 15px !important;}&#8221;]A metodologia do projeto será baseada em &#8220;learning by doing&#8221;, pelo que foram planeadas atividades que compreenderão visitas de estudo, workshops, sendo assim as principais componentes para a aquisição do conhecimento. Para além disso, desde o início que as atividades serão realizadas de uma forma cooperativa com a participação de todos os parceiros, demonstrando o desejo e o seu comprometimento na partilha de sinergias e na aprendizagem de uns com os outros.</p>
<p><strong>As atividades previstas do projeto são:</strong></p>
<p><strong>Reuniões transnacionais do projeto:</strong></p>
<ul>
<li>Kick off Meeting em Ibi (España).</li>
<li>Reunião de seguimento em Arcos de Valdevez (Portugal).</li>
<li>Reunião de seguimento em Verona (Italia).</li>
<li>Reunião final em Lefkosia (Chipre).</li>
</ul>
<p><strong>Actividades conjuntas de formação de curta duração de staff, que serão compostas por:</strong></p>
<p>1) Formação de professores em Chipre: 15 Participantes 15 (6 locais e 9 internacionais). Formação prática para formadores onde os participantes irão adquirir conhecimentos teóricos e práticas sobre a gestão ambiental.</p>
<p>2) Formação de professores em Portugal: 15 Participantes 15 (6 locais e 9 internacionais). Dado que a EPRALIMA é uma entidade com uma larga experiência em gestão de projetos europeus, a formação será focalizada em como tirar partido desta experiência para se promover a formação profissional que esteja entrosada com as especificidades do território e em como focar a formação profissional em gestão ambiental através do empreendedorismo.[/vc_column_text][vc_row_inner row_inner_height_percent=&#8221;0&#8243; overlay_alpha=&#8221;50&#8243; gutter_size=&#8221;3&#8243; shift_y=&#8221;0&#8243; z_index=&#8221;0&#8243; el_id=&#8221;ing&#8221;][vc_column_inner column_width_percent=&#8221;100&#8243; gutter_size=&#8221;3&#8243; overlay_alpha=&#8221;50&#8243; shift_x=&#8221;0&#8243; shift_y=&#8221;0&#8243; z_index=&#8221;0&#8243; medium_width=&#8221;0&#8243; mobile_width=&#8221;0&#8243; width=&#8221;1/1&#8243;][vc_separator][/vc_column_inner][/vc_row_inner][vc_custom_heading heading_semantic=&#8221;h5&#8243; text_size=&#8221;h3&#8243; text_align=&#8221;text-center&#8221; text_serif=&#8221;yes&#8221;]<strong>Parceria</strong>[/vc_custom_heading][vc_column_text css=&#8221;.vc_custom_1618846554953{margin-top: 15px !important;}&#8221;]</p>
<ul>
<li>EPRALIMA_Escola Profissional do Alto Lima, Arcos de Valdevez( Portugal)</li>
<li>Istituto Comprensivo Bartolomeo Lorenzi Fumane, Verona (Itália)</li>
<li>FREDERICK UNIVERSITY, LEFKOSIA (Chipre)</li>
</ul>
<p>[/vc_column_text][vc_row_inner row_inner_height_percent=&#8221;0&#8243; overlay_alpha=&#8221;50&#8243; gutter_size=&#8221;3&#8243; shift_y=&#8221;0&#8243; z_index=&#8221;0&#8243; el_id=&#8221;ing&#8221;][vc_column_inner column_width_percent=&#8221;100&#8243; gutter_size=&#8221;3&#8243; overlay_alpha=&#8221;50&#8243; shift_x=&#8221;0&#8243; shift_y=&#8221;0&#8243; z_index=&#8221;0&#8243; medium_width=&#8221;0&#8243; mobile_width=&#8221;0&#8243; width=&#8221;1/1&#8243;][vc_separator][/vc_column_inner][/vc_row_inner][vc_custom_heading heading_semantic=&#8221;h5&#8243; text_size=&#8221;h3&#8243; text_align=&#8221;text-center&#8221; text_serif=&#8221;yes&#8221; el_class=&#8221;info&#8221;]<strong>Mais Informações</strong>[/vc_custom_heading][vc_column_text css=&#8221;.vc_custom_1618846574875{margin-top: 15px !important;}&#8221;]<strong><a href="https://valgreen.europole.org/" target="_blank" rel="noopener">www.valgreen.europole.org</a></strong>[/vc_column_text][/vc_column][/vc_row]</p>
</div>
