{"id":89795,"date":"2021-03-19T14:40:39","date_gmt":"2021-03-19T14:40:39","guid":{"rendered":"http:\/\/epralima.com\/website\/?post_type=portfolio&#038;p=89795"},"modified":"2021-04-26T11:42:21","modified_gmt":"2021-04-26T11:42:21","slug":"teaching-for-innovation-and-creativity-in-schools","status":"publish","type":"portfolio","link":"https:\/\/www.epralima.com\/website\/portfolio\/teaching-for-innovation-and-creativity-in-schools\/","title":{"rendered":"TEACHing for Innovation and Creativity in Schools"},"content":{"rendered":"<div class=\"wpb-content-wrapper\"><p>[vc_row row_height_percent=&#8221;0&#8243; override_padding=&#8221;yes&#8221; h_padding=&#8221;0&#8243; top_padding=&#8221;3&#8243; bottom_padding=&#8221;3&#8243; overlay_alpha=&#8221;0&#8243; gutter_size=&#8221;100&#8243; shift_y=&#8221;0&#8243; style=&#8221;inherited&#8221;][vc_column column_width_percent=&#8221;100&#8243; position_horizontal=&#8221;left&#8221; gutter_size=&#8221;4&#8243; style=&#8221;light&#8221; overlay_alpha=&#8221;100&#8243; shift_x=&#8221;0&#8243; shift_y=&#8221;0&#8243; z_index=&#8221;0&#8243; medium_width=&#8221;0&#8243; zoom_width=&#8221;0&#8243; zoom_height=&#8221;0&#8243; width=&#8221;1\/1&#8243;][vc_gallery el_id=&#8221;gallery-749185&#8243; type=&#8221;carousel&#8221; medias=&#8221;89796&#8243; carousel_lg=&#8221;1&#8243; carousel_md=&#8221;1&#8243; carousel_sm=&#8221;1&#8243; thumb_size=&#8221;sixteen-nine&#8221; gutter_size=&#8221;0&#8243; media_items=&#8221;media|nolink|original,icon&#8221; carousel_type=&#8221;fade&#8221; carousel_interval=&#8221;5000&#8243; carousel_navspeed=&#8221;1000&#8243; carousel_loop=&#8221;yes&#8221; carousel_nav=&#8221;yes&#8221; carousel_dots=&#8221;yes&#8221; carousel_dots_inside=&#8221;yes&#8221; carousel_dot_padding=&#8221;2&#8243; stage_padding=&#8221;0&#8243; single_overlay_opacity=&#8221;50&#8243; single_overlay_anim=&#8221;no&#8221; single_text_anim=&#8221;no&#8221; single_image_anim=&#8221;no&#8221; single_padding=&#8221;2&#8243; single_border=&#8221;yes&#8221;][vc_custom_heading heading_semantic=&#8221;h5&#8243; text_size=&#8221;h3&#8243; text_align=&#8221;text-center&#8221; text_serif=&#8221;yes&#8221;]<strong>Descri\u00e7\u00e3o Geral do Projeto<\/strong>[\/vc_custom_heading][vc_column_text css=&#8221;.vc_custom_1618842958401{margin-top: 15px !important;}&#8221;]<\/p>\n<p style=\"font-weight: 400;\">O objetivo deste projeto \u00e9 dar resposta a um conjunto de necessidades diretamente relacionadas com as exig\u00eancias de moderniza\u00e7\u00e3o dos sistemas educativos na Europa, promovendo junto dos professores a import\u00e2ncia de incorporar a inova\u00e7\u00e3o e a criatividade no ensino.<\/p>\n<p style=\"font-weight: 400;\">A import\u00e2ncia da criatividade e da inova\u00e7\u00e3o na resposta \u00e0s crises econ\u00f3micas, ambientais e sociais tem sido reconhecida por todos. As pol\u00edticas recentes apelam ao refor\u00e7o da capacidade de inova\u00e7\u00e3o da Europa e ao desenvolvimento de uma economia e sociedade criativas e intensivas em conhecimento. A forma\u00e7\u00e3o e a educa\u00e7\u00e3o atuais n\u00e3o satisfazem as exig\u00eancias das organiza\u00e7\u00f5es e das empresas para os trabalhadores com capacidades inovadoras, de resolu\u00e7\u00e3o de problemas e de empreendedorismo.<\/p>\n<p style=\"font-weight: 400;\">Embora as autoridades educativas dos pa\u00edses participantes reconhe\u00e7am o papel da educa\u00e7\u00e3o e da forma\u00e7\u00e3o no tri\u00e2ngulo do conhecimento, falta dar o passo para realmente conceber e integrar a criatividade e a inova\u00e7\u00e3o nos curr\u00edculos escolares.<\/p>\n<ol>\n<li style=\"font-weight: 400;\"><strong>NECESSIDADE DE COMPET\u00caNCIAS-CHAVE SOBRE CRIATIVIDADE E INOVA\u00c7\u00c3O:<\/strong> A import\u00e2ncia da criatividade e da inova\u00e7\u00e3o na resposta \u00e0s crises econ\u00f3micas, ambientais e sociais tem sido reconhecida na Europa.<\/li>\n<li style=\"font-weight: 400;\"><strong>NECESSIDADE DE REDUZIR A TAXA DE ABANDONO ESCOLAR:<\/strong> A taxa de insucesso escolar entre os 18 e os 24 anos \u00e9 de 10,9% na UE, com pa\u00edses onde este n\u00famero duplica, por exemplo, Espanha, Chipre, Gr\u00e9cia e Turquia. As autoridades, institui\u00e7\u00f5es e escolas participantes reconhecem que preparar os alunos e motiv\u00e1-los para continuar a aprendizagem \u00e9 fundamental para reduzir as taxas de insucesso e aumentar o n\u00edvel de educa\u00e7\u00e3o.<\/li>\n<li style=\"font-weight: 400;\"><strong>NECESSIDADE DE REALIZAR UMA MUDAN\u00c7A NAS ESCOLAS E NOS PROFESSORES:<\/strong> as escolas t\u00eam o dever de proporcionar aos seus alunos uma educa\u00e7\u00e3o que lhes permita adaptar-se a um ambiente cada vez mais globalizado, competitivo, diversificado e complexo, onde a criatividade, a capacidade de inovar, um sentido de iniciativa, empreendedorismo e um compromisso para continuar aprendendo s\u00e3o t\u00e3o importantes quanto o conhecimento espec\u00edfico de um determinado assunto.<\/li>\n<\/ol>\n<p style=\"font-weight: 400;\">A abordagem TEACH INC acredita que \u00e9 poss\u00edvel mudar estas realidades, alterando a forma como os professores ensinam, dando-lhes as habilidades, t\u00e9cnicas e conhecimentos para incorporar a criatividade e a inova\u00e7\u00e3o nas suas aulas.<\/p>\n<p>[\/vc_column_text][vc_row_inner row_inner_height_percent=&#8221;0&#8243; overlay_alpha=&#8221;50&#8243; gutter_size=&#8221;3&#8243; shift_y=&#8221;0&#8243; z_index=&#8221;0&#8243; el_id=&#8221;ing&#8221;][vc_column_inner column_width_percent=&#8221;100&#8243; gutter_size=&#8221;3&#8243; overlay_alpha=&#8221;50&#8243; shift_x=&#8221;0&#8243; shift_y=&#8221;0&#8243; z_index=&#8221;0&#8243; medium_width=&#8221;0&#8243; mobile_width=&#8221;0&#8243; width=&#8221;1\/1&#8243;][vc_separator][\/vc_column_inner][\/vc_row_inner][vc_custom_heading heading_semantic=&#8221;h5&#8243; text_size=&#8221;h3&#8243; text_align=&#8221;text-center&#8221; text_serif=&#8221;yes&#8221;]<strong>Grupo-alvo<\/strong>[\/vc_custom_heading][vc_column_text css=&#8221;.vc_custom_1618842993741{margin-top: 15px !important;}&#8221;]<\/p>\n<ul>\n<li><strong>PROFESSORES DO ENSINO SECUND\u00c1RIO<\/strong> (incluindo futuros professores): principais usu\u00e1rios das t\u00e9cnicas e do aplicativo TEACH INC;<\/li>\n<li><strong>ESCOLAS SECUND\u00c1RIAS:<\/strong> as decis\u00f5es sobre a ado\u00e7\u00e3o de novos m\u00e9todos e instrumentos de aprendizagem s\u00e3o tomadas ao n\u00edvel das institui\u00e7\u00f5es de ensino;<\/li>\n<li><strong>INSTITUI\u00c7\u00d5ES e OUTRAS ORGANIZA\u00c7\u00d5ES DE ENSINO:<\/strong> a educa\u00e7\u00e3o atual dos futuros professores n\u00e3o os prepara para incorporar criatividade e inova\u00e7\u00e3o no ensino.<\/li>\n<\/ul>\n<p>[\/vc_column_text][vc_row_inner row_inner_height_percent=&#8221;0&#8243; overlay_alpha=&#8221;50&#8243; gutter_size=&#8221;3&#8243; shift_y=&#8221;0&#8243; z_index=&#8221;0&#8243; el_id=&#8221;ing&#8221;][vc_column_inner column_width_percent=&#8221;100&#8243; gutter_size=&#8221;3&#8243; overlay_alpha=&#8221;50&#8243; shift_x=&#8221;0&#8243; shift_y=&#8221;0&#8243; z_index=&#8221;0&#8243; medium_width=&#8221;0&#8243; mobile_width=&#8221;0&#8243; width=&#8221;1\/1&#8243;][vc_separator][\/vc_column_inner][\/vc_row_inner][vc_custom_heading heading_semantic=&#8221;h5&#8243; text_size=&#8221;h3&#8243; text_align=&#8221;text-center&#8221; text_serif=&#8221;yes&#8221;]<strong>Atividades<\/strong>[\/vc_custom_heading][vc_column_text css=&#8221;.vc_custom_1618843006083{margin-top: 15px !important;}&#8221;]O TEACH INC tem como objetivo identificar as necessidades acima mencionadas, proporcionando aos professores do ensino secund\u00e1rio conhecimento sobre t\u00e9cnicas e compet\u00eancias necess\u00e1rias para incorporar a inova\u00e7\u00e3o da criatividade nas suas atividades de ensino. Ao proporcionar-lhes essas t\u00e9cnicas, eles ser\u00e3o capazes de preparar melhor os seus alunos, para o mercado de trabalho e contribuir para a redu\u00e7\u00e3o do insucesso escolar. Para que isso aconte\u00e7a, o projeto desenvolver\u00e1 materiais e conte\u00fados de aprendizagem, com base nas necessidades dos professores e das escolas, entregues atrav\u00e9s do aplicativo\/plataforma TEACH INC e ambiente de aprendizagem, o que lhes permitir\u00e1 implementar abordagens de aprendizagem, que fomentem a criatividade e a inova\u00e7\u00e3o entre os seus alunos. Assim, como aumentar a aprendizagem interativa entre professores, alunos e colegas no ambiente escolar.[\/vc_column_text][vc_row_inner row_inner_height_percent=&#8221;0&#8243; overlay_alpha=&#8221;50&#8243; gutter_size=&#8221;3&#8243; shift_y=&#8221;0&#8243; z_index=&#8221;0&#8243; el_id=&#8221;ing&#8221;][vc_column_inner column_width_percent=&#8221;100&#8243; gutter_size=&#8221;3&#8243; overlay_alpha=&#8221;50&#8243; shift_x=&#8221;0&#8243; shift_y=&#8221;0&#8243; z_index=&#8221;0&#8243; medium_width=&#8221;0&#8243; mobile_width=&#8221;0&#8243; width=&#8221;1\/1&#8243;][vc_separator][\/vc_column_inner][\/vc_row_inner][vc_custom_heading heading_semantic=&#8221;h5&#8243; text_size=&#8221;h3&#8243; text_align=&#8221;text-center&#8221; text_serif=&#8221;yes&#8221;]<strong>Parceria<\/strong>[\/vc_custom_heading][vc_column_text css=&#8221;.vc_custom_1618843027149{margin-top: 15px !important;}&#8221;]<\/p>\n<ul>\n<li>EPRALIMA &#8211; Escola Profissional do Alto Lima, Arcos de Valdevez (Portugal);<\/li>\n<li>LIETUVOS EDUKOLOGIJOS UNIVERSITETAS, Vilnius (Litu\u00e2nia);<\/li>\n<li>X-PANEL LTD Cyprus, (Chipre);<\/li>\n<li>NOVOMATIX P.C Greece (Gr\u00e9cia);<\/li>\n<li>DOUKA EKPAIDEFTIRIA AE &#8211; PALLADION LYKEION EKFPAIDEUTHRIA DOUKA, (Gr\u00e9cia);<\/li>\n<li>EOLAS S.L. Spain, (Espanha);<\/li>\n<li>INSTITUTO DE ENSE\u00d1ANZA SECUNDARIA MIGUEL DUR\u00c1N Spain, (Espanha);<\/li>\n<li>UC LIMBURG Belgium (B\u00e9lgica);<\/li>\n<\/ul>\n<p>[\/vc_column_text][\/vc_column][\/vc_row]<\/p>\n<\/div>","protected":false},"excerpt":{"rendered":"<p>[vc_row row_height_percent=&#8221;0&#8243; override_padding=&#8221;yes&#8221; h_padding=&#8221;0&#8243; top_padding=&#8221;3&#8243; bottom_padding=&#8221;3&#8243; overlay_alpha=&#8221;0&#8243; gutter_size=&#8221;100&#8243; shift_y=&#8221;0&#8243; style=&#8221;inherited&#8221;][vc_column column_width_percent=&#8221;100&#8243; position_horizontal=&#8221;left&#8221; gutter_size=&#8221;4&#8243; style=&#8221;light&#8221; overlay_alpha=&#8221;100&#8243; shift_x=&#8221;0&#8243; shift_y=&#8221;0&#8243; z_index=&#8221;0&#8243; medium_width=&#8221;0&#8243; zoom_width=&#8221;0&#8243; [&hellip;]<\/p>\n","protected":false},"author":1,"featured_media":89796,"parent":0,"menu_order":0,"comment_status":"open","ping_status":"open","template":"","meta":{"_acf_changed":false,"om_disable_all_campaigns":false,"_monsterinsights_skip_tracking":false,"_monsterinsights_sitenote_active":false,"_monsterinsights_sitenote_note":"","_monsterinsights_sitenote_category":0,"_uf_show_specific_survey":0,"_uf_disable_surveys":false,"footnotes":""},"portfolio_category":[120],"class_list":["post-89795","portfolio","type-portfolio","status-publish","has-post-thumbnail","hentry","portfolio_category-projetos-internacionais"],"acf":[],"aioseo_notices":[],"_links":{"self":[{"href":"https:\/\/www.epralima.com\/website\/wp-json\/wp\/v2\/portfolio\/89795","targetHints":{"allow":["GET"]}}],"collection":[{"href":"https:\/\/www.epralima.com\/website\/wp-json\/wp\/v2\/portfolio"}],"about":[{"href":"https:\/\/www.epralima.com\/website\/wp-json\/wp\/v2\/types\/portfolio"}],"author":[{"embeddable":true,"href":"https:\/\/www.epralima.com\/website\/wp-json\/wp\/v2\/users\/1"}],"replies":[{"embeddable":true,"href":"https:\/\/www.epralima.com\/website\/wp-json\/wp\/v2\/comments?post=89795"}],"version-history":[{"count":2,"href":"https:\/\/www.epralima.com\/website\/wp-json\/wp\/v2\/portfolio\/89795\/revisions"}],"predecessor-version":[{"id":90100,"href":"https:\/\/www.epralima.com\/website\/wp-json\/wp\/v2\/portfolio\/89795\/revisions\/90100"}],"wp:featuredmedia":[{"embeddable":true,"href":"https:\/\/www.epralima.com\/website\/wp-json\/wp\/v2\/media\/89796"}],"wp:attachment":[{"href":"https:\/\/www.epralima.com\/website\/wp-json\/wp\/v2\/media?parent=89795"}],"wp:term":[{"taxonomy":"portfolio_category","embeddable":true,"href":"https:\/\/www.epralima.com\/website\/wp-json\/wp\/v2\/portfolio_category?post=89795"}],"curies":[{"name":"wp","href":"https:\/\/api.w.org\/{rel}","templated":true}]}}

<div class="wpb-content-wrapper"><p>[vc_row row_height_percent=&#8221;0&#8243; override_padding=&#8221;yes&#8221; h_padding=&#8221;0&#8243; top_padding=&#8221;3&#8243; bottom_padding=&#8221;3&#8243; overlay_alpha=&#8221;0&#8243; gutter_size=&#8221;100&#8243; shift_y=&#8221;0&#8243; style=&#8221;inherited&#8221;][vc_column column_width_percent=&#8221;100&#8243; position_horizontal=&#8221;left&#8221; gutter_size=&#8221;4&#8243; style=&#8221;light&#8221; overlay_alpha=&#8221;100&#8243; shift_x=&#8221;0&#8243; shift_y=&#8221;0&#8243; z_index=&#8221;0&#8243; medium_width=&#8221;0&#8243; zoom_width=&#8221;0&#8243; zoom_height=&#8221;0&#8243; width=&#8221;1/1&#8243;][vc_gallery el_id=&#8221;gallery-749185&#8243; type=&#8221;carousel&#8221; medias=&#8221;89796&#8243; carousel_lg=&#8221;1&#8243; carousel_md=&#8221;1&#8243; carousel_sm=&#8221;1&#8243; thumb_size=&#8221;sixteen-nine&#8221; gutter_size=&#8221;0&#8243; media_items=&#8221;media|nolink|original,icon&#8221; carousel_type=&#8221;fade&#8221; carousel_interval=&#8221;5000&#8243; carousel_navspeed=&#8221;1000&#8243; carousel_loop=&#8221;yes&#8221; carousel_nav=&#8221;yes&#8221; carousel_dots=&#8221;yes&#8221; carousel_dots_inside=&#8221;yes&#8221; carousel_dot_padding=&#8221;2&#8243; stage_padding=&#8221;0&#8243; single_overlay_opacity=&#8221;50&#8243; single_overlay_anim=&#8221;no&#8221; single_text_anim=&#8221;no&#8221; single_image_anim=&#8221;no&#8221; single_padding=&#8221;2&#8243; single_border=&#8221;yes&#8221;][vc_custom_heading heading_semantic=&#8221;h5&#8243; text_size=&#8221;h3&#8243; text_align=&#8221;text-center&#8221; text_serif=&#8221;yes&#8221;]<strong>Descrição Geral do Projeto</strong>[/vc_custom_heading][vc_column_text css=&#8221;.vc_custom_1618842958401{margin-top: 15px !important;}&#8221;]</p>
<p style="font-weight: 400;">O objetivo deste projeto é dar resposta a um conjunto de necessidades diretamente relacionadas com as exigências de modernização dos sistemas educativos na Europa, promovendo junto dos professores a importância de incorporar a inovação e a criatividade no ensino.</p>
<p style="font-weight: 400;">A importância da criatividade e da inovação na resposta às crises económicas, ambientais e sociais tem sido reconhecida por todos. As políticas recentes apelam ao reforço da capacidade de inovação da Europa e ao desenvolvimento de uma economia e sociedade criativas e intensivas em conhecimento. A formação e a educação atuais não satisfazem as exigências das organizações e das empresas para os trabalhadores com capacidades inovadoras, de resolução de problemas e de empreendedorismo.</p>
<p style="font-weight: 400;">Embora as autoridades educativas dos países participantes reconheçam o papel da educação e da formação no triângulo do conhecimento, falta dar o passo para realmente conceber e integrar a criatividade e a inovação nos currículos escolares.</p>
<ol>
<li style="font-weight: 400;"><strong>NECESSIDADE DE COMPETÊNCIAS-CHAVE SOBRE CRIATIVIDADE E INOVAÇÃO:</strong> A importância da criatividade e da inovação na resposta às crises económicas, ambientais e sociais tem sido reconhecida na Europa.</li>
<li style="font-weight: 400;"><strong>NECESSIDADE DE REDUZIR A TAXA DE ABANDONO ESCOLAR:</strong> A taxa de insucesso escolar entre os 18 e os 24 anos é de 10,9% na UE, com países onde este número duplica, por exemplo, Espanha, Chipre, Grécia e Turquia. As autoridades, instituições e escolas participantes reconhecem que preparar os alunos e motivá-los para continuar a aprendizagem é fundamental para reduzir as taxas de insucesso e aumentar o nível de educação.</li>
<li style="font-weight: 400;"><strong>NECESSIDADE DE REALIZAR UMA MUDANÇA NAS ESCOLAS E NOS PROFESSORES:</strong> as escolas têm o dever de proporcionar aos seus alunos uma educação que lhes permita adaptar-se a um ambiente cada vez mais globalizado, competitivo, diversificado e complexo, onde a criatividade, a capacidade de inovar, um sentido de iniciativa, empreendedorismo e um compromisso para continuar aprendendo são tão importantes quanto o conhecimento específico de um determinado assunto.</li>
</ol>
<p style="font-weight: 400;">A abordagem TEACH INC acredita que é possível mudar estas realidades, alterando a forma como os professores ensinam, dando-lhes as habilidades, técnicas e conhecimentos para incorporar a criatividade e a inovação nas suas aulas.</p>
<p>[/vc_column_text][vc_row_inner row_inner_height_percent=&#8221;0&#8243; overlay_alpha=&#8221;50&#8243; gutter_size=&#8221;3&#8243; shift_y=&#8221;0&#8243; z_index=&#8221;0&#8243; el_id=&#8221;ing&#8221;][vc_column_inner column_width_percent=&#8221;100&#8243; gutter_size=&#8221;3&#8243; overlay_alpha=&#8221;50&#8243; shift_x=&#8221;0&#8243; shift_y=&#8221;0&#8243; z_index=&#8221;0&#8243; medium_width=&#8221;0&#8243; mobile_width=&#8221;0&#8243; width=&#8221;1/1&#8243;][vc_separator][/vc_column_inner][/vc_row_inner][vc_custom_heading heading_semantic=&#8221;h5&#8243; text_size=&#8221;h3&#8243; text_align=&#8221;text-center&#8221; text_serif=&#8221;yes&#8221;]<strong>Grupo-alvo</strong>[/vc_custom_heading][vc_column_text css=&#8221;.vc_custom_1618842993741{margin-top: 15px !important;}&#8221;]</p>
<ul>
<li><strong>PROFESSORES DO ENSINO SECUNDÁRIO</strong> (incluindo futuros professores): principais usuários das técnicas e do aplicativo TEACH INC;</li>
<li><strong>ESCOLAS SECUNDÁRIAS:</strong> as decisões sobre a adoção de novos métodos e instrumentos de aprendizagem são tomadas ao nível das instituições de ensino;</li>
<li><strong>INSTITUIÇÕES e OUTRAS ORGANIZAÇÕES DE ENSINO:</strong> a educação atual dos futuros professores não os prepara para incorporar criatividade e inovação no ensino.</li>
</ul>
<p>[/vc_column_text][vc_row_inner row_inner_height_percent=&#8221;0&#8243; overlay_alpha=&#8221;50&#8243; gutter_size=&#8221;3&#8243; shift_y=&#8221;0&#8243; z_index=&#8221;0&#8243; el_id=&#8221;ing&#8221;][vc_column_inner column_width_percent=&#8221;100&#8243; gutter_size=&#8221;3&#8243; overlay_alpha=&#8221;50&#8243; shift_x=&#8221;0&#8243; shift_y=&#8221;0&#8243; z_index=&#8221;0&#8243; medium_width=&#8221;0&#8243; mobile_width=&#8221;0&#8243; width=&#8221;1/1&#8243;][vc_separator][/vc_column_inner][/vc_row_inner][vc_custom_heading heading_semantic=&#8221;h5&#8243; text_size=&#8221;h3&#8243; text_align=&#8221;text-center&#8221; text_serif=&#8221;yes&#8221;]<strong>Atividades</strong>[/vc_custom_heading][vc_column_text css=&#8221;.vc_custom_1618843006083{margin-top: 15px !important;}&#8221;]O TEACH INC tem como objetivo identificar as necessidades acima mencionadas, proporcionando aos professores do ensino secundário conhecimento sobre técnicas e competências necessárias para incorporar a inovação da criatividade nas suas atividades de ensino. Ao proporcionar-lhes essas técnicas, eles serão capazes de preparar melhor os seus alunos, para o mercado de trabalho e contribuir para a redução do insucesso escolar. Para que isso aconteça, o projeto desenvolverá materiais e conteúdos de aprendizagem, com base nas necessidades dos professores e das escolas, entregues através do aplicativo/plataforma TEACH INC e ambiente de aprendizagem, o que lhes permitirá implementar abordagens de aprendizagem, que fomentem a criatividade e a inovação entre os seus alunos. Assim, como aumentar a aprendizagem interativa entre professores, alunos e colegas no ambiente escolar.[/vc_column_text][vc_row_inner row_inner_height_percent=&#8221;0&#8243; overlay_alpha=&#8221;50&#8243; gutter_size=&#8221;3&#8243; shift_y=&#8221;0&#8243; z_index=&#8221;0&#8243; el_id=&#8221;ing&#8221;][vc_column_inner column_width_percent=&#8221;100&#8243; gutter_size=&#8221;3&#8243; overlay_alpha=&#8221;50&#8243; shift_x=&#8221;0&#8243; shift_y=&#8221;0&#8243; z_index=&#8221;0&#8243; medium_width=&#8221;0&#8243; mobile_width=&#8221;0&#8243; width=&#8221;1/1&#8243;][vc_separator][/vc_column_inner][/vc_row_inner][vc_custom_heading heading_semantic=&#8221;h5&#8243; text_size=&#8221;h3&#8243; text_align=&#8221;text-center&#8221; text_serif=&#8221;yes&#8221;]<strong>Parceria</strong>[/vc_custom_heading][vc_column_text css=&#8221;.vc_custom_1618843027149{margin-top: 15px !important;}&#8221;]</p>
<ul>
<li>EPRALIMA &#8211; Escola Profissional do Alto Lima, Arcos de Valdevez (Portugal);</li>
<li>LIETUVOS EDUKOLOGIJOS UNIVERSITETAS, Vilnius (Lituânia);</li>
<li>X-PANEL LTD Cyprus, (Chipre);</li>
<li>NOVOMATIX P.C Greece (Grécia);</li>
<li>DOUKA EKPAIDEFTIRIA AE &#8211; PALLADION LYKEION EKFPAIDEUTHRIA DOUKA, (Grécia);</li>
<li>EOLAS S.L. Spain, (Espanha);</li>
<li>INSTITUTO DE ENSEÑANZA SECUNDARIA MIGUEL DURÁN Spain, (Espanha);</li>
<li>UC LIMBURG Belgium (Bélgica);</li>
</ul>
<p>[/vc_column_text][/vc_column][/vc_row]</p>
</div>
