{"id":89779,"date":"2021-03-16T11:02:03","date_gmt":"2021-03-16T11:02:03","guid":{"rendered":"http:\/\/epralima.com\/website\/?post_type=portfolio&#038;p=89779"},"modified":"2021-04-26T11:44:53","modified_gmt":"2021-04-26T11:44:53","slug":"open-minded-generation","status":"publish","type":"portfolio","link":"https:\/\/www.epralima.com\/website\/portfolio\/open-minded-generation\/","title":{"rendered":"Open Minded Generation"},"content":{"rendered":"<div class=\"wpb-content-wrapper\"><p>[vc_row row_height_percent=&#8221;0&#8243; override_padding=&#8221;yes&#8221; h_padding=&#8221;0&#8243; top_padding=&#8221;3&#8243; bottom_padding=&#8221;3&#8243; overlay_alpha=&#8221;0&#8243; gutter_size=&#8221;100&#8243; shift_y=&#8221;0&#8243; style=&#8221;inherited&#8221;][vc_column column_width_percent=&#8221;100&#8243; position_horizontal=&#8221;left&#8221; gutter_size=&#8221;4&#8243; style=&#8221;light&#8221; overlay_alpha=&#8221;100&#8243; shift_x=&#8221;0&#8243; shift_y=&#8221;0&#8243; z_index=&#8221;0&#8243; medium_width=&#8221;0&#8243; zoom_width=&#8221;0&#8243; zoom_height=&#8221;0&#8243; width=&#8221;1\/1&#8243;][vc_gallery el_id=&#8221;gallery-749185&#8243; type=&#8221;carousel&#8221; medias=&#8221;89781&#8243; carousel_lg=&#8221;1&#8243; carousel_md=&#8221;1&#8243; carousel_sm=&#8221;1&#8243; thumb_size=&#8221;sixteen-nine&#8221; gutter_size=&#8221;0&#8243; media_items=&#8221;media|nolink|original,icon&#8221; carousel_type=&#8221;fade&#8221; carousel_interval=&#8221;5000&#8243; carousel_navspeed=&#8221;1000&#8243; carousel_loop=&#8221;yes&#8221; carousel_nav=&#8221;yes&#8221; carousel_dots=&#8221;yes&#8221; carousel_dots_inside=&#8221;yes&#8221; carousel_dot_padding=&#8221;2&#8243; stage_padding=&#8221;0&#8243; single_overlay_opacity=&#8221;50&#8243; single_overlay_anim=&#8221;no&#8221; single_text_anim=&#8221;no&#8221; single_image_anim=&#8221;no&#8221; single_padding=&#8221;2&#8243; single_border=&#8221;yes&#8221;][vc_custom_heading heading_semantic=&#8221;h5&#8243; text_size=&#8221;h3&#8243; text_align=&#8221;text-center&#8221; text_serif=&#8221;yes&#8221;]<strong>Descri\u00e7\u00e3o Geral do Projeto<\/strong>[\/vc_custom_heading][vc_column_text css=&#8221;.vc_custom_1618573311860{margin-top: 15px !important;}&#8221;]\u00c9 ineg\u00e1vel que as pessoas s\u00e3o diferentes e \u00fanicas. Assim, \u00e9 essencial identificar essas diferen\u00e7as e tentar entender uns aos outros, em todos os n\u00edveis, como indiv\u00edduos, localmente, nacionalmente e internacionalmente. \u00c9 atrav\u00e9s da compreens\u00e3o que vamos evitar comportamentos racistas inaceit\u00e1veis e o bullying. Ser \u00fanico e diferente torna o mundo colorido. Por isso vamos celebrar em vez de lutar. Vamos respeitar o amor e apoiarmo-nos uns aos outros para vivermos num mundo de paz e harmonia.<\/p>\n<p>O tema \u00e9 relevante no contexto internacional atual, mas \u00e9 crucial, uma vez que temos uma grande vaga de imigrantes. Turquia, Rom\u00e9nia, Gr\u00e9cia, Portugal e a Bulg\u00e1ria s\u00e3o pa\u00edses que tentam fazer face e encontrar solu\u00e7\u00f5es para os problemas que surgem devido \u00e0 imigra\u00e7\u00e3o. Os cinco pa\u00edses deste programa, todos eles a tentar encontrar uma sa\u00edda para os problemas atrav\u00e9s da aplica\u00e7\u00e3o de v\u00e1rios programas.[\/vc_column_text][vc_row_inner row_inner_height_percent=&#8221;0&#8243; overlay_alpha=&#8221;50&#8243; gutter_size=&#8221;3&#8243; shift_y=&#8221;0&#8243; z_index=&#8221;0&#8243; el_id=&#8221;ing&#8221;][vc_column_inner column_width_percent=&#8221;100&#8243; gutter_size=&#8221;3&#8243; overlay_alpha=&#8221;50&#8243; shift_x=&#8221;0&#8243; shift_y=&#8221;0&#8243; z_index=&#8221;0&#8243; medium_width=&#8221;0&#8243; mobile_width=&#8221;0&#8243; width=&#8221;1\/1&#8243;][vc_separator][\/vc_column_inner][\/vc_row_inner][vc_custom_heading heading_semantic=&#8221;h5&#8243; text_size=&#8221;h3&#8243; text_align=&#8221;text-center&#8221; text_serif=&#8221;yes&#8221;]<strong>Grupo-alvo<\/strong>[\/vc_custom_heading][vc_column_text css=&#8221;.vc_custom_1618573349674{margin-top: 15px !important;}&#8221;]<\/p>\n<ul>\n<li>Pretendemos envolver o maior n\u00famero poss\u00edvel de alunos, com idades compreendidas entre os 15 e os 18 anos, uma vez que a adolesc\u00eancia \u00e9 fundamental para desenvolver sentimentos negativos ao longo da vida em rela\u00e7\u00e3o a outras pessoas com base em pensamentos estereotipados e na discrimina\u00e7\u00e3o.<\/li>\n<li>Pretendemos tamb\u00e9m dirigir-nos aos professores das nossas escolas e a outros profissionais da escola e psic\u00f3logos que ajudar\u00e3o a usar e a aplicar os resultados localmente, e a torn\u00e1-los pr\u00e1ticas sempre duradouras.<\/li>\n<\/ul>\n<p>[\/vc_column_text][vc_row_inner row_inner_height_percent=&#8221;0&#8243; overlay_alpha=&#8221;50&#8243; gutter_size=&#8221;3&#8243; shift_y=&#8221;0&#8243; z_index=&#8221;0&#8243; el_id=&#8221;ing&#8221;][vc_column_inner column_width_percent=&#8221;100&#8243; gutter_size=&#8221;3&#8243; overlay_alpha=&#8221;50&#8243; shift_x=&#8221;0&#8243; shift_y=&#8221;0&#8243; z_index=&#8221;0&#8243; medium_width=&#8221;0&#8243; mobile_width=&#8221;0&#8243; width=&#8221;1\/1&#8243;][vc_separator][\/vc_column_inner][\/vc_row_inner][vc_custom_heading heading_semantic=&#8221;h5&#8243; text_size=&#8221;h3&#8243; text_align=&#8221;text-center&#8221; text_serif=&#8221;yes&#8221;]<strong>Objetivos<\/strong>[\/vc_custom_heading][vc_column_text css=&#8221;.vc_custom_1618573385138{margin-top: 15px !important;}&#8221;]<\/p>\n<ul>\n<li>Ensinar os alunos a respeitar os outros e a evitar a linguagem ou os comportamentos que geram \u00f3dio;<\/li>\n<li>Aumentar a sensibiliza\u00e7\u00e3o a n\u00edvel social e aumentar a toler\u00e2ncia em rela\u00e7\u00e3o aos imigrantes e refugiados<\/li>\n<li>Combater os estere\u00f3tipos &#8211; alargar os nossos conhecimentos sobre o saber-fazer relacionado com a abordagem das quest\u00f5es dos estere\u00f3tipos e da discrimina\u00e7\u00e3o nas escolas &#8211; incentivar os estudantes a tornarem-se membros ativos de uma sociedade onde os estere\u00f3tipos e a discrimina\u00e7\u00e3o s\u00e3o uma realidade, e o bullying n\u00e3o existem<\/li>\n<li>Refor\u00e7ar a rela\u00e7\u00e3o entre as escolas e as ONG locais que lidam com as mesmas quest\u00f5es<\/li>\n<\/ul>\n<p>[\/vc_column_text][vc_row_inner row_inner_height_percent=&#8221;0&#8243; overlay_alpha=&#8221;50&#8243; gutter_size=&#8221;3&#8243; shift_y=&#8221;0&#8243; z_index=&#8221;0&#8243; el_id=&#8221;ing&#8221;][vc_column_inner column_width_percent=&#8221;100&#8243; gutter_size=&#8221;3&#8243; overlay_alpha=&#8221;50&#8243; shift_x=&#8221;0&#8243; shift_y=&#8221;0&#8243; z_index=&#8221;0&#8243; medium_width=&#8221;0&#8243; mobile_width=&#8221;0&#8243; width=&#8221;1\/1&#8243;][vc_separator][\/vc_column_inner][\/vc_row_inner][vc_custom_heading heading_semantic=&#8221;h5&#8243; text_size=&#8221;h3&#8243; text_align=&#8221;text-center&#8221; text_serif=&#8221;yes&#8221;]<strong>Atividades<\/strong>[\/vc_custom_heading][vc_column_text css=&#8221;.vc_custom_1618573455665{margin-top: 15px !important;}&#8221;]<strong>Iremos realizar interc\u00e2mbio, onde pretendemos ter grupos de 2 professores e 6 alunos:<\/strong><\/p>\n<ul>\n<li><strong>C1-<\/strong> O nosso principal objetivo \u00e9 ampliar o projeto e planear como agir;<\/li>\n<li><strong>C2-<\/strong> Estere\u00f3tipos e discrimina\u00e7\u00e3o: estere\u00f3tipos baseados em nacionalidades, v\u00e1rias formas de discrimina\u00e7\u00e3o; os efeitos da discrimina\u00e7\u00e3o, como a xenofobia e a homofobia;<\/li>\n<li><strong>C3-<\/strong> Equidade baseada no g\u00e9nero e na ra\u00e7a: estudar os efeitos dos estere\u00f3tipos de g\u00e9nero e ra\u00e7a comuns e tentar encontrar formas de os combater;<\/li>\n<li><strong>C4-<\/strong> Equidade religiosa: Identificar estere\u00f3tipos comuns que se relacionam com cren\u00e7as religiosas;<\/li>\n<li><strong>C5-<\/strong> Estere\u00f3tipos e discrimina\u00e7\u00e3o na comunidade escolar: como lidamos e encontramos solu\u00e7\u00f5es.<\/li>\n<\/ul>\n<p>[\/vc_column_text][vc_row_inner row_inner_height_percent=&#8221;0&#8243; overlay_alpha=&#8221;50&#8243; gutter_size=&#8221;3&#8243; shift_y=&#8221;0&#8243; z_index=&#8221;0&#8243; el_id=&#8221;ing&#8221;][vc_column_inner column_width_percent=&#8221;100&#8243; gutter_size=&#8221;3&#8243; overlay_alpha=&#8221;50&#8243; shift_x=&#8221;0&#8243; shift_y=&#8221;0&#8243; z_index=&#8221;0&#8243; medium_width=&#8221;0&#8243; mobile_width=&#8221;0&#8243; width=&#8221;1\/1&#8243;][vc_separator][\/vc_column_inner][\/vc_row_inner][vc_custom_heading heading_semantic=&#8221;h5&#8243; text_size=&#8221;h3&#8243; text_align=&#8221;text-center&#8221; text_serif=&#8221;yes&#8221;]<strong>Parceria<\/strong>[\/vc_custom_heading][vc_column_text css=&#8221;.vc_custom_1618573495685{margin-top: 15px !important;}&#8221;]<\/p>\n<ul>\n<li>1st Epaggelmatiko Lykeio Dramas, Gr\u00e9cia;<\/li>\n<li>Specialized Secondary school of Natural Sciences and Maths &#8221; Acad. Prof. Dr.Asen Zlatarov&#8221;, Bulg\u00e1ria;<\/li>\n<li>Colegiul National de Informatica Matei Basarab, Rom\u00e9nia;<\/li>\n<li>EPRALIMA_Escola Profissional do Alto Lima, Arcos de Valdevez, Portugal<\/li>\n<li>Cahit Zarifoglu Anadolu Imam Hatip Lisesi, Turquia;<\/li>\n<\/ul>\n<p>[\/vc_column_text][\/vc_column][\/vc_row]<\/p>\n<\/div>","protected":false},"excerpt":{"rendered":"<p>[vc_row row_height_percent=&#8221;0&#8243; override_padding=&#8221;yes&#8221; h_padding=&#8221;0&#8243; top_padding=&#8221;3&#8243; bottom_padding=&#8221;3&#8243; overlay_alpha=&#8221;0&#8243; gutter_size=&#8221;100&#8243; shift_y=&#8221;0&#8243; style=&#8221;inherited&#8221;][vc_column column_width_percent=&#8221;100&#8243; position_horizontal=&#8221;left&#8221; gutter_size=&#8221;4&#8243; style=&#8221;light&#8221; overlay_alpha=&#8221;100&#8243; shift_x=&#8221;0&#8243; shift_y=&#8221;0&#8243; z_index=&#8221;0&#8243; medium_width=&#8221;0&#8243; zoom_width=&#8221;0&#8243; [&hellip;]<\/p>\n","protected":false},"author":1,"featured_media":89781,"parent":0,"menu_order":0,"comment_status":"open","ping_status":"open","template":"","meta":{"_acf_changed":false,"om_disable_all_campaigns":false,"_monsterinsights_skip_tracking":false,"_monsterinsights_sitenote_active":false,"_monsterinsights_sitenote_note":"","_monsterinsights_sitenote_category":0,"_uf_show_specific_survey":0,"_uf_disable_surveys":false,"footnotes":""},"portfolio_category":[120],"class_list":["post-89779","portfolio","type-portfolio","status-publish","has-post-thumbnail","hentry","portfolio_category-projetos-internacionais"],"acf":[],"aioseo_notices":[],"_links":{"self":[{"href":"https:\/\/www.epralima.com\/website\/wp-json\/wp\/v2\/portfolio\/89779","targetHints":{"allow":["GET"]}}],"collection":[{"href":"https:\/\/www.epralima.com\/website\/wp-json\/wp\/v2\/portfolio"}],"about":[{"href":"https:\/\/www.epralima.com\/website\/wp-json\/wp\/v2\/types\/portfolio"}],"author":[{"embeddable":true,"href":"https:\/\/www.epralima.com\/website\/wp-json\/wp\/v2\/users\/1"}],"replies":[{"embeddable":true,"href":"https:\/\/www.epralima.com\/website\/wp-json\/wp\/v2\/comments?post=89779"}],"version-history":[{"count":4,"href":"https:\/\/www.epralima.com\/website\/wp-json\/wp\/v2\/portfolio\/89779\/revisions"}],"predecessor-version":[{"id":90104,"href":"https:\/\/www.epralima.com\/website\/wp-json\/wp\/v2\/portfolio\/89779\/revisions\/90104"}],"wp:featuredmedia":[{"embeddable":true,"href":"https:\/\/www.epralima.com\/website\/wp-json\/wp\/v2\/media\/89781"}],"wp:attachment":[{"href":"https:\/\/www.epralima.com\/website\/wp-json\/wp\/v2\/media?parent=89779"}],"wp:term":[{"taxonomy":"portfolio_category","embeddable":true,"href":"https:\/\/www.epralima.com\/website\/wp-json\/wp\/v2\/portfolio_category?post=89779"}],"curies":[{"name":"wp","href":"https:\/\/api.w.org\/{rel}","templated":true}]}}

<div class="wpb-content-wrapper"><p>[vc_row row_height_percent=&#8221;0&#8243; override_padding=&#8221;yes&#8221; h_padding=&#8221;0&#8243; top_padding=&#8221;3&#8243; bottom_padding=&#8221;3&#8243; overlay_alpha=&#8221;0&#8243; gutter_size=&#8221;100&#8243; shift_y=&#8221;0&#8243; style=&#8221;inherited&#8221;][vc_column column_width_percent=&#8221;100&#8243; position_horizontal=&#8221;left&#8221; gutter_size=&#8221;4&#8243; style=&#8221;light&#8221; overlay_alpha=&#8221;100&#8243; shift_x=&#8221;0&#8243; shift_y=&#8221;0&#8243; z_index=&#8221;0&#8243; medium_width=&#8221;0&#8243; zoom_width=&#8221;0&#8243; zoom_height=&#8221;0&#8243; width=&#8221;1/1&#8243;][vc_gallery el_id=&#8221;gallery-749185&#8243; type=&#8221;carousel&#8221; medias=&#8221;89781&#8243; carousel_lg=&#8221;1&#8243; carousel_md=&#8221;1&#8243; carousel_sm=&#8221;1&#8243; thumb_size=&#8221;sixteen-nine&#8221; gutter_size=&#8221;0&#8243; media_items=&#8221;media|nolink|original,icon&#8221; carousel_type=&#8221;fade&#8221; carousel_interval=&#8221;5000&#8243; carousel_navspeed=&#8221;1000&#8243; carousel_loop=&#8221;yes&#8221; carousel_nav=&#8221;yes&#8221; carousel_dots=&#8221;yes&#8221; carousel_dots_inside=&#8221;yes&#8221; carousel_dot_padding=&#8221;2&#8243; stage_padding=&#8221;0&#8243; single_overlay_opacity=&#8221;50&#8243; single_overlay_anim=&#8221;no&#8221; single_text_anim=&#8221;no&#8221; single_image_anim=&#8221;no&#8221; single_padding=&#8221;2&#8243; single_border=&#8221;yes&#8221;][vc_custom_heading heading_semantic=&#8221;h5&#8243; text_size=&#8221;h3&#8243; text_align=&#8221;text-center&#8221; text_serif=&#8221;yes&#8221;]<strong>Descrição Geral do Projeto</strong>[/vc_custom_heading][vc_column_text css=&#8221;.vc_custom_1618573311860{margin-top: 15px !important;}&#8221;]É inegável que as pessoas são diferentes e únicas. Assim, é essencial identificar essas diferenças e tentar entender uns aos outros, em todos os níveis, como indivíduos, localmente, nacionalmente e internacionalmente. É através da compreensão que vamos evitar comportamentos racistas inaceitáveis e o bullying. Ser único e diferente torna o mundo colorido. Por isso vamos celebrar em vez de lutar. Vamos respeitar o amor e apoiarmo-nos uns aos outros para vivermos num mundo de paz e harmonia.</p>
<p>O tema é relevante no contexto internacional atual, mas é crucial, uma vez que temos uma grande vaga de imigrantes. Turquia, Roménia, Grécia, Portugal e a Bulgária são países que tentam fazer face e encontrar soluções para os problemas que surgem devido à imigração. Os cinco países deste programa, todos eles a tentar encontrar uma saída para os problemas através da aplicação de vários programas.[/vc_column_text][vc_row_inner row_inner_height_percent=&#8221;0&#8243; overlay_alpha=&#8221;50&#8243; gutter_size=&#8221;3&#8243; shift_y=&#8221;0&#8243; z_index=&#8221;0&#8243; el_id=&#8221;ing&#8221;][vc_column_inner column_width_percent=&#8221;100&#8243; gutter_size=&#8221;3&#8243; overlay_alpha=&#8221;50&#8243; shift_x=&#8221;0&#8243; shift_y=&#8221;0&#8243; z_index=&#8221;0&#8243; medium_width=&#8221;0&#8243; mobile_width=&#8221;0&#8243; width=&#8221;1/1&#8243;][vc_separator][/vc_column_inner][/vc_row_inner][vc_custom_heading heading_semantic=&#8221;h5&#8243; text_size=&#8221;h3&#8243; text_align=&#8221;text-center&#8221; text_serif=&#8221;yes&#8221;]<strong>Grupo-alvo</strong>[/vc_custom_heading][vc_column_text css=&#8221;.vc_custom_1618573349674{margin-top: 15px !important;}&#8221;]</p>
<ul>
<li>Pretendemos envolver o maior número possível de alunos, com idades compreendidas entre os 15 e os 18 anos, uma vez que a adolescência é fundamental para desenvolver sentimentos negativos ao longo da vida em relação a outras pessoas com base em pensamentos estereotipados e na discriminação.</li>
<li>Pretendemos também dirigir-nos aos professores das nossas escolas e a outros profissionais da escola e psicólogos que ajudarão a usar e a aplicar os resultados localmente, e a torná-los práticas sempre duradouras.</li>
</ul>
<p>[/vc_column_text][vc_row_inner row_inner_height_percent=&#8221;0&#8243; overlay_alpha=&#8221;50&#8243; gutter_size=&#8221;3&#8243; shift_y=&#8221;0&#8243; z_index=&#8221;0&#8243; el_id=&#8221;ing&#8221;][vc_column_inner column_width_percent=&#8221;100&#8243; gutter_size=&#8221;3&#8243; overlay_alpha=&#8221;50&#8243; shift_x=&#8221;0&#8243; shift_y=&#8221;0&#8243; z_index=&#8221;0&#8243; medium_width=&#8221;0&#8243; mobile_width=&#8221;0&#8243; width=&#8221;1/1&#8243;][vc_separator][/vc_column_inner][/vc_row_inner][vc_custom_heading heading_semantic=&#8221;h5&#8243; text_size=&#8221;h3&#8243; text_align=&#8221;text-center&#8221; text_serif=&#8221;yes&#8221;]<strong>Objetivos</strong>[/vc_custom_heading][vc_column_text css=&#8221;.vc_custom_1618573385138{margin-top: 15px !important;}&#8221;]</p>
<ul>
<li>Ensinar os alunos a respeitar os outros e a evitar a linguagem ou os comportamentos que geram ódio;</li>
<li>Aumentar a sensibilização a nível social e aumentar a tolerância em relação aos imigrantes e refugiados</li>
<li>Combater os estereótipos &#8211; alargar os nossos conhecimentos sobre o saber-fazer relacionado com a abordagem das questões dos estereótipos e da discriminação nas escolas &#8211; incentivar os estudantes a tornarem-se membros ativos de uma sociedade onde os estereótipos e a discriminação são uma realidade, e o bullying não existem</li>
<li>Reforçar a relação entre as escolas e as ONG locais que lidam com as mesmas questões</li>
</ul>
<p>[/vc_column_text][vc_row_inner row_inner_height_percent=&#8221;0&#8243; overlay_alpha=&#8221;50&#8243; gutter_size=&#8221;3&#8243; shift_y=&#8221;0&#8243; z_index=&#8221;0&#8243; el_id=&#8221;ing&#8221;][vc_column_inner column_width_percent=&#8221;100&#8243; gutter_size=&#8221;3&#8243; overlay_alpha=&#8221;50&#8243; shift_x=&#8221;0&#8243; shift_y=&#8221;0&#8243; z_index=&#8221;0&#8243; medium_width=&#8221;0&#8243; mobile_width=&#8221;0&#8243; width=&#8221;1/1&#8243;][vc_separator][/vc_column_inner][/vc_row_inner][vc_custom_heading heading_semantic=&#8221;h5&#8243; text_size=&#8221;h3&#8243; text_align=&#8221;text-center&#8221; text_serif=&#8221;yes&#8221;]<strong>Atividades</strong>[/vc_custom_heading][vc_column_text css=&#8221;.vc_custom_1618573455665{margin-top: 15px !important;}&#8221;]<strong>Iremos realizar intercâmbio, onde pretendemos ter grupos de 2 professores e 6 alunos:</strong></p>
<ul>
<li><strong>C1-</strong> O nosso principal objetivo é ampliar o projeto e planear como agir;</li>
<li><strong>C2-</strong> Estereótipos e discriminação: estereótipos baseados em nacionalidades, várias formas de discriminação; os efeitos da discriminação, como a xenofobia e a homofobia;</li>
<li><strong>C3-</strong> Equidade baseada no género e na raça: estudar os efeitos dos estereótipos de género e raça comuns e tentar encontrar formas de os combater;</li>
<li><strong>C4-</strong> Equidade religiosa: Identificar estereótipos comuns que se relacionam com crenças religiosas;</li>
<li><strong>C5-</strong> Estereótipos e discriminação na comunidade escolar: como lidamos e encontramos soluções.</li>
</ul>
<p>[/vc_column_text][vc_row_inner row_inner_height_percent=&#8221;0&#8243; overlay_alpha=&#8221;50&#8243; gutter_size=&#8221;3&#8243; shift_y=&#8221;0&#8243; z_index=&#8221;0&#8243; el_id=&#8221;ing&#8221;][vc_column_inner column_width_percent=&#8221;100&#8243; gutter_size=&#8221;3&#8243; overlay_alpha=&#8221;50&#8243; shift_x=&#8221;0&#8243; shift_y=&#8221;0&#8243; z_index=&#8221;0&#8243; medium_width=&#8221;0&#8243; mobile_width=&#8221;0&#8243; width=&#8221;1/1&#8243;][vc_separator][/vc_column_inner][/vc_row_inner][vc_custom_heading heading_semantic=&#8221;h5&#8243; text_size=&#8221;h3&#8243; text_align=&#8221;text-center&#8221; text_serif=&#8221;yes&#8221;]<strong>Parceria</strong>[/vc_custom_heading][vc_column_text css=&#8221;.vc_custom_1618573495685{margin-top: 15px !important;}&#8221;]</p>
<ul>
<li>1st Epaggelmatiko Lykeio Dramas, Grécia;</li>
<li>Specialized Secondary school of Natural Sciences and Maths &#8221; Acad. Prof. Dr.Asen Zlatarov&#8221;, Bulgária;</li>
<li>Colegiul National de Informatica Matei Basarab, Roménia;</li>
<li>EPRALIMA_Escola Profissional do Alto Lima, Arcos de Valdevez, Portugal</li>
<li>Cahit Zarifoglu Anadolu Imam Hatip Lisesi, Turquia;</li>
</ul>
<p>[/vc_column_text][/vc_column][/vc_row]</p>
</div>
