{"id":89766,"date":"2021-03-16T09:30:28","date_gmt":"2021-03-16T09:30:28","guid":{"rendered":"http:\/\/epralima.com\/website\/?post_type=portfolio&#038;p=89766"},"modified":"2021-04-26T11:51:27","modified_gmt":"2021-04-26T11:51:27","slug":"big-lent-languages-for-european-niche-tourism","status":"publish","type":"portfolio","link":"https:\/\/www.epralima.com\/website\/portfolio\/big-lent-languages-for-european-niche-tourism\/","title":{"rendered":"BIG LENT Languages for European Niche Tourism"},"content":{"rendered":"<div class=\"wpb-content-wrapper\"><p>[vc_row row_height_percent=&#8221;0&#8243; override_padding=&#8221;yes&#8221; h_padding=&#8221;0&#8243; top_padding=&#8221;3&#8243; bottom_padding=&#8221;3&#8243; overlay_alpha=&#8221;0&#8243; gutter_size=&#8221;100&#8243; shift_y=&#8221;0&#8243; style=&#8221;inherited&#8221;][vc_column column_width_percent=&#8221;100&#8243; position_horizontal=&#8221;left&#8221; gutter_size=&#8221;4&#8243; style=&#8221;light&#8221; overlay_alpha=&#8221;100&#8243; shift_x=&#8221;0&#8243; shift_y=&#8221;0&#8243; z_index=&#8221;0&#8243; medium_width=&#8221;0&#8243; zoom_width=&#8221;0&#8243; zoom_height=&#8221;0&#8243; width=&#8221;1\/1&#8243;][vc_gallery el_id=&#8221;gallery-749185&#8243; type=&#8221;carousel&#8221; medias=&#8221;89767&#8243; carousel_lg=&#8221;1&#8243; carousel_md=&#8221;1&#8243; carousel_sm=&#8221;1&#8243; thumb_size=&#8221;sixteen-nine&#8221; gutter_size=&#8221;0&#8243; media_items=&#8221;media|nolink|original,icon&#8221; carousel_type=&#8221;fade&#8221; carousel_interval=&#8221;5000&#8243; carousel_navspeed=&#8221;1000&#8243; carousel_loop=&#8221;yes&#8221; carousel_nav=&#8221;yes&#8221; carousel_dots=&#8221;yes&#8221; carousel_dots_inside=&#8221;yes&#8221; carousel_dot_padding=&#8221;2&#8243; stage_padding=&#8221;0&#8243; single_overlay_opacity=&#8221;50&#8243; single_overlay_anim=&#8221;no&#8221; single_text_anim=&#8221;no&#8221; single_image_anim=&#8221;no&#8221; single_padding=&#8221;2&#8243; single_border=&#8221;yes&#8221;][vc_custom_heading heading_semantic=&#8221;h5&#8243; text_size=&#8221;h3&#8243; text_align=&#8221;text-center&#8221; text_serif=&#8221;yes&#8221;]<strong>Descri\u00e7\u00e3o Geral do Projeto<\/strong>[\/vc_custom_heading][vc_column_text css=&#8221;.vc_custom_1618565237408{margin-top: 15px !important;}&#8221;]<\/p>\n<blockquote><p><strong>Se eu estiver vendendo para voc\u00ea, ent\u00e3o eu falo a sua l\u00edngua, aber wenn du mir etwas verkauft, dann musst du Deutsch Sprechen &#8211; <\/strong><span style=\"font-family: -apple-system, BlinkMacSystemFont, 'Segoe UI', Roboto, Oxygen-Sans, Ubuntu, Cantarell, 'Helvetica Neue', sans-serif;\">Willy Brandt<\/span><\/p><\/blockquote>\n<p>Na UE, vender para visitantes, \u00e9 vital falar l\u00ednguas diversas e \u00e9 tamb\u00e9m desafiador. Fazer crescer o turismo na UE \u00e9 um dos principais objetivos, pois \u00e9 o terceiro maior setor, o qual emprega 17 milh\u00f5es de pessoas. A comunica\u00e7\u00e3o da Comiss\u00e3o Europeia &#8220;A Europa, o primeiro destino tur\u00edstico do mundo &#8211; um novo quadro pol\u00edtico para o turismo na Europa&#8221; (COM (2010) 352) foi adotada em 2010. Exige uma abordagem coordenada para as iniciativas ligadas ao turismo e definiu um novo quadro de a\u00e7\u00e3o para aumentar a competitividade do turismo e a sua capacidade de crescimento sustent\u00e1vel. Entre as prioridades identificadas destacam-se: estimular a competitividade; promover sustentabilidade e Turismo respons\u00e1vel e maximizar o potencial das pol\u00edticas da UE para o desenvolvimento do turismo.<br \/>\n(https:\/\/ec.europa.eu\/eurostat\/ documents \/ 3217494\/5786365 \/ KS-HA-14-001-09-PT.PDF \/ ab13a585-7d5f- 403e-9e4a-5ef8131851e0)<\/p>\n<p>O projeto responder\u00e1 diretamente a essas prioridades. As compet\u00eancias lingu\u00edsticas potenciam o desenvolvimento do com\u00e9rcio, mas as PM enfrentam barreiras e oportunidades perdidas<\/p>\n<p><strong>A raz\u00e3o de ser deste projeto \u00e9, portanto, o grande benef\u00edcio econ\u00f3mico que pode ser obtido pelas PMEs no setor de turismo da UE, ao falarem melhor os idiomas dos seus clientes:<br \/>\n<\/strong><\/p>\n<ol>\n<li>As PME precisam oferecer mais l\u00ednguas da UE e dos pa\u00edses n\u00e3o comunit\u00e1rios UE<\/li>\n<li>Muitos trabalhadores precisam de apoio para come\u00e7ar com a aprendizagem de l\u00ednguas<\/li>\n<li>Os vocabul\u00e1rios aprendidos precisam de ser adaptados aos crescentes setores de nicho do turismo<\/li>\n<li>Os idiomas s\u00e3o necess\u00e1rios para explorar o crescimento da realiza\u00e7\u00e3o de reservas pela internet e sites de classifica\u00e7\u00e3o na internet<\/li>\n<li>A tecnologia torna a aprendizagem das l\u00ednguas centrada no aluno e \u00e9 mais f\u00e1cil de aceder.<\/li>\n<\/ol>\n<p>Este projeto apoia a Agenda Digital para a Europa: &#8220;Aprendizagem funcional de l\u00ednguas para que os empres\u00e1rios possam utilizar cada vez mais a tecnologia para as comunica\u00e7\u00f5es empresariais&#8221;.<br \/>\nO British Council sugere que a solu\u00e7\u00e3o de linguagem \u00e9 a aquisi\u00e7\u00e3o de um vocabul\u00e1rio de 1000 palavras para incentivar os indiv\u00edduos a come\u00e7arem. Isso traz um grande n\u00famero de alunos no processo que, de outra forma, seria assustador. Iremos desenvolver um recurso educacional aberto (OER) que oferecer\u00e1 1000 palavras principais e especializadas em 14 idiomas: \u00e1rabe, japon\u00eas, russo, hindi, mandarim, portugu\u00eas, italiano, alem\u00e3o, franc\u00eas, ingl\u00eas, espanhol, croata, grego e turco.<\/p>\n<p>O aplicativo de idioma \u00e9 completamente flex\u00edvel, permitindo que qualquer l\u00edngua seja traduzida para o outra. Cada um ir\u00e1 abranger a linguagem b\u00e1sica (do dia a dia) e espec\u00edfica do setor (especialista \/ nicho), em formatos escrito e de \u00e1udio. O formato permitir\u00e1 o download r\u00e1pido tanto do PC quanto do telefone.[\/vc_column_text][vc_row_inner row_inner_height_percent=&#8221;0&#8243; overlay_alpha=&#8221;50&#8243; gutter_size=&#8221;3&#8243; shift_y=&#8221;0&#8243; z_index=&#8221;0&#8243; el_id=&#8221;ing&#8221;][vc_column_inner column_width_percent=&#8221;100&#8243; gutter_size=&#8221;3&#8243; overlay_alpha=&#8221;50&#8243; shift_x=&#8221;0&#8243; shift_y=&#8221;0&#8243; z_index=&#8221;0&#8243; medium_width=&#8221;0&#8243; mobile_width=&#8221;0&#8243; width=&#8221;1\/1&#8243;][vc_separator][\/vc_column_inner][\/vc_row_inner][vc_custom_heading heading_semantic=&#8221;h5&#8243; text_size=&#8221;h3&#8243; text_align=&#8221;text-center&#8221; text_serif=&#8221;yes&#8221;]<strong>Grupo-alvo<\/strong>[\/vc_custom_heading][vc_column_text css=&#8221;.vc_custom_1618565117394{margin-top: 15px !important;}&#8221;]<\/p>\n<ul>\n<li>Empres\u00e1rios de turismo na UE que desejam melhorar as suas aptid\u00f5es lingu\u00edsticas<\/li>\n<li>Trabalhadores \/ indiv\u00edduos que desejam aumentar as aptid\u00f5es lingu\u00edsticas<\/li>\n<li>Entidades de ensino e forma\u00e7\u00e3o profissional cujas abordagens que utilizam, podem ser complementadas com o aplicativo<\/li>\n<\/ul>\n<p>[\/vc_column_text][vc_row_inner row_inner_height_percent=&#8221;0&#8243; overlay_alpha=&#8221;50&#8243; gutter_size=&#8221;3&#8243; shift_y=&#8221;0&#8243; z_index=&#8221;0&#8243; el_id=&#8221;ing&#8221;][vc_column_inner column_width_percent=&#8221;100&#8243; gutter_size=&#8221;3&#8243; overlay_alpha=&#8221;50&#8243; shift_x=&#8221;0&#8243; shift_y=&#8221;0&#8243; z_index=&#8221;0&#8243; medium_width=&#8221;0&#8243; mobile_width=&#8221;0&#8243; width=&#8221;1\/1&#8243;][vc_separator][\/vc_column_inner][\/vc_row_inner][vc_custom_heading heading_semantic=&#8221;h5&#8243; text_size=&#8221;h3&#8243; text_align=&#8221;text-center&#8221; text_serif=&#8221;yes&#8221;]<strong>Atividades<\/strong>[\/vc_custom_heading][vc_column_text css=&#8221;.vc_custom_1618565184933{margin-top: 15px !important;}&#8221;]As atividades est\u00e3o agrupadas nos seguintes workpackages:<\/p>\n<ul>\n<li><strong>WP A1 &#8211;<\/strong> Gest\u00e3o de projeto<\/li>\n<li><strong>WP A2 &#8211;<\/strong> Investiga\u00e7\u00e3o e testes iniciais sobre as l\u00ednguas principais;<\/li>\n<li><strong>WP A3 &#8211;<\/strong> Investiga\u00e7\u00e3o e An\u00e1lise de linguagem especializada;<\/li>\n<li><strong>WP A4 &#8211;<\/strong> Desenvolvimento do aplicativo de idioma e testes iniciais;<\/li>\n<li><strong>WP A5 &#8211;<\/strong> Tradu\u00e7\u00e3o e transfer\u00eancia da l\u00edngua;<\/li>\n<li><strong>WP A6 &#8211;<\/strong> Teste sectorial e testagem de transferibilidade;<\/li>\n<li><strong>WP A7 &#8211;<\/strong> Teste do impacto e avalia\u00e7\u00e3o;<\/li>\n<li><strong>WP A8 &#8211;<\/strong> Aperfei\u00e7oamento pedag\u00f3gico e metodol\u00f3gico;<\/li>\n<li><strong>WP A9 &#8211;<\/strong> Garantia da qualidade e dissemina\u00e7\u00e3o.<\/li>\n<\/ul>\n<p>[\/vc_column_text][vc_row_inner row_inner_height_percent=&#8221;0&#8243; overlay_alpha=&#8221;50&#8243; gutter_size=&#8221;3&#8243; shift_y=&#8221;0&#8243; z_index=&#8221;0&#8243; el_id=&#8221;ing&#8221;][vc_column_inner column_width_percent=&#8221;100&#8243; gutter_size=&#8221;3&#8243; overlay_alpha=&#8221;50&#8243; shift_x=&#8221;0&#8243; shift_y=&#8221;0&#8243; z_index=&#8221;0&#8243; medium_width=&#8221;0&#8243; mobile_width=&#8221;0&#8243; width=&#8221;1\/1&#8243;][vc_separator][\/vc_column_inner][\/vc_row_inner][vc_custom_heading heading_semantic=&#8221;h5&#8243; text_size=&#8221;h3&#8243; text_align=&#8221;text-center&#8221; text_serif=&#8221;yes&#8221;]<strong>Parceria<\/strong>[\/vc_custom_heading][vc_column_text css=&#8221;.vc_custom_1618565205007{margin-top: 15px !important;}&#8221;]<\/p>\n<ul>\n<li>EPRALIMA_Escola Profissional do Alto Lima;<\/li>\n<li>Comparative Research Network (Berlim, Alemanha)<\/li>\n<li>RLN (UK) Ltd (Newmarket, Reino Unido)<\/li>\n<li>Europe for Diversity Culture and Coexistence (Shania, Gr\u00e9cia)<\/li>\n<li>Izmir Katip Celebi Universitesi (Cigli, Turquia)<\/li>\n<li>MINE VAGANTI NGO (Perfugas,It\u00e1lia)<\/li>\n<li>Alos Centro Europeo de Idiomas, S.L (Val\u00eancia,Espanha)<\/li>\n<\/ul>\n<p>[\/vc_column_text][\/vc_column][\/vc_row]<\/p>\n<\/div>","protected":false},"excerpt":{"rendered":"<p>[vc_row row_height_percent=&#8221;0&#8243; override_padding=&#8221;yes&#8221; h_padding=&#8221;0&#8243; top_padding=&#8221;3&#8243; bottom_padding=&#8221;3&#8243; overlay_alpha=&#8221;0&#8243; gutter_size=&#8221;100&#8243; shift_y=&#8221;0&#8243; style=&#8221;inherited&#8221;][vc_column column_width_percent=&#8221;100&#8243; position_horizontal=&#8221;left&#8221; gutter_size=&#8221;4&#8243; style=&#8221;light&#8221; overlay_alpha=&#8221;100&#8243; shift_x=&#8221;0&#8243; shift_y=&#8221;0&#8243; z_index=&#8221;0&#8243; medium_width=&#8221;0&#8243; zoom_width=&#8221;0&#8243; [&hellip;]<\/p>\n","protected":false},"author":1,"featured_media":89767,"parent":0,"menu_order":0,"comment_status":"open","ping_status":"open","template":"","meta":{"_acf_changed":false,"om_disable_all_campaigns":false,"_monsterinsights_skip_tracking":false,"_monsterinsights_sitenote_active":false,"_monsterinsights_sitenote_note":"","_monsterinsights_sitenote_category":0,"_uf_show_specific_survey":0,"_uf_disable_surveys":false,"footnotes":""},"portfolio_category":[120],"class_list":["post-89766","portfolio","type-portfolio","status-publish","has-post-thumbnail","hentry","portfolio_category-projetos-internacionais"],"acf":[],"aioseo_notices":[],"_links":{"self":[{"href":"https:\/\/www.epralima.com\/website\/wp-json\/wp\/v2\/portfolio\/89766","targetHints":{"allow":["GET"]}}],"collection":[{"href":"https:\/\/www.epralima.com\/website\/wp-json\/wp\/v2\/portfolio"}],"about":[{"href":"https:\/\/www.epralima.com\/website\/wp-json\/wp\/v2\/types\/portfolio"}],"author":[{"embeddable":true,"href":"https:\/\/www.epralima.com\/website\/wp-json\/wp\/v2\/users\/1"}],"replies":[{"embeddable":true,"href":"https:\/\/www.epralima.com\/website\/wp-json\/wp\/v2\/comments?post=89766"}],"version-history":[{"count":2,"href":"https:\/\/www.epralima.com\/website\/wp-json\/wp\/v2\/portfolio\/89766\/revisions"}],"predecessor-version":[{"id":90109,"href":"https:\/\/www.epralima.com\/website\/wp-json\/wp\/v2\/portfolio\/89766\/revisions\/90109"}],"wp:featuredmedia":[{"embeddable":true,"href":"https:\/\/www.epralima.com\/website\/wp-json\/wp\/v2\/media\/89767"}],"wp:attachment":[{"href":"https:\/\/www.epralima.com\/website\/wp-json\/wp\/v2\/media?parent=89766"}],"wp:term":[{"taxonomy":"portfolio_category","embeddable":true,"href":"https:\/\/www.epralima.com\/website\/wp-json\/wp\/v2\/portfolio_category?post=89766"}],"curies":[{"name":"wp","href":"https:\/\/api.w.org\/{rel}","templated":true}]}}

<div class="wpb-content-wrapper"><p>[vc_row row_height_percent=&#8221;0&#8243; override_padding=&#8221;yes&#8221; h_padding=&#8221;0&#8243; top_padding=&#8221;3&#8243; bottom_padding=&#8221;3&#8243; overlay_alpha=&#8221;0&#8243; gutter_size=&#8221;100&#8243; shift_y=&#8221;0&#8243; style=&#8221;inherited&#8221;][vc_column column_width_percent=&#8221;100&#8243; position_horizontal=&#8221;left&#8221; gutter_size=&#8221;4&#8243; style=&#8221;light&#8221; overlay_alpha=&#8221;100&#8243; shift_x=&#8221;0&#8243; shift_y=&#8221;0&#8243; z_index=&#8221;0&#8243; medium_width=&#8221;0&#8243; zoom_width=&#8221;0&#8243; zoom_height=&#8221;0&#8243; width=&#8221;1/1&#8243;][vc_gallery el_id=&#8221;gallery-749185&#8243; type=&#8221;carousel&#8221; medias=&#8221;89767&#8243; carousel_lg=&#8221;1&#8243; carousel_md=&#8221;1&#8243; carousel_sm=&#8221;1&#8243; thumb_size=&#8221;sixteen-nine&#8221; gutter_size=&#8221;0&#8243; media_items=&#8221;media|nolink|original,icon&#8221; carousel_type=&#8221;fade&#8221; carousel_interval=&#8221;5000&#8243; carousel_navspeed=&#8221;1000&#8243; carousel_loop=&#8221;yes&#8221; carousel_nav=&#8221;yes&#8221; carousel_dots=&#8221;yes&#8221; carousel_dots_inside=&#8221;yes&#8221; carousel_dot_padding=&#8221;2&#8243; stage_padding=&#8221;0&#8243; single_overlay_opacity=&#8221;50&#8243; single_overlay_anim=&#8221;no&#8221; single_text_anim=&#8221;no&#8221; single_image_anim=&#8221;no&#8221; single_padding=&#8221;2&#8243; single_border=&#8221;yes&#8221;][vc_custom_heading heading_semantic=&#8221;h5&#8243; text_size=&#8221;h3&#8243; text_align=&#8221;text-center&#8221; text_serif=&#8221;yes&#8221;]<strong>Descrição Geral do Projeto</strong>[/vc_custom_heading][vc_column_text css=&#8221;.vc_custom_1618565237408{margin-top: 15px !important;}&#8221;]</p>
<blockquote><p><strong>Se eu estiver vendendo para você, então eu falo a sua língua, aber wenn du mir etwas verkauft, dann musst du Deutsch Sprechen &#8211; </strong><span style="font-family: -apple-system, BlinkMacSystemFont, 'Segoe UI', Roboto, Oxygen-Sans, Ubuntu, Cantarell, 'Helvetica Neue', sans-serif;">Willy Brandt</span></p></blockquote>
<p>Na UE, vender para visitantes, é vital falar línguas diversas e é também desafiador. Fazer crescer o turismo na UE é um dos principais objetivos, pois é o terceiro maior setor, o qual emprega 17 milhões de pessoas. A comunicação da Comissão Europeia &#8220;A Europa, o primeiro destino turístico do mundo &#8211; um novo quadro político para o turismo na Europa&#8221; (COM (2010) 352) foi adotada em 2010. Exige uma abordagem coordenada para as iniciativas ligadas ao turismo e definiu um novo quadro de ação para aumentar a competitividade do turismo e a sua capacidade de crescimento sustentável. Entre as prioridades identificadas destacam-se: estimular a competitividade; promover sustentabilidade e Turismo responsável e maximizar o potencial das políticas da UE para o desenvolvimento do turismo.<br />
(https://ec.europa.eu/eurostat/ documents / 3217494/5786365 / KS-HA-14-001-09-PT.PDF / ab13a585-7d5f- 403e-9e4a-5ef8131851e0)</p>
<p>O projeto responderá diretamente a essas prioridades. As competências linguísticas potenciam o desenvolvimento do comércio, mas as PM enfrentam barreiras e oportunidades perdidas</p>
<p><strong>A razão de ser deste projeto é, portanto, o grande benefício económico que pode ser obtido pelas PMEs no setor de turismo da UE, ao falarem melhor os idiomas dos seus clientes:<br />
</strong></p>
<ol>
<li>As PME precisam oferecer mais línguas da UE e dos países não comunitários UE</li>
<li>Muitos trabalhadores precisam de apoio para começar com a aprendizagem de línguas</li>
<li>Os vocabulários aprendidos precisam de ser adaptados aos crescentes setores de nicho do turismo</li>
<li>Os idiomas são necessários para explorar o crescimento da realização de reservas pela internet e sites de classificação na internet</li>
<li>A tecnologia torna a aprendizagem das línguas centrada no aluno e é mais fácil de aceder.</li>
</ol>
<p>Este projeto apoia a Agenda Digital para a Europa: &#8220;Aprendizagem funcional de línguas para que os empresários possam utilizar cada vez mais a tecnologia para as comunicações empresariais&#8221;.<br />
O British Council sugere que a solução de linguagem é a aquisição de um vocabulário de 1000 palavras para incentivar os indivíduos a começarem. Isso traz um grande número de alunos no processo que, de outra forma, seria assustador. Iremos desenvolver um recurso educacional aberto (OER) que oferecerá 1000 palavras principais e especializadas em 14 idiomas: árabe, japonês, russo, hindi, mandarim, português, italiano, alemão, francês, inglês, espanhol, croata, grego e turco.</p>
<p>O aplicativo de idioma é completamente flexível, permitindo que qualquer língua seja traduzida para o outra. Cada um irá abranger a linguagem básica (do dia a dia) e específica do setor (especialista / nicho), em formatos escrito e de áudio. O formato permitirá o download rápido tanto do PC quanto do telefone.[/vc_column_text][vc_row_inner row_inner_height_percent=&#8221;0&#8243; overlay_alpha=&#8221;50&#8243; gutter_size=&#8221;3&#8243; shift_y=&#8221;0&#8243; z_index=&#8221;0&#8243; el_id=&#8221;ing&#8221;][vc_column_inner column_width_percent=&#8221;100&#8243; gutter_size=&#8221;3&#8243; overlay_alpha=&#8221;50&#8243; shift_x=&#8221;0&#8243; shift_y=&#8221;0&#8243; z_index=&#8221;0&#8243; medium_width=&#8221;0&#8243; mobile_width=&#8221;0&#8243; width=&#8221;1/1&#8243;][vc_separator][/vc_column_inner][/vc_row_inner][vc_custom_heading heading_semantic=&#8221;h5&#8243; text_size=&#8221;h3&#8243; text_align=&#8221;text-center&#8221; text_serif=&#8221;yes&#8221;]<strong>Grupo-alvo</strong>[/vc_custom_heading][vc_column_text css=&#8221;.vc_custom_1618565117394{margin-top: 15px !important;}&#8221;]</p>
<ul>
<li>Empresários de turismo na UE que desejam melhorar as suas aptidões linguísticas</li>
<li>Trabalhadores / indivíduos que desejam aumentar as aptidões linguísticas</li>
<li>Entidades de ensino e formação profissional cujas abordagens que utilizam, podem ser complementadas com o aplicativo</li>
</ul>
<p>[/vc_column_text][vc_row_inner row_inner_height_percent=&#8221;0&#8243; overlay_alpha=&#8221;50&#8243; gutter_size=&#8221;3&#8243; shift_y=&#8221;0&#8243; z_index=&#8221;0&#8243; el_id=&#8221;ing&#8221;][vc_column_inner column_width_percent=&#8221;100&#8243; gutter_size=&#8221;3&#8243; overlay_alpha=&#8221;50&#8243; shift_x=&#8221;0&#8243; shift_y=&#8221;0&#8243; z_index=&#8221;0&#8243; medium_width=&#8221;0&#8243; mobile_width=&#8221;0&#8243; width=&#8221;1/1&#8243;][vc_separator][/vc_column_inner][/vc_row_inner][vc_custom_heading heading_semantic=&#8221;h5&#8243; text_size=&#8221;h3&#8243; text_align=&#8221;text-center&#8221; text_serif=&#8221;yes&#8221;]<strong>Atividades</strong>[/vc_custom_heading][vc_column_text css=&#8221;.vc_custom_1618565184933{margin-top: 15px !important;}&#8221;]As atividades estão agrupadas nos seguintes workpackages:</p>
<ul>
<li><strong>WP A1 &#8211;</strong> Gestão de projeto</li>
<li><strong>WP A2 &#8211;</strong> Investigação e testes iniciais sobre as línguas principais;</li>
<li><strong>WP A3 &#8211;</strong> Investigação e Análise de linguagem especializada;</li>
<li><strong>WP A4 &#8211;</strong> Desenvolvimento do aplicativo de idioma e testes iniciais;</li>
<li><strong>WP A5 &#8211;</strong> Tradução e transferência da língua;</li>
<li><strong>WP A6 &#8211;</strong> Teste sectorial e testagem de transferibilidade;</li>
<li><strong>WP A7 &#8211;</strong> Teste do impacto e avaliação;</li>
<li><strong>WP A8 &#8211;</strong> Aperfeiçoamento pedagógico e metodológico;</li>
<li><strong>WP A9 &#8211;</strong> Garantia da qualidade e disseminação.</li>
</ul>
<p>[/vc_column_text][vc_row_inner row_inner_height_percent=&#8221;0&#8243; overlay_alpha=&#8221;50&#8243; gutter_size=&#8221;3&#8243; shift_y=&#8221;0&#8243; z_index=&#8221;0&#8243; el_id=&#8221;ing&#8221;][vc_column_inner column_width_percent=&#8221;100&#8243; gutter_size=&#8221;3&#8243; overlay_alpha=&#8221;50&#8243; shift_x=&#8221;0&#8243; shift_y=&#8221;0&#8243; z_index=&#8221;0&#8243; medium_width=&#8221;0&#8243; mobile_width=&#8221;0&#8243; width=&#8221;1/1&#8243;][vc_separator][/vc_column_inner][/vc_row_inner][vc_custom_heading heading_semantic=&#8221;h5&#8243; text_size=&#8221;h3&#8243; text_align=&#8221;text-center&#8221; text_serif=&#8221;yes&#8221;]<strong>Parceria</strong>[/vc_custom_heading][vc_column_text css=&#8221;.vc_custom_1618565205007{margin-top: 15px !important;}&#8221;]</p>
<ul>
<li>EPRALIMA_Escola Profissional do Alto Lima;</li>
<li>Comparative Research Network (Berlim, Alemanha)</li>
<li>RLN (UK) Ltd (Newmarket, Reino Unido)</li>
<li>Europe for Diversity Culture and Coexistence (Shania, Grécia)</li>
<li>Izmir Katip Celebi Universitesi (Cigli, Turquia)</li>
<li>MINE VAGANTI NGO (Perfugas,Itália)</li>
<li>Alos Centro Europeo de Idiomas, S.L (Valência,Espanha)</li>
</ul>
<p>[/vc_column_text][/vc_column][/vc_row]</p>
</div>
