{"id":89727,"date":"2021-03-14T17:08:44","date_gmt":"2021-03-14T17:08:44","guid":{"rendered":"http:\/\/epralima.com\/website\/?post_type=portfolio&#038;p=89727"},"modified":"2021-04-26T11:56:58","modified_gmt":"2021-04-26T11:56:58","slug":"ctrlaltenterprise","status":"publish","type":"portfolio","link":"https:\/\/www.epralima.com\/website\/portfolio\/ctrlaltenterprise\/","title":{"rendered":"Ctrl+Alt+EnterPrise"},"content":{"rendered":"<div class=\"wpb-content-wrapper\"><p>[vc_row row_height_percent=&#8221;0&#8243; override_padding=&#8221;yes&#8221; h_padding=&#8221;0&#8243; top_padding=&#8221;3&#8243; bottom_padding=&#8221;3&#8243; overlay_alpha=&#8221;0&#8243; gutter_size=&#8221;100&#8243; shift_y=&#8221;0&#8243; style=&#8221;inherited&#8221;][vc_column column_width_percent=&#8221;100&#8243; position_horizontal=&#8221;left&#8221; gutter_size=&#8221;4&#8243; style=&#8221;light&#8221; overlay_alpha=&#8221;100&#8243; shift_x=&#8221;0&#8243; shift_y=&#8221;0&#8243; z_index=&#8221;0&#8243; medium_width=&#8221;0&#8243; zoom_width=&#8221;0&#8243; zoom_height=&#8221;0&#8243; width=&#8221;1\/1&#8243;][vc_gallery el_id=&#8221;gallery-749185&#8243; type=&#8221;carousel&#8221; medias=&#8221;89626&#8243; carousel_lg=&#8221;1&#8243; carousel_md=&#8221;1&#8243; carousel_sm=&#8221;1&#8243; thumb_size=&#8221;sixteen-nine&#8221; gutter_size=&#8221;0&#8243; media_items=&#8221;media|nolink|original,icon&#8221; carousel_type=&#8221;fade&#8221; carousel_interval=&#8221;5000&#8243; carousel_navspeed=&#8221;1000&#8243; carousel_loop=&#8221;yes&#8221; carousel_nav=&#8221;yes&#8221; carousel_dots=&#8221;yes&#8221; carousel_dots_inside=&#8221;yes&#8221; carousel_dot_padding=&#8221;2&#8243; stage_padding=&#8221;0&#8243; single_overlay_opacity=&#8221;50&#8243; single_overlay_anim=&#8221;no&#8221; single_text_anim=&#8221;no&#8221; single_image_anim=&#8221;no&#8221; single_padding=&#8221;2&#8243; single_border=&#8221;yes&#8221;][vc_custom_heading heading_semantic=&#8221;h5&#8243; text_size=&#8221;h3&#8243; text_align=&#8221;text-center&#8221; text_serif=&#8221;yes&#8221;]<strong>Descri\u00e7\u00e3o Geral do Projeto<\/strong>[\/vc_custom_heading][vc_column_text css=&#8221;.vc_custom_1618419942168{margin-top: 15px !important;}&#8221;]Tendo como objetivo geral, contribuir para a melhoria e moderniza\u00e7\u00e3o das pol\u00edticas, estrat\u00e9gias e medidas em mat\u00e9ria de forma\u00e7\u00e3o para a inclus\u00e3o social e laboral das pessoas desfavorecidas, o\u00a0 projeto promover\u00e1\u00a0 a cria\u00e7\u00e3o de redes e recursos, institucionais, profissionais e territoriais, atrav\u00e9s de uma estrat\u00e9gia que inclui:<\/p>\n<ol>\n<li>A implementa\u00e7\u00e3o de cursos de forma\u00e7\u00e3o e de apoio ao auto-emprego das pessoas desfavorecidas pelos servi\u00e7os locais que t\u00eam como \u00e1rea de atua\u00e7\u00e3o a inclus\u00e3o social e o emprego;<\/li>\n<li>A operacionaliza\u00e7\u00e3o de instrumentos de acompanhamento para facilitar o acesso ao financiamento para o arranque de projetos de empreendedorismo por pessoas desfavorecidas.<\/li>\n<\/ol>\n<p>[\/vc_column_text][vc_row_inner row_inner_height_percent=&#8221;0&#8243; overlay_alpha=&#8221;50&#8243; gutter_size=&#8221;3&#8243; shift_y=&#8221;0&#8243; z_index=&#8221;0&#8243; el_id=&#8221;ing&#8221;][vc_column_inner column_width_percent=&#8221;100&#8243; gutter_size=&#8221;3&#8243; overlay_alpha=&#8221;50&#8243; shift_x=&#8221;0&#8243; shift_y=&#8221;0&#8243; z_index=&#8221;0&#8243; medium_width=&#8221;0&#8243; mobile_width=&#8221;0&#8243; width=&#8221;1\/1&#8243;][vc_separator][\/vc_column_inner][\/vc_row_inner][vc_custom_heading heading_semantic=&#8221;h5&#8243; text_size=&#8221;h3&#8243; text_align=&#8221;text-center&#8221; text_serif=&#8221;yes&#8221;]<strong>Grupo-alvo<\/strong>[\/vc_custom_heading][vc_column_text css=&#8221;.vc_custom_1618419955181{margin-top: 15px !important;}&#8221;]<\/p>\n<ul>\n<li>Pessoas desfavorecidas;<\/li>\n<li>Operadores de servi\u00e7os locais (EFP, coopera\u00e7\u00e3o social, servi\u00e7os sociais, servi\u00e7os de sa\u00fade e servi\u00e7os de emprego);<\/li>\n<li>Representantes de sindicatos e do desenvolvimento local e sistema empresarial, artesanato, ind\u00fastria e com\u00e9rcio;<\/li>\n<li>Executivos e gestores do sistema territorial de servi\u00e7os, pol\u00edtica e decisores a n\u00edvel local.<\/li>\n<\/ul>\n<p>[\/vc_column_text][vc_row_inner row_inner_height_percent=&#8221;0&#8243; overlay_alpha=&#8221;50&#8243; gutter_size=&#8221;3&#8243; shift_y=&#8221;0&#8243; z_index=&#8221;0&#8243; el_id=&#8221;ing&#8221;][vc_column_inner column_width_percent=&#8221;100&#8243; gutter_size=&#8221;3&#8243; overlay_alpha=&#8221;50&#8243; shift_x=&#8221;0&#8243; shift_y=&#8221;0&#8243; z_index=&#8221;0&#8243; medium_width=&#8221;0&#8243; mobile_width=&#8221;0&#8243; width=&#8221;1\/1&#8243;][vc_separator][\/vc_column_inner][\/vc_row_inner][vc_custom_heading heading_semantic=&#8221;h5&#8243; text_size=&#8221;h3&#8243; text_align=&#8221;text-center&#8221; text_serif=&#8221;yes&#8221;]<strong>Atividades<\/strong>[\/vc_custom_heading][vc_column_text css=&#8221;.vc_custom_1618419966526{margin-top: 15px !important;}&#8221;]<\/p>\n<ul>\n<li>An\u00e1lise das pr\u00e1ticas e consensualiza\u00e7\u00e3o sobre as metodologias para analisar e avaliar as motiva\u00e7\u00f5es, atitudes e habilidades necess\u00e1rias para o arranque do neg\u00f3cio;<\/li>\n<li>An\u00e1lise das pr\u00e1ticas existentes sobre as metodologias para a avalia\u00e7\u00e3o e melhoria da qualidade da ideia de neg\u00f3cio e plano de neg\u00f3cios;<\/li>\n<li>Defini\u00e7\u00e3o de ferramentas e procedimentos para a an\u00e1lise das necessidades de forma\u00e7\u00e3o relacionada com o in\u00edcio do neg\u00f3cio e prepara\u00e7\u00e3o de um modelo para o desenvolvimento de planos individualizados de forma\u00e7\u00e3o profissional destinadas para iniciar neg\u00f3cios;<\/li>\n<li>An\u00e1lise de conselhos \u00fateis de oportunidades e instala\u00e7\u00f5es (por exemplo, o sistema de microcr\u00e9dito), boas pr\u00e1ticas e metodologias existentes para a cria\u00e7\u00e3o de empresas para apoiar o processo de cria\u00e7\u00e3o de empresas;<\/li>\n<li>Defini\u00e7\u00e3o das compet\u00eancias t\u00e9cnicas e profissionais necess\u00e1rias, o estabelecimento de um programa de apoio \u00e0 forma\u00e7\u00e3o e ensino para os profissionais que lidam com planeamento e acompanhamento dos planos de neg\u00f3cio.<\/li>\n<\/ul>\n<p>[\/vc_column_text][vc_row_inner row_inner_height_percent=&#8221;0&#8243; overlay_alpha=&#8221;50&#8243; gutter_size=&#8221;3&#8243; shift_y=&#8221;0&#8243; z_index=&#8221;0&#8243; el_id=&#8221;ing&#8221;][vc_column_inner column_width_percent=&#8221;100&#8243; gutter_size=&#8221;3&#8243; overlay_alpha=&#8221;50&#8243; shift_x=&#8221;0&#8243; shift_y=&#8221;0&#8243; z_index=&#8221;0&#8243; medium_width=&#8221;0&#8243; mobile_width=&#8221;0&#8243; width=&#8221;1\/1&#8243;][vc_separator][\/vc_column_inner][\/vc_row_inner][vc_custom_heading heading_semantic=&#8221;h5&#8243; text_size=&#8221;h3&#8243; text_align=&#8221;text-center&#8221; text_serif=&#8221;yes&#8221;]<strong>Parceria<\/strong>[\/vc_custom_heading][vc_column_text css=&#8221;.vc_custom_1618419990706{margin-top: 15px !important;}&#8221;]<strong>4 Parceiros italianos (incluindo coordenador), Portugal, Eslov\u00e9nia e Gr\u00e9cia:<\/strong><\/p>\n<ul>\n<li>EPRALIMA_Escola Profissional do Alto Lima, C.I.P.R.L.<\/li>\n<li>COMUNE DI PORDENONE , It\u00e1lia<\/li>\n<li>COOPERATIVA ITACA It\u00e1lia<\/li>\n<li>SOFORM SCARL It\u00e1lia<\/li>\n<li>Mag Societ\u00e0 Mutua per l&#8217;Autogestione, It\u00e1lia<\/li>\n<li><span lang=\"EN-US\">ANATOLIKI S.A. SKUP &#8211; Skupnost privatnih zavodov, Eslov\u00e9nia<\/span><\/li>\n<\/ul>\n<p>[\/vc_column_text][\/vc_column][\/vc_row]<\/p>\n<\/div>","protected":false},"excerpt":{"rendered":"<p>[vc_row row_height_percent=&#8221;0&#8243; override_padding=&#8221;yes&#8221; h_padding=&#8221;0&#8243; top_padding=&#8221;3&#8243; bottom_padding=&#8221;3&#8243; overlay_alpha=&#8221;0&#8243; gutter_size=&#8221;100&#8243; shift_y=&#8221;0&#8243; style=&#8221;inherited&#8221;][vc_column column_width_percent=&#8221;100&#8243; position_horizontal=&#8221;left&#8221; gutter_size=&#8221;4&#8243; style=&#8221;light&#8221; overlay_alpha=&#8221;100&#8243; shift_x=&#8221;0&#8243; shift_y=&#8221;0&#8243; z_index=&#8221;0&#8243; medium_width=&#8221;0&#8243; zoom_width=&#8221;0&#8243; [&hellip;]<\/p>\n","protected":false},"author":1,"featured_media":89626,"parent":0,"menu_order":0,"comment_status":"open","ping_status":"open","template":"","meta":{"_acf_changed":false,"om_disable_all_campaigns":false,"_monsterinsights_skip_tracking":false,"_monsterinsights_sitenote_active":false,"_monsterinsights_sitenote_note":"","_monsterinsights_sitenote_category":0,"_uf_show_specific_survey":0,"_uf_disable_surveys":false,"footnotes":""},"portfolio_category":[120],"class_list":["post-89727","portfolio","type-portfolio","status-publish","has-post-thumbnail","hentry","portfolio_category-projetos-internacionais"],"acf":[],"aioseo_notices":[],"_links":{"self":[{"href":"https:\/\/www.epralima.com\/website\/wp-json\/wp\/v2\/portfolio\/89727","targetHints":{"allow":["GET"]}}],"collection":[{"href":"https:\/\/www.epralima.com\/website\/wp-json\/wp\/v2\/portfolio"}],"about":[{"href":"https:\/\/www.epralima.com\/website\/wp-json\/wp\/v2\/types\/portfolio"}],"author":[{"embeddable":true,"href":"https:\/\/www.epralima.com\/website\/wp-json\/wp\/v2\/users\/1"}],"replies":[{"embeddable":true,"href":"https:\/\/www.epralima.com\/website\/wp-json\/wp\/v2\/comments?post=89727"}],"version-history":[{"count":2,"href":"https:\/\/www.epralima.com\/website\/wp-json\/wp\/v2\/portfolio\/89727\/revisions"}],"predecessor-version":[{"id":90119,"href":"https:\/\/www.epralima.com\/website\/wp-json\/wp\/v2\/portfolio\/89727\/revisions\/90119"}],"wp:featuredmedia":[{"embeddable":true,"href":"https:\/\/www.epralima.com\/website\/wp-json\/wp\/v2\/media\/89626"}],"wp:attachment":[{"href":"https:\/\/www.epralima.com\/website\/wp-json\/wp\/v2\/media?parent=89727"}],"wp:term":[{"taxonomy":"portfolio_category","embeddable":true,"href":"https:\/\/www.epralima.com\/website\/wp-json\/wp\/v2\/portfolio_category?post=89727"}],"curies":[{"name":"wp","href":"https:\/\/api.w.org\/{rel}","templated":true}]}}

<div class="wpb-content-wrapper"><p>[vc_row row_height_percent=&#8221;0&#8243; override_padding=&#8221;yes&#8221; h_padding=&#8221;0&#8243; top_padding=&#8221;3&#8243; bottom_padding=&#8221;3&#8243; overlay_alpha=&#8221;0&#8243; gutter_size=&#8221;100&#8243; shift_y=&#8221;0&#8243; style=&#8221;inherited&#8221;][vc_column column_width_percent=&#8221;100&#8243; position_horizontal=&#8221;left&#8221; gutter_size=&#8221;4&#8243; style=&#8221;light&#8221; overlay_alpha=&#8221;100&#8243; shift_x=&#8221;0&#8243; shift_y=&#8221;0&#8243; z_index=&#8221;0&#8243; medium_width=&#8221;0&#8243; zoom_width=&#8221;0&#8243; zoom_height=&#8221;0&#8243; width=&#8221;1/1&#8243;][vc_gallery el_id=&#8221;gallery-749185&#8243; type=&#8221;carousel&#8221; medias=&#8221;89626&#8243; carousel_lg=&#8221;1&#8243; carousel_md=&#8221;1&#8243; carousel_sm=&#8221;1&#8243; thumb_size=&#8221;sixteen-nine&#8221; gutter_size=&#8221;0&#8243; media_items=&#8221;media|nolink|original,icon&#8221; carousel_type=&#8221;fade&#8221; carousel_interval=&#8221;5000&#8243; carousel_navspeed=&#8221;1000&#8243; carousel_loop=&#8221;yes&#8221; carousel_nav=&#8221;yes&#8221; carousel_dots=&#8221;yes&#8221; carousel_dots_inside=&#8221;yes&#8221; carousel_dot_padding=&#8221;2&#8243; stage_padding=&#8221;0&#8243; single_overlay_opacity=&#8221;50&#8243; single_overlay_anim=&#8221;no&#8221; single_text_anim=&#8221;no&#8221; single_image_anim=&#8221;no&#8221; single_padding=&#8221;2&#8243; single_border=&#8221;yes&#8221;][vc_custom_heading heading_semantic=&#8221;h5&#8243; text_size=&#8221;h3&#8243; text_align=&#8221;text-center&#8221; text_serif=&#8221;yes&#8221;]<strong>Descrição Geral do Projeto</strong>[/vc_custom_heading][vc_column_text css=&#8221;.vc_custom_1618419942168{margin-top: 15px !important;}&#8221;]Tendo como objetivo geral, contribuir para a melhoria e modernização das políticas, estratégias e medidas em matéria de formação para a inclusão social e laboral das pessoas desfavorecidas, o  projeto promoverá  a criação de redes e recursos, institucionais, profissionais e territoriais, através de uma estratégia que inclui:</p>
<ol>
<li>A implementação de cursos de formação e de apoio ao auto-emprego das pessoas desfavorecidas pelos serviços locais que têm como área de atuação a inclusão social e o emprego;</li>
<li>A operacionalização de instrumentos de acompanhamento para facilitar o acesso ao financiamento para o arranque de projetos de empreendedorismo por pessoas desfavorecidas.</li>
</ol>
<p>[/vc_column_text][vc_row_inner row_inner_height_percent=&#8221;0&#8243; overlay_alpha=&#8221;50&#8243; gutter_size=&#8221;3&#8243; shift_y=&#8221;0&#8243; z_index=&#8221;0&#8243; el_id=&#8221;ing&#8221;][vc_column_inner column_width_percent=&#8221;100&#8243; gutter_size=&#8221;3&#8243; overlay_alpha=&#8221;50&#8243; shift_x=&#8221;0&#8243; shift_y=&#8221;0&#8243; z_index=&#8221;0&#8243; medium_width=&#8221;0&#8243; mobile_width=&#8221;0&#8243; width=&#8221;1/1&#8243;][vc_separator][/vc_column_inner][/vc_row_inner][vc_custom_heading heading_semantic=&#8221;h5&#8243; text_size=&#8221;h3&#8243; text_align=&#8221;text-center&#8221; text_serif=&#8221;yes&#8221;]<strong>Grupo-alvo</strong>[/vc_custom_heading][vc_column_text css=&#8221;.vc_custom_1618419955181{margin-top: 15px !important;}&#8221;]</p>
<ul>
<li>Pessoas desfavorecidas;</li>
<li>Operadores de serviços locais (EFP, cooperação social, serviços sociais, serviços de saúde e serviços de emprego);</li>
<li>Representantes de sindicatos e do desenvolvimento local e sistema empresarial, artesanato, indústria e comércio;</li>
<li>Executivos e gestores do sistema territorial de serviços, política e decisores a nível local.</li>
</ul>
<p>[/vc_column_text][vc_row_inner row_inner_height_percent=&#8221;0&#8243; overlay_alpha=&#8221;50&#8243; gutter_size=&#8221;3&#8243; shift_y=&#8221;0&#8243; z_index=&#8221;0&#8243; el_id=&#8221;ing&#8221;][vc_column_inner column_width_percent=&#8221;100&#8243; gutter_size=&#8221;3&#8243; overlay_alpha=&#8221;50&#8243; shift_x=&#8221;0&#8243; shift_y=&#8221;0&#8243; z_index=&#8221;0&#8243; medium_width=&#8221;0&#8243; mobile_width=&#8221;0&#8243; width=&#8221;1/1&#8243;][vc_separator][/vc_column_inner][/vc_row_inner][vc_custom_heading heading_semantic=&#8221;h5&#8243; text_size=&#8221;h3&#8243; text_align=&#8221;text-center&#8221; text_serif=&#8221;yes&#8221;]<strong>Atividades</strong>[/vc_custom_heading][vc_column_text css=&#8221;.vc_custom_1618419966526{margin-top: 15px !important;}&#8221;]</p>
<ul>
<li>Análise das práticas e consensualização sobre as metodologias para analisar e avaliar as motivações, atitudes e habilidades necessárias para o arranque do negócio;</li>
<li>Análise das práticas existentes sobre as metodologias para a avaliação e melhoria da qualidade da ideia de negócio e plano de negócios;</li>
<li>Definição de ferramentas e procedimentos para a análise das necessidades de formação relacionada com o início do negócio e preparação de um modelo para o desenvolvimento de planos individualizados de formação profissional destinadas para iniciar negócios;</li>
<li>Análise de conselhos úteis de oportunidades e instalações (por exemplo, o sistema de microcrédito), boas práticas e metodologias existentes para a criação de empresas para apoiar o processo de criação de empresas;</li>
<li>Definição das competências técnicas e profissionais necessárias, o estabelecimento de um programa de apoio à formação e ensino para os profissionais que lidam com planeamento e acompanhamento dos planos de negócio.</li>
</ul>
<p>[/vc_column_text][vc_row_inner row_inner_height_percent=&#8221;0&#8243; overlay_alpha=&#8221;50&#8243; gutter_size=&#8221;3&#8243; shift_y=&#8221;0&#8243; z_index=&#8221;0&#8243; el_id=&#8221;ing&#8221;][vc_column_inner column_width_percent=&#8221;100&#8243; gutter_size=&#8221;3&#8243; overlay_alpha=&#8221;50&#8243; shift_x=&#8221;0&#8243; shift_y=&#8221;0&#8243; z_index=&#8221;0&#8243; medium_width=&#8221;0&#8243; mobile_width=&#8221;0&#8243; width=&#8221;1/1&#8243;][vc_separator][/vc_column_inner][/vc_row_inner][vc_custom_heading heading_semantic=&#8221;h5&#8243; text_size=&#8221;h3&#8243; text_align=&#8221;text-center&#8221; text_serif=&#8221;yes&#8221;]<strong>Parceria</strong>[/vc_custom_heading][vc_column_text css=&#8221;.vc_custom_1618419990706{margin-top: 15px !important;}&#8221;]<strong>4 Parceiros italianos (incluindo coordenador), Portugal, Eslovénia e Grécia:</strong></p>
<ul>
<li>EPRALIMA_Escola Profissional do Alto Lima, C.I.P.R.L.</li>
<li>COMUNE DI PORDENONE , Itália</li>
<li>COOPERATIVA ITACA Itália</li>
<li>SOFORM SCARL Itália</li>
<li>Mag Società Mutua per l&#8217;Autogestione, Itália</li>
<li><span lang="EN-US">ANATOLIKI S.A. SKUP &#8211; Skupnost privatnih zavodov, Eslovénia</span></li>
</ul>
<p>[/vc_column_text][/vc_column][/vc_row]</p>
</div>
