{"id":89689,"date":"2021-04-13T16:08:54","date_gmt":"2021-04-13T16:08:54","guid":{"rendered":"http:\/\/epralima.com\/website\/?post_type=portfolio&#038;p=89689"},"modified":"2021-04-23T15:06:57","modified_gmt":"2021-04-23T15:06:57","slug":"pro-comp","status":"publish","type":"portfolio","link":"https:\/\/www.epralima.com\/website\/portfolio\/pro-comp\/","title":{"rendered":"PRO-COMP"},"content":{"rendered":"<div class=\"wpb-content-wrapper\"><p>[vc_row row_height_percent=&#8221;0&#8243; override_padding=&#8221;yes&#8221; h_padding=&#8221;0&#8243; top_padding=&#8221;3&#8243; bottom_padding=&#8221;3&#8243; overlay_alpha=&#8221;0&#8243; gutter_size=&#8221;100&#8243; shift_y=&#8221;0&#8243; style=&#8221;inherited&#8221;][vc_column column_width_percent=&#8221;100&#8243; position_horizontal=&#8221;left&#8221; gutter_size=&#8221;4&#8243; style=&#8221;light&#8221; overlay_alpha=&#8221;100&#8243; shift_x=&#8221;0&#8243; shift_y=&#8221;0&#8243; z_index=&#8221;0&#8243; medium_width=&#8221;0&#8243; zoom_width=&#8221;0&#8243; zoom_height=&#8221;0&#8243; width=&#8221;1\/1&#8243;][vc_gallery el_id=&#8221;gallery-749185&#8243; type=&#8221;carousel&#8221; medias=&#8221;89626&#8243; carousel_lg=&#8221;1&#8243; carousel_md=&#8221;1&#8243; carousel_sm=&#8221;1&#8243; thumb_size=&#8221;sixteen-nine&#8221; gutter_size=&#8221;0&#8243; media_items=&#8221;media|nolink|original,icon&#8221; carousel_type=&#8221;fade&#8221; carousel_interval=&#8221;5000&#8243; carousel_navspeed=&#8221;1000&#8243; carousel_loop=&#8221;yes&#8221; carousel_nav=&#8221;yes&#8221; carousel_dots=&#8221;yes&#8221; carousel_dots_inside=&#8221;yes&#8221; carousel_dot_padding=&#8221;2&#8243; stage_padding=&#8221;0&#8243; single_overlay_opacity=&#8221;50&#8243; single_overlay_anim=&#8221;no&#8221; single_text_anim=&#8221;no&#8221; single_image_anim=&#8221;no&#8221; single_padding=&#8221;2&#8243; single_border=&#8221;yes&#8221;][vc_custom_heading heading_semantic=&#8221;h5&#8243; text_size=&#8221;h3&#8243; text_align=&#8221;text-center&#8221; text_serif=&#8221;yes&#8221;]<strong>Descri\u00e7\u00e3o Geral do Projeto<\/strong>[\/vc_custom_heading][vc_column_text css=&#8221;.vc_custom_1618330009053{margin-top: 15px !important;}&#8221;]O projeto visa desenvolver, avaliar e valorizar as capacidades e compet\u00eancias da popula\u00e7\u00e3o adulta e promover o sistema de reconhecimento de compet\u00eancias n\u00e3o formais e informais na europa, com o fim de haver adultos adequadamente empregados e inclu\u00eddos no mercado de trabalho e na sociedade.[\/vc_column_text][vc_row_inner row_inner_height_percent=&#8221;0&#8243; overlay_alpha=&#8221;50&#8243; gutter_size=&#8221;3&#8243; shift_y=&#8221;0&#8243; z_index=&#8221;0&#8243; el_id=&#8221;ing&#8221;][vc_column_inner column_width_percent=&#8221;100&#8243; gutter_size=&#8221;3&#8243; overlay_alpha=&#8221;50&#8243; shift_x=&#8221;0&#8243; shift_y=&#8221;0&#8243; z_index=&#8221;0&#8243; medium_width=&#8221;0&#8243; mobile_width=&#8221;0&#8243; width=&#8221;1\/1&#8243;][vc_separator][\/vc_column_inner][\/vc_row_inner][vc_custom_heading heading_semantic=&#8221;h5&#8243; text_size=&#8221;h3&#8243; text_align=&#8221;text-center&#8221; text_serif=&#8221;yes&#8221;]<strong>Grupo-alvo<\/strong>[\/vc_custom_heading][vc_column_text css=&#8221;.vc_custom_1618330022860{margin-top: 15px !important;}&#8221;]Popula\u00e7\u00e3o adulta, especialmente pessoas em risco de exclus\u00e3o social e profissional, como:<\/p>\n<ul>\n<li>Adultos desempregados de longa dura\u00e7\u00e3o;<\/li>\n<li>Migrantes \/ refugiados residentes nos pa\u00edses participantes;<\/li>\n<li>Pessoas com defici\u00eancia;<\/li>\n<li>Mulheres desempregadas com filhos;<\/li>\n<li>Profissionais que trabalham na educa\u00e7\u00e3o de adultos.<\/li>\n<\/ul>\n<p>[\/vc_column_text][vc_row_inner row_inner_height_percent=&#8221;0&#8243; overlay_alpha=&#8221;50&#8243; gutter_size=&#8221;3&#8243; shift_y=&#8221;0&#8243; z_index=&#8221;0&#8243; el_id=&#8221;ing&#8221;][vc_column_inner column_width_percent=&#8221;100&#8243; gutter_size=&#8221;3&#8243; overlay_alpha=&#8221;50&#8243; shift_x=&#8221;0&#8243; shift_y=&#8221;0&#8243; z_index=&#8221;0&#8243; medium_width=&#8221;0&#8243; mobile_width=&#8221;0&#8243; width=&#8221;1\/1&#8243;][vc_separator][\/vc_column_inner][\/vc_row_inner][vc_custom_heading heading_semantic=&#8221;h5&#8243; text_size=&#8221;h3&#8243; text_align=&#8221;text-center&#8221; text_serif=&#8221;yes&#8221;]<strong>Atividades<\/strong>[\/vc_custom_heading][vc_column_text css=&#8221;.vc_custom_1618330042631{margin-top: 15px !important;}&#8221;]Entre as atividades, de acordo com a disponibilidade dos parceiros, planeamos realizar:<\/p>\n<ul>\n<li>4 reuni\u00f5es transnacionais do projeto para coordena\u00e7\u00e3o;<\/li>\n<li>Pesquisa e an\u00e1lise do reconhecimento do sistema de compet\u00eancias n\u00e3o formais e informais nos pa\u00edses participantes;<\/li>\n<li>Partilhar ferramentas de avalia\u00e7\u00e3o, valida\u00e7\u00e3o e reconhecimento de compet\u00eancias atrav\u00e9s de uma plataforma web;<\/li>\n<li>Avalia\u00e7\u00e3o de conhecimentos e experi\u00eancias atrav\u00e9s de ferramentas para valida\u00e7\u00e3o e reconhecimento de compet\u00eancias n\u00e3o formais e cria\u00e7\u00e3o de um curr\u00edculo que analise e desenvolva compet\u00eancias n\u00e3o formais;<\/li>\n<li>2 Mobilidades para alunos adultos desenvolverem capacidades sociais, pessoais, e aprender a desenvolver compet\u00eancias em empreendedorismo;<\/li>\n<li>1 Evento de forma\u00e7\u00e3o em grupo, de curto prazo, para educadores de adultos, com o objetivo de observar o desenvolvimento e a avalia\u00e7\u00e3o de compet\u00eancias n\u00e3o formais e sistema de reconhecimento;<\/li>\n<li>1 evento de forma\u00e7\u00e3o em grupo, de curto prazo, para educadores de adultos, com o objetivo de criar uma estrutura para o desenvolvimento de um curso on-line, aberto, para alunos adultos no futuro (que pode ser realizado num projeto futuro), de acordo com as necessidades do p\u00fablico alvo.<\/li>\n<\/ul>\n<p>[\/vc_column_text][vc_row_inner row_inner_height_percent=&#8221;0&#8243; overlay_alpha=&#8221;50&#8243; gutter_size=&#8221;3&#8243; shift_y=&#8221;0&#8243; z_index=&#8221;0&#8243; el_id=&#8221;ing&#8221;][vc_column_inner column_width_percent=&#8221;100&#8243; gutter_size=&#8221;3&#8243; overlay_alpha=&#8221;50&#8243; shift_x=&#8221;0&#8243; shift_y=&#8221;0&#8243; z_index=&#8221;0&#8243; medium_width=&#8221;0&#8243; mobile_width=&#8221;0&#8243; width=&#8221;1\/1&#8243;][vc_separator][\/vc_column_inner][\/vc_row_inner][vc_custom_heading heading_semantic=&#8221;h5&#8243; text_size=&#8221;h3&#8243; text_align=&#8221;text-center&#8221; text_serif=&#8221;yes&#8221;]<strong>Resultados &#8211; Produtos<\/strong>[\/vc_custom_heading][vc_column_text css=&#8221;.vc_custom_1618330061811{margin-top: 15px !important;}&#8221;]<\/p>\n<ol>\n<li>Desenvolver soft skills para adultos e compet\u00eancias-chave (especialmente pessoais, sociais e aprender a desenvolver compet\u00eancias em empreendedorismo) \u00fateis para lidar com a procura e manuten\u00e7\u00e3o de emprego;<\/li>\n<li>Melhorar as informa\u00e7\u00f5es sobre o reconhecimento dos sistemas de compet\u00eancias n\u00e3o formais e informais na Europa;<\/li>\n<li>Promover a inclus\u00e3o profissional e social de adultos desfavorecidos atrav\u00e9s da avalia\u00e7\u00e3o, valoriza\u00e7\u00e3o e reconhecimento de experi\u00eancias e compet\u00eancias adquiridas em ambiente n\u00e3o formal e informal;<\/li>\n<li>Troca e desenvolvimento de metodologias e ferramentas para atividades de educa\u00e7\u00e3o de adultos, com o fim de criar uma estrutura comum para o desenvolvimento de um Curso Online, aberto, para alunos adultos no futuro (que poder\u00e1 ser realizado num projeto futuro), de acordo com as necessidades do p\u00fablico alvo.<\/li>\n<\/ol>\n<p>[\/vc_column_text][vc_row_inner row_inner_height_percent=&#8221;0&#8243; overlay_alpha=&#8221;50&#8243; gutter_size=&#8221;3&#8243; shift_y=&#8221;0&#8243; z_index=&#8221;0&#8243; el_id=&#8221;ing&#8221;][vc_column_inner column_width_percent=&#8221;100&#8243; gutter_size=&#8221;3&#8243; overlay_alpha=&#8221;50&#8243; shift_x=&#8221;0&#8243; shift_y=&#8221;0&#8243; z_index=&#8221;0&#8243; medium_width=&#8221;0&#8243; mobile_width=&#8221;0&#8243; width=&#8221;1\/1&#8243;][vc_separator][\/vc_column_inner][\/vc_row_inner][vc_custom_heading heading_semantic=&#8221;h5&#8243; text_size=&#8221;h3&#8243; text_align=&#8221;text-center&#8221; text_serif=&#8221;yes&#8221;]<strong>Parceria<\/strong>[\/vc_custom_heading][vc_column_text css=&#8221;.vc_custom_1618330078108{margin-top: 15px !important;}&#8221;]<\/p>\n<ul>\n<li>Associazione Travelogue (Italy)<\/li>\n<li>Asociaci\u00f3n Iniciativa Internacional Joven (Spain)<\/li>\n<li>ASSOCIAZIONE VITA INDIPENDENTE UMBRIA ONLUS (Italy)<\/li>\n<li>EPRALIMA \u2013 ESCOLA PROFISSIONAL DOALTO LIMA (Portugal)<\/li>\n<li>Institut M\u00e9diterran\u00e9en de Formation et Recherche en Travail Social (France)<\/li>\n<\/ul>\n<p>[\/vc_column_text][\/vc_column][\/vc_row]<\/p>\n<\/div>","protected":false},"excerpt":{"rendered":"<p>[vc_row row_height_percent=&#8221;0&#8243; override_padding=&#8221;yes&#8221; h_padding=&#8221;0&#8243; top_padding=&#8221;3&#8243; bottom_padding=&#8221;3&#8243; overlay_alpha=&#8221;0&#8243; gutter_size=&#8221;100&#8243; shift_y=&#8221;0&#8243; style=&#8221;inherited&#8221;][vc_column column_width_percent=&#8221;100&#8243; position_horizontal=&#8221;left&#8221; gutter_size=&#8221;4&#8243; style=&#8221;light&#8221; overlay_alpha=&#8221;100&#8243; shift_x=&#8221;0&#8243; shift_y=&#8221;0&#8243; z_index=&#8221;0&#8243; medium_width=&#8221;0&#8243; zoom_width=&#8221;0&#8243; [&hellip;]<\/p>\n","protected":false},"author":1,"featured_media":89626,"parent":0,"menu_order":0,"comment_status":"open","ping_status":"open","template":"","meta":{"_acf_changed":false,"om_disable_all_campaigns":false,"_monsterinsights_skip_tracking":false,"_monsterinsights_sitenote_active":false,"_monsterinsights_sitenote_note":"","_monsterinsights_sitenote_category":0,"_uf_show_specific_survey":0,"_uf_disable_surveys":false,"footnotes":""},"portfolio_category":[120],"class_list":["post-89689","portfolio","type-portfolio","status-publish","has-post-thumbnail","hentry","portfolio_category-projetos-internacionais"],"acf":[],"aioseo_notices":[],"_links":{"self":[{"href":"https:\/\/www.epralima.com\/website\/wp-json\/wp\/v2\/portfolio\/89689","targetHints":{"allow":["GET"]}}],"collection":[{"href":"https:\/\/www.epralima.com\/website\/wp-json\/wp\/v2\/portfolio"}],"about":[{"href":"https:\/\/www.epralima.com\/website\/wp-json\/wp\/v2\/types\/portfolio"}],"author":[{"embeddable":true,"href":"https:\/\/www.epralima.com\/website\/wp-json\/wp\/v2\/users\/1"}],"replies":[{"embeddable":true,"href":"https:\/\/www.epralima.com\/website\/wp-json\/wp\/v2\/comments?post=89689"}],"version-history":[{"count":1,"href":"https:\/\/www.epralima.com\/website\/wp-json\/wp\/v2\/portfolio\/89689\/revisions"}],"predecessor-version":[{"id":89690,"href":"https:\/\/www.epralima.com\/website\/wp-json\/wp\/v2\/portfolio\/89689\/revisions\/89690"}],"wp:featuredmedia":[{"embeddable":true,"href":"https:\/\/www.epralima.com\/website\/wp-json\/wp\/v2\/media\/89626"}],"wp:attachment":[{"href":"https:\/\/www.epralima.com\/website\/wp-json\/wp\/v2\/media?parent=89689"}],"wp:term":[{"taxonomy":"portfolio_category","embeddable":true,"href":"https:\/\/www.epralima.com\/website\/wp-json\/wp\/v2\/portfolio_category?post=89689"}],"curies":[{"name":"wp","href":"https:\/\/api.w.org\/{rel}","templated":true}]}}

<div class="wpb-content-wrapper"><p>[vc_row row_height_percent=&#8221;0&#8243; override_padding=&#8221;yes&#8221; h_padding=&#8221;0&#8243; top_padding=&#8221;3&#8243; bottom_padding=&#8221;3&#8243; overlay_alpha=&#8221;0&#8243; gutter_size=&#8221;100&#8243; shift_y=&#8221;0&#8243; style=&#8221;inherited&#8221;][vc_column column_width_percent=&#8221;100&#8243; position_horizontal=&#8221;left&#8221; gutter_size=&#8221;4&#8243; style=&#8221;light&#8221; overlay_alpha=&#8221;100&#8243; shift_x=&#8221;0&#8243; shift_y=&#8221;0&#8243; z_index=&#8221;0&#8243; medium_width=&#8221;0&#8243; zoom_width=&#8221;0&#8243; zoom_height=&#8221;0&#8243; width=&#8221;1/1&#8243;][vc_gallery el_id=&#8221;gallery-749185&#8243; type=&#8221;carousel&#8221; medias=&#8221;89626&#8243; carousel_lg=&#8221;1&#8243; carousel_md=&#8221;1&#8243; carousel_sm=&#8221;1&#8243; thumb_size=&#8221;sixteen-nine&#8221; gutter_size=&#8221;0&#8243; media_items=&#8221;media|nolink|original,icon&#8221; carousel_type=&#8221;fade&#8221; carousel_interval=&#8221;5000&#8243; carousel_navspeed=&#8221;1000&#8243; carousel_loop=&#8221;yes&#8221; carousel_nav=&#8221;yes&#8221; carousel_dots=&#8221;yes&#8221; carousel_dots_inside=&#8221;yes&#8221; carousel_dot_padding=&#8221;2&#8243; stage_padding=&#8221;0&#8243; single_overlay_opacity=&#8221;50&#8243; single_overlay_anim=&#8221;no&#8221; single_text_anim=&#8221;no&#8221; single_image_anim=&#8221;no&#8221; single_padding=&#8221;2&#8243; single_border=&#8221;yes&#8221;][vc_custom_heading heading_semantic=&#8221;h5&#8243; text_size=&#8221;h3&#8243; text_align=&#8221;text-center&#8221; text_serif=&#8221;yes&#8221;]<strong>Descrição Geral do Projeto</strong>[/vc_custom_heading][vc_column_text css=&#8221;.vc_custom_1618330009053{margin-top: 15px !important;}&#8221;]O projeto visa desenvolver, avaliar e valorizar as capacidades e competências da população adulta e promover o sistema de reconhecimento de competências não formais e informais na europa, com o fim de haver adultos adequadamente empregados e incluídos no mercado de trabalho e na sociedade.[/vc_column_text][vc_row_inner row_inner_height_percent=&#8221;0&#8243; overlay_alpha=&#8221;50&#8243; gutter_size=&#8221;3&#8243; shift_y=&#8221;0&#8243; z_index=&#8221;0&#8243; el_id=&#8221;ing&#8221;][vc_column_inner column_width_percent=&#8221;100&#8243; gutter_size=&#8221;3&#8243; overlay_alpha=&#8221;50&#8243; shift_x=&#8221;0&#8243; shift_y=&#8221;0&#8243; z_index=&#8221;0&#8243; medium_width=&#8221;0&#8243; mobile_width=&#8221;0&#8243; width=&#8221;1/1&#8243;][vc_separator][/vc_column_inner][/vc_row_inner][vc_custom_heading heading_semantic=&#8221;h5&#8243; text_size=&#8221;h3&#8243; text_align=&#8221;text-center&#8221; text_serif=&#8221;yes&#8221;]<strong>Grupo-alvo</strong>[/vc_custom_heading][vc_column_text css=&#8221;.vc_custom_1618330022860{margin-top: 15px !important;}&#8221;]População adulta, especialmente pessoas em risco de exclusão social e profissional, como:</p>
<ul>
<li>Adultos desempregados de longa duração;</li>
<li>Migrantes / refugiados residentes nos países participantes;</li>
<li>Pessoas com deficiência;</li>
<li>Mulheres desempregadas com filhos;</li>
<li>Profissionais que trabalham na educação de adultos.</li>
</ul>
<p>[/vc_column_text][vc_row_inner row_inner_height_percent=&#8221;0&#8243; overlay_alpha=&#8221;50&#8243; gutter_size=&#8221;3&#8243; shift_y=&#8221;0&#8243; z_index=&#8221;0&#8243; el_id=&#8221;ing&#8221;][vc_column_inner column_width_percent=&#8221;100&#8243; gutter_size=&#8221;3&#8243; overlay_alpha=&#8221;50&#8243; shift_x=&#8221;0&#8243; shift_y=&#8221;0&#8243; z_index=&#8221;0&#8243; medium_width=&#8221;0&#8243; mobile_width=&#8221;0&#8243; width=&#8221;1/1&#8243;][vc_separator][/vc_column_inner][/vc_row_inner][vc_custom_heading heading_semantic=&#8221;h5&#8243; text_size=&#8221;h3&#8243; text_align=&#8221;text-center&#8221; text_serif=&#8221;yes&#8221;]<strong>Atividades</strong>[/vc_custom_heading][vc_column_text css=&#8221;.vc_custom_1618330042631{margin-top: 15px !important;}&#8221;]Entre as atividades, de acordo com a disponibilidade dos parceiros, planeamos realizar:</p>
<ul>
<li>4 reuniões transnacionais do projeto para coordenação;</li>
<li>Pesquisa e análise do reconhecimento do sistema de competências não formais e informais nos países participantes;</li>
<li>Partilhar ferramentas de avaliação, validação e reconhecimento de competências através de uma plataforma web;</li>
<li>Avaliação de conhecimentos e experiências através de ferramentas para validação e reconhecimento de competências não formais e criação de um currículo que analise e desenvolva competências não formais;</li>
<li>2 Mobilidades para alunos adultos desenvolverem capacidades sociais, pessoais, e aprender a desenvolver competências em empreendedorismo;</li>
<li>1 Evento de formação em grupo, de curto prazo, para educadores de adultos, com o objetivo de observar o desenvolvimento e a avaliação de competências não formais e sistema de reconhecimento;</li>
<li>1 evento de formação em grupo, de curto prazo, para educadores de adultos, com o objetivo de criar uma estrutura para o desenvolvimento de um curso on-line, aberto, para alunos adultos no futuro (que pode ser realizado num projeto futuro), de acordo com as necessidades do público alvo.</li>
</ul>
<p>[/vc_column_text][vc_row_inner row_inner_height_percent=&#8221;0&#8243; overlay_alpha=&#8221;50&#8243; gutter_size=&#8221;3&#8243; shift_y=&#8221;0&#8243; z_index=&#8221;0&#8243; el_id=&#8221;ing&#8221;][vc_column_inner column_width_percent=&#8221;100&#8243; gutter_size=&#8221;3&#8243; overlay_alpha=&#8221;50&#8243; shift_x=&#8221;0&#8243; shift_y=&#8221;0&#8243; z_index=&#8221;0&#8243; medium_width=&#8221;0&#8243; mobile_width=&#8221;0&#8243; width=&#8221;1/1&#8243;][vc_separator][/vc_column_inner][/vc_row_inner][vc_custom_heading heading_semantic=&#8221;h5&#8243; text_size=&#8221;h3&#8243; text_align=&#8221;text-center&#8221; text_serif=&#8221;yes&#8221;]<strong>Resultados &#8211; Produtos</strong>[/vc_custom_heading][vc_column_text css=&#8221;.vc_custom_1618330061811{margin-top: 15px !important;}&#8221;]</p>
<ol>
<li>Desenvolver soft skills para adultos e competências-chave (especialmente pessoais, sociais e aprender a desenvolver competências em empreendedorismo) úteis para lidar com a procura e manutenção de emprego;</li>
<li>Melhorar as informações sobre o reconhecimento dos sistemas de competências não formais e informais na Europa;</li>
<li>Promover a inclusão profissional e social de adultos desfavorecidos através da avaliação, valorização e reconhecimento de experiências e competências adquiridas em ambiente não formal e informal;</li>
<li>Troca e desenvolvimento de metodologias e ferramentas para atividades de educação de adultos, com o fim de criar uma estrutura comum para o desenvolvimento de um Curso Online, aberto, para alunos adultos no futuro (que poderá ser realizado num projeto futuro), de acordo com as necessidades do público alvo.</li>
</ol>
<p>[/vc_column_text][vc_row_inner row_inner_height_percent=&#8221;0&#8243; overlay_alpha=&#8221;50&#8243; gutter_size=&#8221;3&#8243; shift_y=&#8221;0&#8243; z_index=&#8221;0&#8243; el_id=&#8221;ing&#8221;][vc_column_inner column_width_percent=&#8221;100&#8243; gutter_size=&#8221;3&#8243; overlay_alpha=&#8221;50&#8243; shift_x=&#8221;0&#8243; shift_y=&#8221;0&#8243; z_index=&#8221;0&#8243; medium_width=&#8221;0&#8243; mobile_width=&#8221;0&#8243; width=&#8221;1/1&#8243;][vc_separator][/vc_column_inner][/vc_row_inner][vc_custom_heading heading_semantic=&#8221;h5&#8243; text_size=&#8221;h3&#8243; text_align=&#8221;text-center&#8221; text_serif=&#8221;yes&#8221;]<strong>Parceria</strong>[/vc_custom_heading][vc_column_text css=&#8221;.vc_custom_1618330078108{margin-top: 15px !important;}&#8221;]</p>
<ul>
<li>Associazione Travelogue (Italy)</li>
<li>Asociación Iniciativa Internacional Joven (Spain)</li>
<li>ASSOCIAZIONE VITA INDIPENDENTE UMBRIA ONLUS (Italy)</li>
<li>EPRALIMA – ESCOLA PROFISSIONAL DOALTO LIMA (Portugal)</li>
<li>Institut Méditerranéen de Formation et Recherche en Travail Social (France)</li>
</ul>
<p>[/vc_column_text][/vc_column][/vc_row]</p>
</div>
