{"id":89622,"date":"2021-04-09T10:32:53","date_gmt":"2021-04-09T10:32:53","guid":{"rendered":"http:\/\/epralima.com\/website\/?post_type=portfolio&#038;p=89622"},"modified":"2021-04-23T15:31:20","modified_gmt":"2021-04-23T15:31:20","slug":"european-values-with-manga","status":"publish","type":"portfolio","link":"https:\/\/www.epralima.com\/website\/portfolio\/european-values-with-manga\/","title":{"rendered":"European Values with Manga"},"content":{"rendered":"<div class=\"wpb-content-wrapper\"><p>[vc_row row_height_percent=&#8221;0&#8243; override_padding=&#8221;yes&#8221; h_padding=&#8221;0&#8243; top_padding=&#8221;3&#8243; bottom_padding=&#8221;3&#8243; overlay_alpha=&#8221;0&#8243; gutter_size=&#8221;100&#8243; shift_y=&#8221;0&#8243; style=&#8221;inherited&#8221;][vc_column column_width_percent=&#8221;100&#8243; position_horizontal=&#8221;left&#8221; gutter_size=&#8221;4&#8243; style=&#8221;light&#8221; overlay_alpha=&#8221;100&#8243; shift_x=&#8221;0&#8243; shift_y=&#8221;0&#8243; z_index=&#8221;0&#8243; medium_width=&#8221;0&#8243; zoom_width=&#8221;0&#8243; zoom_height=&#8221;0&#8243; width=&#8221;1\/1&#8243;][vc_gallery el_id=&#8221;gallery-749185&#8243; type=&#8221;carousel&#8221; medias=&#8221;89623&#8243; carousel_lg=&#8221;1&#8243; carousel_md=&#8221;1&#8243; carousel_sm=&#8221;1&#8243; thumb_size=&#8221;sixteen-nine&#8221; gutter_size=&#8221;0&#8243; media_items=&#8221;media|nolink|original,icon&#8221; carousel_type=&#8221;fade&#8221; carousel_interval=&#8221;5000&#8243; carousel_navspeed=&#8221;1000&#8243; carousel_loop=&#8221;yes&#8221; carousel_nav=&#8221;yes&#8221; carousel_dots=&#8221;yes&#8221; carousel_dots_inside=&#8221;yes&#8221; carousel_dot_padding=&#8221;2&#8243; stage_padding=&#8221;0&#8243; single_overlay_opacity=&#8221;50&#8243; single_overlay_anim=&#8221;no&#8221; single_text_anim=&#8221;no&#8221; single_image_anim=&#8221;no&#8221; single_padding=&#8221;2&#8243; single_border=&#8221;yes&#8221;][vc_custom_heading heading_semantic=&#8221;h5&#8243; text_size=&#8221;h3&#8243; text_align=&#8221;text-center&#8221; text_serif=&#8221;yes&#8221;]<strong>Descri\u00e7\u00e3o Geral do Projeto<\/strong>[\/vc_custom_heading][vc_column_text css=&#8221;.vc_custom_1618224802604{margin-top: 15px !important;}&#8221;]O projeto etwin &#8220;Common Values With Manga&#8221; foi criado por Eski\u015fehir Anadolu Lisesi e Mustafa Kemal MTAL. Neste projeto, os alunos ser\u00e3o envolvidos em atividades significativas para alcan\u00e7ar resultados, integrando-as em disciplinas, incluindo arte, literatura e as TIC.<\/p>\n<p>Foi realizado um inqu\u00e9rito para determinar os valores comuns que dever\u00e3o ser trabalhados, tendo resultado em valores tais como o direitos das mulheres, a empatia, etc.<\/p>\n<p>Apesar de praticarmos o desenho em manga, vimos que os nossos produtos finais poder\u00e3o ser convertidos em produtos multinacionais, adicionando uma fase de produ\u00e7\u00e3o de anima\u00e7\u00e3o e valores europeus, desafiando os nossos alunos dar um passo em frente para a cidadania europeia e acrescentar um valor acrescentado das TIC aos produtos que se pretende desenvolver.[\/vc_column_text][vc_row_inner row_inner_height_percent=&#8221;0&#8243; overlay_alpha=&#8221;50&#8243; gutter_size=&#8221;3&#8243; shift_y=&#8221;0&#8243; z_index=&#8221;0&#8243; el_id=&#8221;ing&#8221;][vc_column_inner column_width_percent=&#8221;100&#8243; gutter_size=&#8221;3&#8243; overlay_alpha=&#8221;50&#8243; shift_x=&#8221;0&#8243; shift_y=&#8221;0&#8243; z_index=&#8221;0&#8243; medium_width=&#8221;0&#8243; mobile_width=&#8221;0&#8243; width=&#8221;1\/1&#8243;][vc_separator][\/vc_column_inner][\/vc_row_inner][vc_custom_heading heading_semantic=&#8221;h5&#8243; text_size=&#8221;h3&#8243; text_align=&#8221;text-center&#8221; text_serif=&#8221;yes&#8221;]<strong>Objetivos<\/strong>[\/vc_custom_heading][vc_column_text css=&#8221;.vc_custom_1618225142043{margin-top: 15px !important;}&#8221;]<\/p>\n<ul>\n<li>Compreender a import\u00e2ncia dos valores em quest\u00e3o;<\/li>\n<li>Comparar as suas vis\u00f5es com as dos seus pares;<\/li>\n<li>Tomar consci\u00eancia destes valores usando a Manga e o Anime;<\/li>\n<li>Dar oportunidade aos alunos para se expressarem artisticamente numa linguagem transnacional;<\/li>\n<li>Potenciar o pensamento cr\u00edtico e a literacia dos media atuais;<\/li>\n<li>Desenvolver compet\u00eancias interculturais, digitais e lingu\u00edsticas;<\/li>\n<li>Combater desigualdades no acesso \u00e0s tecnologias digitais;<\/li>\n<li>Promover a aprendizagem atrav\u00e9s do fazer e do conviver coletivo<\/li>\n<\/ul>\n<p>[\/vc_column_text][vc_row_inner row_inner_height_percent=&#8221;0&#8243; overlay_alpha=&#8221;50&#8243; gutter_size=&#8221;3&#8243; shift_y=&#8221;0&#8243; z_index=&#8221;0&#8243; el_id=&#8221;ing&#8221;][vc_column_inner column_width_percent=&#8221;100&#8243; gutter_size=&#8221;3&#8243; overlay_alpha=&#8221;50&#8243; shift_x=&#8221;0&#8243; shift_y=&#8221;0&#8243; z_index=&#8221;0&#8243; medium_width=&#8221;0&#8243; mobile_width=&#8221;0&#8243; width=&#8221;1\/1&#8243;][vc_separator][\/vc_column_inner][\/vc_row_inner][vc_custom_heading heading_semantic=&#8221;h5&#8243; text_size=&#8221;h3&#8243; text_align=&#8221;text-center&#8221; text_serif=&#8221;yes&#8221;]<strong>Grupo-alvo<\/strong>[\/vc_custom_heading][vc_column_text css=&#8221;.vc_custom_1618224776260{margin-top: 15px !important;}&#8221;]O grupo-alvo do presente projeto s\u00e3o alunos de realidades diversas como as dos parceiros intervenientes &#8211; Turquia, Gr\u00e9cia, Rom\u00e9nia, Reino Unido e Portugal.[\/vc_column_text][vc_row_inner row_inner_height_percent=&#8221;0&#8243; overlay_alpha=&#8221;50&#8243; gutter_size=&#8221;3&#8243; shift_y=&#8221;0&#8243; z_index=&#8221;0&#8243; el_id=&#8221;ing&#8221;][vc_column_inner column_width_percent=&#8221;100&#8243; gutter_size=&#8221;3&#8243; overlay_alpha=&#8221;50&#8243; shift_x=&#8221;0&#8243; shift_y=&#8221;0&#8243; z_index=&#8221;0&#8243; medium_width=&#8221;0&#8243; mobile_width=&#8221;0&#8243; width=&#8221;1\/1&#8243;][vc_separator][\/vc_column_inner][\/vc_row_inner][vc_custom_heading heading_semantic=&#8221;h5&#8243; text_size=&#8221;h3&#8243; text_align=&#8221;text-center&#8221; text_serif=&#8221;yes&#8221;]<strong>Atividades<\/strong>[\/vc_custom_heading][vc_column_text css=&#8221;.vc_custom_1618224760624{margin-top: 15px !important;}&#8221;]As atividades deste projeto ser\u00e3o multidisciplinares e integrar\u00e3o Arte, Literatura e Tecnologia da Informa\u00e7\u00e3o e da Comunica\u00e7\u00e3o (TIC).<\/p>\n<p>As principais atividades prender-se-\u00e3o com o desenvolvimento do projeto atrav\u00e9s do sistema de mobilidade de curta dura\u00e7\u00e3o, e assente nas TIC, nos princ\u00edpios da anima\u00e7\u00e3o Anime e na plataforma de trabalho ETwining.<\/p>\n<p>Para tal, o projeto contemplar\u00e1 igualmente diversas forma\u00e7\u00f5es nas \u00e1reas e plataformas supracitadas.[\/vc_column_text][vc_row_inner row_inner_height_percent=&#8221;0&#8243; overlay_alpha=&#8221;50&#8243; gutter_size=&#8221;3&#8243; shift_y=&#8221;0&#8243; z_index=&#8221;0&#8243; el_id=&#8221;ing&#8221;][vc_column_inner column_width_percent=&#8221;100&#8243; gutter_size=&#8221;3&#8243; overlay_alpha=&#8221;50&#8243; shift_x=&#8221;0&#8243; shift_y=&#8221;0&#8243; z_index=&#8221;0&#8243; medium_width=&#8221;0&#8243; mobile_width=&#8221;0&#8243; width=&#8221;1\/1&#8243;][vc_separator][\/vc_column_inner][\/vc_row_inner][vc_custom_heading heading_semantic=&#8221;h5&#8243; text_size=&#8221;h3&#8243; text_align=&#8221;text-center&#8221; text_serif=&#8221;yes&#8221;]<strong>Resultados &#8211; Produtos<\/strong>[\/vc_custom_heading][vc_column_text css=&#8221;.vc_custom_1618224754440{margin-top: 15px !important;}&#8221;]Este projeto tem por objetivo a produ\u00e7\u00e3o final de 6 anima\u00e7\u00f5es e ebooks Anime onde ser\u00e1 explorado o tema da cidadania europeia e dos seus valores comuns.<br \/>\nO projeto ambiciona igualmente a organiza\u00e7\u00e3o de confer\u00eancias e exposi\u00e7\u00f5es sobres os referidos valores e sobre a forma art\u00edstica Manga.<br \/>\nOs produtos finais do projeto dever\u00e3o ser apresentados via Website, Youtube, ETwinning, Instagram, Plataforma de dissemina\u00e7\u00e3o Erasmus+ e imprensa local e nacional.[\/vc_column_text][vc_row_inner row_inner_height_percent=&#8221;0&#8243; overlay_alpha=&#8221;50&#8243; gutter_size=&#8221;3&#8243; shift_y=&#8221;0&#8243; z_index=&#8221;0&#8243; el_id=&#8221;ing&#8221;][vc_column_inner column_width_percent=&#8221;100&#8243; gutter_size=&#8221;3&#8243; overlay_alpha=&#8221;50&#8243; shift_x=&#8221;0&#8243; shift_y=&#8221;0&#8243; z_index=&#8221;0&#8243; medium_width=&#8221;0&#8243; mobile_width=&#8221;0&#8243; width=&#8221;1\/1&#8243;][vc_separator][\/vc_column_inner][\/vc_row_inner][vc_custom_heading heading_semantic=&#8221;h5&#8243; text_size=&#8221;h3&#8243; text_align=&#8221;text-center&#8221; text_serif=&#8221;yes&#8221;]<strong>Parceria<\/strong>[\/vc_custom_heading][vc_column_text css=&#8221;.vc_custom_1618224746849{margin-top: 15px !important;}&#8221;]<\/p>\n<ul>\n<li>6 GEL KAVALAS &#8211; \u039a\u0391\u0392\u0391L\u0391, Gr\u00e9cia.<\/li>\n<li>Liceul Teoretic Grigore Moisil Timisoara &#8211; Timisoara, Rom\u00e9nia.<\/li>\n<li>UTC Pymouth \u2013 Plymouth, Reino Unido.<\/li>\n<li>Eskisehir Anadolu Lisesi &#8211; Eskisehir, Turquia<\/li>\n<li>Epralima &#8211; Escola Profissional do Alto Lima<\/li>\n<\/ul>\n<p>[\/vc_column_text][\/vc_column][\/vc_row]<\/p>\n<\/div>","protected":false},"excerpt":{"rendered":"<p>[vc_row row_height_percent=&#8221;0&#8243; override_padding=&#8221;yes&#8221; h_padding=&#8221;0&#8243; top_padding=&#8221;3&#8243; bottom_padding=&#8221;3&#8243; overlay_alpha=&#8221;0&#8243; gutter_size=&#8221;100&#8243; shift_y=&#8221;0&#8243; style=&#8221;inherited&#8221;][vc_column column_width_percent=&#8221;100&#8243; position_horizontal=&#8221;left&#8221; gutter_size=&#8221;4&#8243; style=&#8221;light&#8221; overlay_alpha=&#8221;100&#8243; shift_x=&#8221;0&#8243; shift_y=&#8221;0&#8243; z_index=&#8221;0&#8243; medium_width=&#8221;0&#8243; zoom_width=&#8221;0&#8243; [&hellip;]<\/p>\n","protected":false},"author":1,"featured_media":89623,"parent":0,"menu_order":0,"comment_status":"open","ping_status":"open","template":"","meta":{"_acf_changed":false,"om_disable_all_campaigns":false,"_monsterinsights_skip_tracking":false,"_monsterinsights_sitenote_active":false,"_monsterinsights_sitenote_note":"","_monsterinsights_sitenote_category":0,"_uf_show_specific_survey":0,"_uf_disable_surveys":false,"footnotes":""},"portfolio_category":[120],"class_list":["post-89622","portfolio","type-portfolio","status-publish","has-post-thumbnail","hentry","portfolio_category-projetos-internacionais"],"acf":[],"aioseo_notices":[],"_links":{"self":[{"href":"https:\/\/www.epralima.com\/website\/wp-json\/wp\/v2\/portfolio\/89622","targetHints":{"allow":["GET"]}}],"collection":[{"href":"https:\/\/www.epralima.com\/website\/wp-json\/wp\/v2\/portfolio"}],"about":[{"href":"https:\/\/www.epralima.com\/website\/wp-json\/wp\/v2\/types\/portfolio"}],"author":[{"embeddable":true,"href":"https:\/\/www.epralima.com\/website\/wp-json\/wp\/v2\/users\/1"}],"replies":[{"embeddable":true,"href":"https:\/\/www.epralima.com\/website\/wp-json\/wp\/v2\/comments?post=89622"}],"version-history":[{"count":7,"href":"https:\/\/www.epralima.com\/website\/wp-json\/wp\/v2\/portfolio\/89622\/revisions"}],"predecessor-version":[{"id":89646,"href":"https:\/\/www.epralima.com\/website\/wp-json\/wp\/v2\/portfolio\/89622\/revisions\/89646"}],"wp:featuredmedia":[{"embeddable":true,"href":"https:\/\/www.epralima.com\/website\/wp-json\/wp\/v2\/media\/89623"}],"wp:attachment":[{"href":"https:\/\/www.epralima.com\/website\/wp-json\/wp\/v2\/media?parent=89622"}],"wp:term":[{"taxonomy":"portfolio_category","embeddable":true,"href":"https:\/\/www.epralima.com\/website\/wp-json\/wp\/v2\/portfolio_category?post=89622"}],"curies":[{"name":"wp","href":"https:\/\/api.w.org\/{rel}","templated":true}]}}

<div class="wpb-content-wrapper"><p>[vc_row row_height_percent=&#8221;0&#8243; override_padding=&#8221;yes&#8221; h_padding=&#8221;0&#8243; top_padding=&#8221;3&#8243; bottom_padding=&#8221;3&#8243; overlay_alpha=&#8221;0&#8243; gutter_size=&#8221;100&#8243; shift_y=&#8221;0&#8243; style=&#8221;inherited&#8221;][vc_column column_width_percent=&#8221;100&#8243; position_horizontal=&#8221;left&#8221; gutter_size=&#8221;4&#8243; style=&#8221;light&#8221; overlay_alpha=&#8221;100&#8243; shift_x=&#8221;0&#8243; shift_y=&#8221;0&#8243; z_index=&#8221;0&#8243; medium_width=&#8221;0&#8243; zoom_width=&#8221;0&#8243; zoom_height=&#8221;0&#8243; width=&#8221;1/1&#8243;][vc_gallery el_id=&#8221;gallery-749185&#8243; type=&#8221;carousel&#8221; medias=&#8221;89623&#8243; carousel_lg=&#8221;1&#8243; carousel_md=&#8221;1&#8243; carousel_sm=&#8221;1&#8243; thumb_size=&#8221;sixteen-nine&#8221; gutter_size=&#8221;0&#8243; media_items=&#8221;media|nolink|original,icon&#8221; carousel_type=&#8221;fade&#8221; carousel_interval=&#8221;5000&#8243; carousel_navspeed=&#8221;1000&#8243; carousel_loop=&#8221;yes&#8221; carousel_nav=&#8221;yes&#8221; carousel_dots=&#8221;yes&#8221; carousel_dots_inside=&#8221;yes&#8221; carousel_dot_padding=&#8221;2&#8243; stage_padding=&#8221;0&#8243; single_overlay_opacity=&#8221;50&#8243; single_overlay_anim=&#8221;no&#8221; single_text_anim=&#8221;no&#8221; single_image_anim=&#8221;no&#8221; single_padding=&#8221;2&#8243; single_border=&#8221;yes&#8221;][vc_custom_heading heading_semantic=&#8221;h5&#8243; text_size=&#8221;h3&#8243; text_align=&#8221;text-center&#8221; text_serif=&#8221;yes&#8221;]<strong>Descrição Geral do Projeto</strong>[/vc_custom_heading][vc_column_text css=&#8221;.vc_custom_1618224802604{margin-top: 15px !important;}&#8221;]O projeto etwin &#8220;Common Values With Manga&#8221; foi criado por Eskişehir Anadolu Lisesi e Mustafa Kemal MTAL. Neste projeto, os alunos serão envolvidos em atividades significativas para alcançar resultados, integrando-as em disciplinas, incluindo arte, literatura e as TIC.</p>
<p>Foi realizado um inquérito para determinar os valores comuns que deverão ser trabalhados, tendo resultado em valores tais como o direitos das mulheres, a empatia, etc.</p>
<p>Apesar de praticarmos o desenho em manga, vimos que os nossos produtos finais poderão ser convertidos em produtos multinacionais, adicionando uma fase de produção de animação e valores europeus, desafiando os nossos alunos dar um passo em frente para a cidadania europeia e acrescentar um valor acrescentado das TIC aos produtos que se pretende desenvolver.[/vc_column_text][vc_row_inner row_inner_height_percent=&#8221;0&#8243; overlay_alpha=&#8221;50&#8243; gutter_size=&#8221;3&#8243; shift_y=&#8221;0&#8243; z_index=&#8221;0&#8243; el_id=&#8221;ing&#8221;][vc_column_inner column_width_percent=&#8221;100&#8243; gutter_size=&#8221;3&#8243; overlay_alpha=&#8221;50&#8243; shift_x=&#8221;0&#8243; shift_y=&#8221;0&#8243; z_index=&#8221;0&#8243; medium_width=&#8221;0&#8243; mobile_width=&#8221;0&#8243; width=&#8221;1/1&#8243;][vc_separator][/vc_column_inner][/vc_row_inner][vc_custom_heading heading_semantic=&#8221;h5&#8243; text_size=&#8221;h3&#8243; text_align=&#8221;text-center&#8221; text_serif=&#8221;yes&#8221;]<strong>Objetivos</strong>[/vc_custom_heading][vc_column_text css=&#8221;.vc_custom_1618225142043{margin-top: 15px !important;}&#8221;]</p>
<ul>
<li>Compreender a importância dos valores em questão;</li>
<li>Comparar as suas visões com as dos seus pares;</li>
<li>Tomar consciência destes valores usando a Manga e o Anime;</li>
<li>Dar oportunidade aos alunos para se expressarem artisticamente numa linguagem transnacional;</li>
<li>Potenciar o pensamento crítico e a literacia dos media atuais;</li>
<li>Desenvolver competências interculturais, digitais e linguísticas;</li>
<li>Combater desigualdades no acesso às tecnologias digitais;</li>
<li>Promover a aprendizagem através do fazer e do conviver coletivo</li>
</ul>
<p>[/vc_column_text][vc_row_inner row_inner_height_percent=&#8221;0&#8243; overlay_alpha=&#8221;50&#8243; gutter_size=&#8221;3&#8243; shift_y=&#8221;0&#8243; z_index=&#8221;0&#8243; el_id=&#8221;ing&#8221;][vc_column_inner column_width_percent=&#8221;100&#8243; gutter_size=&#8221;3&#8243; overlay_alpha=&#8221;50&#8243; shift_x=&#8221;0&#8243; shift_y=&#8221;0&#8243; z_index=&#8221;0&#8243; medium_width=&#8221;0&#8243; mobile_width=&#8221;0&#8243; width=&#8221;1/1&#8243;][vc_separator][/vc_column_inner][/vc_row_inner][vc_custom_heading heading_semantic=&#8221;h5&#8243; text_size=&#8221;h3&#8243; text_align=&#8221;text-center&#8221; text_serif=&#8221;yes&#8221;]<strong>Grupo-alvo</strong>[/vc_custom_heading][vc_column_text css=&#8221;.vc_custom_1618224776260{margin-top: 15px !important;}&#8221;]O grupo-alvo do presente projeto são alunos de realidades diversas como as dos parceiros intervenientes &#8211; Turquia, Grécia, Roménia, Reino Unido e Portugal.[/vc_column_text][vc_row_inner row_inner_height_percent=&#8221;0&#8243; overlay_alpha=&#8221;50&#8243; gutter_size=&#8221;3&#8243; shift_y=&#8221;0&#8243; z_index=&#8221;0&#8243; el_id=&#8221;ing&#8221;][vc_column_inner column_width_percent=&#8221;100&#8243; gutter_size=&#8221;3&#8243; overlay_alpha=&#8221;50&#8243; shift_x=&#8221;0&#8243; shift_y=&#8221;0&#8243; z_index=&#8221;0&#8243; medium_width=&#8221;0&#8243; mobile_width=&#8221;0&#8243; width=&#8221;1/1&#8243;][vc_separator][/vc_column_inner][/vc_row_inner][vc_custom_heading heading_semantic=&#8221;h5&#8243; text_size=&#8221;h3&#8243; text_align=&#8221;text-center&#8221; text_serif=&#8221;yes&#8221;]<strong>Atividades</strong>[/vc_custom_heading][vc_column_text css=&#8221;.vc_custom_1618224760624{margin-top: 15px !important;}&#8221;]As atividades deste projeto serão multidisciplinares e integrarão Arte, Literatura e Tecnologia da Informação e da Comunicação (TIC).</p>
<p>As principais atividades prender-se-ão com o desenvolvimento do projeto através do sistema de mobilidade de curta duração, e assente nas TIC, nos princípios da animação Anime e na plataforma de trabalho ETwining.</p>
<p>Para tal, o projeto contemplará igualmente diversas formações nas áreas e plataformas supracitadas.[/vc_column_text][vc_row_inner row_inner_height_percent=&#8221;0&#8243; overlay_alpha=&#8221;50&#8243; gutter_size=&#8221;3&#8243; shift_y=&#8221;0&#8243; z_index=&#8221;0&#8243; el_id=&#8221;ing&#8221;][vc_column_inner column_width_percent=&#8221;100&#8243; gutter_size=&#8221;3&#8243; overlay_alpha=&#8221;50&#8243; shift_x=&#8221;0&#8243; shift_y=&#8221;0&#8243; z_index=&#8221;0&#8243; medium_width=&#8221;0&#8243; mobile_width=&#8221;0&#8243; width=&#8221;1/1&#8243;][vc_separator][/vc_column_inner][/vc_row_inner][vc_custom_heading heading_semantic=&#8221;h5&#8243; text_size=&#8221;h3&#8243; text_align=&#8221;text-center&#8221; text_serif=&#8221;yes&#8221;]<strong>Resultados &#8211; Produtos</strong>[/vc_custom_heading][vc_column_text css=&#8221;.vc_custom_1618224754440{margin-top: 15px !important;}&#8221;]Este projeto tem por objetivo a produção final de 6 animações e ebooks Anime onde será explorado o tema da cidadania europeia e dos seus valores comuns.<br />
O projeto ambiciona igualmente a organização de conferências e exposições sobres os referidos valores e sobre a forma artística Manga.<br />
Os produtos finais do projeto deverão ser apresentados via Website, Youtube, ETwinning, Instagram, Plataforma de disseminação Erasmus+ e imprensa local e nacional.[/vc_column_text][vc_row_inner row_inner_height_percent=&#8221;0&#8243; overlay_alpha=&#8221;50&#8243; gutter_size=&#8221;3&#8243; shift_y=&#8221;0&#8243; z_index=&#8221;0&#8243; el_id=&#8221;ing&#8221;][vc_column_inner column_width_percent=&#8221;100&#8243; gutter_size=&#8221;3&#8243; overlay_alpha=&#8221;50&#8243; shift_x=&#8221;0&#8243; shift_y=&#8221;0&#8243; z_index=&#8221;0&#8243; medium_width=&#8221;0&#8243; mobile_width=&#8221;0&#8243; width=&#8221;1/1&#8243;][vc_separator][/vc_column_inner][/vc_row_inner][vc_custom_heading heading_semantic=&#8221;h5&#8243; text_size=&#8221;h3&#8243; text_align=&#8221;text-center&#8221; text_serif=&#8221;yes&#8221;]<strong>Parceria</strong>[/vc_custom_heading][vc_column_text css=&#8221;.vc_custom_1618224746849{margin-top: 15px !important;}&#8221;]</p>
<ul>
<li>6 GEL KAVALAS &#8211; ΚΑΒΑLΑ, Grécia.</li>
<li>Liceul Teoretic Grigore Moisil Timisoara &#8211; Timisoara, Roménia.</li>
<li>UTC Pymouth – Plymouth, Reino Unido.</li>
<li>Eskisehir Anadolu Lisesi &#8211; Eskisehir, Turquia</li>
<li>Epralima &#8211; Escola Profissional do Alto Lima</li>
</ul>
<p>[/vc_column_text][/vc_column][/vc_row]</p>
</div>
