{"id":89614,"date":"2021-04-09T09:58:25","date_gmt":"2021-04-09T09:58:25","guid":{"rendered":"http:\/\/epralima.com\/website\/?post_type=portfolio&#038;p=89614"},"modified":"2021-05-17T12:10:15","modified_gmt":"2021-05-17T12:10:15","slug":"pathway-towards-inclusive-education","status":"publish","type":"portfolio","link":"https:\/\/www.epralima.com\/website\/portfolio\/pathway-towards-inclusive-education\/","title":{"rendered":"Pathway Towards Inclusive Education"},"content":{"rendered":"<div class=\"wpb-content-wrapper\"><p>[vc_row row_height_percent=&#8221;0&#8243; override_padding=&#8221;yes&#8221; h_padding=&#8221;0&#8243; top_padding=&#8221;3&#8243; bottom_padding=&#8221;3&#8243; overlay_alpha=&#8221;0&#8243; gutter_size=&#8221;100&#8243; shift_y=&#8221;0&#8243; style=&#8221;inherited&#8221;][vc_column column_width_percent=&#8221;100&#8243; position_horizontal=&#8221;left&#8221; gutter_size=&#8221;4&#8243; style=&#8221;light&#8221; overlay_alpha=&#8221;100&#8243; shift_x=&#8221;0&#8243; shift_y=&#8221;0&#8243; z_index=&#8221;0&#8243; medium_width=&#8221;0&#8243; zoom_width=&#8221;0&#8243; zoom_height=&#8221;0&#8243; width=&#8221;1\/1&#8243;][vc_gallery el_id=&#8221;gallery-749185&#8243; type=&#8221;carousel&#8221; medias=&#8221;89626&#8243; carousel_lg=&#8221;1&#8243; carousel_md=&#8221;1&#8243; carousel_sm=&#8221;1&#8243; thumb_size=&#8221;sixteen-nine&#8221; gutter_size=&#8221;0&#8243; media_items=&#8221;media|nolink|original,icon&#8221; carousel_type=&#8221;fade&#8221; carousel_interval=&#8221;5000&#8243; carousel_navspeed=&#8221;1000&#8243; carousel_loop=&#8221;yes&#8221; carousel_nav=&#8221;yes&#8221; carousel_dots=&#8221;yes&#8221; carousel_dots_inside=&#8221;yes&#8221; carousel_dot_padding=&#8221;2&#8243; stage_padding=&#8221;0&#8243; single_overlay_opacity=&#8221;50&#8243; single_overlay_anim=&#8221;no&#8221; single_text_anim=&#8221;no&#8221; single_image_anim=&#8221;no&#8221; single_padding=&#8221;2&#8243; single_border=&#8221;yes&#8221;][vc_custom_heading heading_semantic=&#8221;h5&#8243; text_size=&#8221;h3&#8243; text_align=&#8221;text-center&#8221; text_serif=&#8221;yes&#8221;]<strong>Descri\u00e7\u00e3o Geral do Projeto<\/strong>[\/vc_custom_heading][vc_column_text css=&#8221;.vc_custom_1618222852841{margin-top: 15px !important;}&#8221;]<\/p>\n<div class=\"vc_custom_heading_wrap \">\n<div class=\"heading-text el-text\">\n<div>\n<p>O presente projeto pretende colmatar lacunas identificadas pela Epralima, tais como: compet\u00eancias t\u00e9cnicas, profissionais, lingu\u00edsticas e transversais, com vista \u00e0 melhoria da qualifica\u00e7\u00e3o\/empregabilidade.<\/p>\n<\/div>\n<\/div>\n<div class=\"clear\"><\/div>\n<\/div>\n<p>[\/vc_column_text][vc_row_inner row_inner_height_percent=&#8221;0&#8243; overlay_alpha=&#8221;50&#8243; gutter_size=&#8221;3&#8243; shift_y=&#8221;0&#8243; z_index=&#8221;0&#8243; el_id=&#8221;ing&#8221;][vc_column_inner column_width_percent=&#8221;100&#8243; gutter_size=&#8221;3&#8243; overlay_alpha=&#8221;50&#8243; shift_x=&#8221;0&#8243; shift_y=&#8221;0&#8243; z_index=&#8221;0&#8243; medium_width=&#8221;0&#8243; mobile_width=&#8221;0&#8243; width=&#8221;1\/1&#8243;][vc_separator][\/vc_column_inner][\/vc_row_inner][vc_custom_heading heading_semantic=&#8221;h5&#8243; text_size=&#8221;h3&#8243; text_align=&#8221;text-center&#8221; text_serif=&#8221;yes&#8221;]<strong>Grupo-alvo<\/strong>[\/vc_custom_heading][vc_column_text css=&#8221;.vc_custom_1618224550849{margin-top: 15px !important;}&#8221;]<\/p>\n<div class=\"vc_custom_heading_wrap \">\n<div class=\"heading-text el-text\">\n<ul>\n<li>Alunos<\/li>\n<li>Rec\u00e9m graduados<\/li>\n<li>Colaboradores da EPRALIMA<\/li>\n<\/ul>\n<\/div>\n<p class=\"clear\">\n<\/div>\n<p>[\/vc_column_text][vc_row_inner row_inner_height_percent=&#8221;0&#8243; overlay_alpha=&#8221;50&#8243; gutter_size=&#8221;3&#8243; shift_y=&#8221;0&#8243; z_index=&#8221;0&#8243; el_id=&#8221;ing&#8221;][vc_column_inner column_width_percent=&#8221;100&#8243; gutter_size=&#8221;3&#8243; overlay_alpha=&#8221;50&#8243; shift_x=&#8221;0&#8243; shift_y=&#8221;0&#8243; z_index=&#8221;0&#8243; medium_width=&#8221;0&#8243; mobile_width=&#8221;0&#8243; width=&#8221;1\/1&#8243;][vc_separator][\/vc_column_inner][\/vc_row_inner][vc_custom_heading heading_semantic=&#8221;h5&#8243; text_size=&#8221;h3&#8243; text_align=&#8221;text-center&#8221; text_serif=&#8221;yes&#8221;]<strong>Atividades<\/strong>[\/vc_custom_heading][vc_column_text css=&#8221;.vc_custom_1618223890875{margin-top: 15px !important;}&#8221;]<\/p>\n<ul>\n<li>36 Mobilidades FPI: est\u00e1gios profissionais (EP) em empresas;<\/li>\n<li>6 Mobilidades rec\u00e9m-graduados (RG): EP em empresas;<\/li>\n<li>16 staff: forma\u00e7\u00e3o em organiza\u00e7\u00f5es que trabalham direta\/indiretamente com EFP.<\/li>\n<\/ul>\n<p>As atividades dos FPI, RG e staff ser\u00e3o organizadas em 3 etapas, distribu\u00eddas por v\u00e1rios fluxos durante os 24 meses nos seguintes pa\u00edses: Espanha, It\u00e1lia, Litu\u00e2nia, Malta, Pol\u00f3nia, Rom\u00e9nia e Su\u00e9cia.<\/p>\n<p>Estes est\u00e1gios profissionais est\u00e3o direcionados para o desenvolvimento, aperfei\u00e7oamento e pr\u00e1tica de compet\u00eancias t\u00e9cnicas das \u00e1reas: anima\u00e7\u00e3o\/turismo, auxiliares de sa\u00fade, desporto, eletr\u00f3nica\/automa\u00e7\u00e3o, esteticismo, instala\u00e7\u00f5es el\u00e9tricas, marketing\/publicidade, manuten\u00e7\u00e3o industrial\/eletromec\u00e2nica, rece\u00e7\u00e3o, restaura\u00e7\u00e3o, Prote\u00e7\u00e3o Civil, TIC (desenho digital 3D), e vendas.[\/vc_column_text][vc_row_inner row_inner_height_percent=&#8221;0&#8243; overlay_alpha=&#8221;50&#8243; gutter_size=&#8221;3&#8243; shift_y=&#8221;0&#8243; z_index=&#8221;0&#8243; el_id=&#8221;ing&#8221;][vc_column_inner column_width_percent=&#8221;100&#8243; gutter_size=&#8221;3&#8243; overlay_alpha=&#8221;50&#8243; shift_x=&#8221;0&#8243; shift_y=&#8221;0&#8243; z_index=&#8221;0&#8243; medium_width=&#8221;0&#8243; mobile_width=&#8221;0&#8243; width=&#8221;1\/1&#8243;][vc_separator][\/vc_column_inner][\/vc_row_inner][vc_custom_heading heading_semantic=&#8221;h5&#8243; text_size=&#8221;h3&#8243; text_align=&#8221;text-center&#8221; text_serif=&#8221;yes&#8221;]<strong>Resultados &#8211; Produtos<\/strong>[\/vc_custom_heading][vc_column_text css=&#8221;.vc_custom_1618223995342{margin-top: 15px !important;}&#8221;]Os alunos ir\u00e3o:<\/p>\n<ul>\n<li>Adquirir e\/ou aperfei\u00e7oar os conhecimentos t\u00e9cnicos na sua \u00e1rea de forma\u00e7\u00e3o;<\/li>\n<li>Melhorar a qualidade do seu perfil profissional, atrav\u00e9s da aplica\u00e7\u00e3o de novas t\u00e9cnicas de trabalho relacionadas com a sua \u00e1rea profissional, aumentando desta forma as perspetivas de empregabilidade;<\/li>\n<li>Adotar uma postura mais polivalente, aut\u00f3noma e de confian\u00e7a relativamente \u00e0 sua \u00e1rea profissional, atrav\u00e9s da exposi\u00e7\u00e3o a novos contextos e situa\u00e7\u00f5es;<\/li>\n<li>Gerir o tempo com o intuito de concretizar objetivos;<\/li>\n<li>Aplicar os conhecimentos te\u00f3ricos obtidos at\u00e9 \u00e0 data da mobilidade, melhorando a sua predisposi\u00e7\u00e3o no que toca ao processo de ensino-aprendizagem;<\/li>\n<li>Aumentar as compet\u00eancias transversais, sobretudo as que dizem respeito ao saber-estar do participante, como trabalho em grupo, coopera\u00e7\u00e3o e adapta\u00e7\u00e3o a ambientes multiculturais;<\/li>\n<li>Adotar uma postura mais flex\u00edvel e tolerante atrav\u00e9s do respeito pelos valores, cren\u00e7as e opini\u00f5es diferentes devido \u00e0 sua exposi\u00e7\u00e3o a culturas diferentes, enriquecendo os participantes em termos culturais;<\/li>\n<li>Aumentar os conhecimentos lingu\u00edsticos da l\u00edngua Inglesa, especialmente as dimens\u00f5es de compreens\u00e3o e conversa\u00e7\u00e3o: compreens\u00e3o oral, intera\u00e7\u00e3o oral e produ\u00e7\u00e3o oral e adquirir uma vis\u00e3o mais transparente no que diz respeito \u00e0 sua posi\u00e7\u00e3o enquanto cidad\u00e3o da Uni\u00e3o Europeia.<\/li>\n<\/ul>\n<p>As mobilidades do Staff consistir\u00e1 numa troca de saberes\/experi\u00eancias, sistemas de avalia\u00e7\u00e3o de aprendizagens, e realiza\u00e7\u00e3o de uma s\u00e9rie de atividades de trabalho direcionado ao tema \u2013 Educa\u00e7\u00e3o Inclusiva (job shadowing) &#8211; A educa\u00e7\u00e3o inclusiva tem vindo a afirmar-se, a n\u00edvel mundial, enquanto meta a alcan\u00e7ar pelos sistemas educativos.[\/vc_column_text][vc_row_inner row_inner_height_percent=&#8221;0&#8243; overlay_alpha=&#8221;50&#8243; gutter_size=&#8221;3&#8243; shift_y=&#8221;0&#8243; z_index=&#8221;0&#8243; el_id=&#8221;ing&#8221;][vc_column_inner column_width_percent=&#8221;100&#8243; gutter_size=&#8221;3&#8243; overlay_alpha=&#8221;50&#8243; shift_x=&#8221;0&#8243; shift_y=&#8221;0&#8243; z_index=&#8221;0&#8243; medium_width=&#8221;0&#8243; mobile_width=&#8221;0&#8243; width=&#8221;1\/1&#8243;][vc_separator][\/vc_column_inner][\/vc_row_inner][vc_custom_heading heading_semantic=&#8221;h5&#8243; text_size=&#8221;h3&#8243; text_align=&#8221;text-center&#8221; text_serif=&#8221;yes&#8221;]<strong>Parceria<\/strong>[\/vc_custom_heading][vc_column_text css=&#8221;.vc_custom_1618224045552{margin-top: 15px !important;}&#8221;]<\/p>\n<ul>\n<li>Dual Smart S.R.L. \u2013 Rom\u00e9nia (Brasov)<\/li>\n<li>EUROPEAN GRANTS INTERNATIONAL ACADEMY SRL \u2013 It\u00e1lia (Foligno)<\/li>\n<li>Futurum &#8211; Coordination of EU Projects \u2013 Pol\u00f3nia (Wroclaw)<\/li>\n<li>ICSE &amp; CO \u2013 It\u00e1lia (Floren\u00e7a)<\/li>\n<li>INTERNATIONAL CONSULTING AND MOBILITY AGENCY SOCIEDAD DE RESPONSABILIDAD LIMITADA \u2013 Espanha (Sevilha)<\/li>\n<li>Formacion FU SL \u2013 Espanha (Tenerife)<\/li>\n<li>PARAGON LIMITED \u2013 Malta (Mosta)<\/li>\n<li>VILNIAUS TURIZMO IR PREKYBOS VERSLOMOKYKLA \u2013 Litu\u00e2nia (Vilnius)<\/li>\n<\/ul>\n<p>[\/vc_column_text][vc_row_inner row_inner_height_percent=&#8221;0&#8243; overlay_alpha=&#8221;50&#8243; gutter_size=&#8221;3&#8243; shift_y=&#8221;0&#8243; z_index=&#8221;0&#8243; el_id=&#8221;ing&#8221;][vc_column_inner column_width_percent=&#8221;100&#8243; gutter_size=&#8221;3&#8243; overlay_alpha=&#8221;50&#8243; shift_x=&#8221;0&#8243; shift_y=&#8221;0&#8243; z_index=&#8221;0&#8243; medium_width=&#8221;0&#8243; mobile_width=&#8221;0&#8243; width=&#8221;1\/1&#8243;][vc_separator][\/vc_column_inner][\/vc_row_inner][vc_custom_heading heading_semantic=&#8221;h5&#8243; text_size=&#8221;h3&#8243; text_align=&#8221;text-center&#8221; text_serif=&#8221;yes&#8221; el_class=&#8221;info&#8221;]<strong>Mais Informa\u00e7\u00f5es<\/strong>[\/vc_custom_heading][vc_column_text css=&#8221;.vc_custom_1621253410676{margin-top: 15px !important;}&#8221;]<a href=\"http:\/\/www.facebook.com\/epralima.escolaprofissional\/\">http:\/\/www.facebook.com\/epralima.escolaprofissional\/<\/a>[\/vc_column_text][\/vc_column][\/vc_row]<\/p>\n<\/div>","protected":false},"excerpt":{"rendered":"<p>[vc_row row_height_percent=&#8221;0&#8243; override_padding=&#8221;yes&#8221; h_padding=&#8221;0&#8243; top_padding=&#8221;3&#8243; bottom_padding=&#8221;3&#8243; overlay_alpha=&#8221;0&#8243; gutter_size=&#8221;100&#8243; shift_y=&#8221;0&#8243; style=&#8221;inherited&#8221;][vc_column column_width_percent=&#8221;100&#8243; position_horizontal=&#8221;left&#8221; gutter_size=&#8221;4&#8243; style=&#8221;light&#8221; overlay_alpha=&#8221;100&#8243; shift_x=&#8221;0&#8243; shift_y=&#8221;0&#8243; z_index=&#8221;0&#8243; medium_width=&#8221;0&#8243; zoom_width=&#8221;0&#8243; [&hellip;]<\/p>\n","protected":false},"author":1,"featured_media":89626,"parent":0,"menu_order":0,"comment_status":"open","ping_status":"open","template":"","meta":{"_acf_changed":false,"om_disable_all_campaigns":false,"_monsterinsights_skip_tracking":false,"_monsterinsights_sitenote_active":false,"_monsterinsights_sitenote_note":"","_monsterinsights_sitenote_category":0,"_uf_show_specific_survey":0,"_uf_disable_surveys":false,"footnotes":""},"portfolio_category":[120],"class_list":["post-89614","portfolio","type-portfolio","status-publish","has-post-thumbnail","hentry","portfolio_category-projetos-internacionais"],"acf":[],"aioseo_notices":[],"_links":{"self":[{"href":"https:\/\/www.epralima.com\/website\/wp-json\/wp\/v2\/portfolio\/89614","targetHints":{"allow":["GET"]}}],"collection":[{"href":"https:\/\/www.epralima.com\/website\/wp-json\/wp\/v2\/portfolio"}],"about":[{"href":"https:\/\/www.epralima.com\/website\/wp-json\/wp\/v2\/types\/portfolio"}],"author":[{"embeddable":true,"href":"https:\/\/www.epralima.com\/website\/wp-json\/wp\/v2\/users\/1"}],"replies":[{"embeddable":true,"href":"https:\/\/www.epralima.com\/website\/wp-json\/wp\/v2\/comments?post=89614"}],"version-history":[{"count":6,"href":"https:\/\/www.epralima.com\/website\/wp-json\/wp\/v2\/portfolio\/89614\/revisions"}],"predecessor-version":[{"id":90692,"href":"https:\/\/www.epralima.com\/website\/wp-json\/wp\/v2\/portfolio\/89614\/revisions\/90692"}],"wp:featuredmedia":[{"embeddable":true,"href":"https:\/\/www.epralima.com\/website\/wp-json\/wp\/v2\/media\/89626"}],"wp:attachment":[{"href":"https:\/\/www.epralima.com\/website\/wp-json\/wp\/v2\/media?parent=89614"}],"wp:term":[{"taxonomy":"portfolio_category","embeddable":true,"href":"https:\/\/www.epralima.com\/website\/wp-json\/wp\/v2\/portfolio_category?post=89614"}],"curies":[{"name":"wp","href":"https:\/\/api.w.org\/{rel}","templated":true}]}}

<div class="wpb-content-wrapper"><p>[vc_row row_height_percent=&#8221;0&#8243; override_padding=&#8221;yes&#8221; h_padding=&#8221;0&#8243; top_padding=&#8221;3&#8243; bottom_padding=&#8221;3&#8243; overlay_alpha=&#8221;0&#8243; gutter_size=&#8221;100&#8243; shift_y=&#8221;0&#8243; style=&#8221;inherited&#8221;][vc_column column_width_percent=&#8221;100&#8243; position_horizontal=&#8221;left&#8221; gutter_size=&#8221;4&#8243; style=&#8221;light&#8221; overlay_alpha=&#8221;100&#8243; shift_x=&#8221;0&#8243; shift_y=&#8221;0&#8243; z_index=&#8221;0&#8243; medium_width=&#8221;0&#8243; zoom_width=&#8221;0&#8243; zoom_height=&#8221;0&#8243; width=&#8221;1/1&#8243;][vc_gallery el_id=&#8221;gallery-749185&#8243; type=&#8221;carousel&#8221; medias=&#8221;89626&#8243; carousel_lg=&#8221;1&#8243; carousel_md=&#8221;1&#8243; carousel_sm=&#8221;1&#8243; thumb_size=&#8221;sixteen-nine&#8221; gutter_size=&#8221;0&#8243; media_items=&#8221;media|nolink|original,icon&#8221; carousel_type=&#8221;fade&#8221; carousel_interval=&#8221;5000&#8243; carousel_navspeed=&#8221;1000&#8243; carousel_loop=&#8221;yes&#8221; carousel_nav=&#8221;yes&#8221; carousel_dots=&#8221;yes&#8221; carousel_dots_inside=&#8221;yes&#8221; carousel_dot_padding=&#8221;2&#8243; stage_padding=&#8221;0&#8243; single_overlay_opacity=&#8221;50&#8243; single_overlay_anim=&#8221;no&#8221; single_text_anim=&#8221;no&#8221; single_image_anim=&#8221;no&#8221; single_padding=&#8221;2&#8243; single_border=&#8221;yes&#8221;][vc_custom_heading heading_semantic=&#8221;h5&#8243; text_size=&#8221;h3&#8243; text_align=&#8221;text-center&#8221; text_serif=&#8221;yes&#8221;]<strong>Descrição Geral do Projeto</strong>[/vc_custom_heading][vc_column_text css=&#8221;.vc_custom_1618222852841{margin-top: 15px !important;}&#8221;]</p>
<div class="vc_custom_heading_wrap ">
<div class="heading-text el-text">
<div>
<p>O presente projeto pretende colmatar lacunas identificadas pela Epralima, tais como: competências técnicas, profissionais, linguísticas e transversais, com vista à melhoria da qualificação/empregabilidade.</p>
</div>
</div>
<div class="clear"></div>
</div>
<p>[/vc_column_text][vc_row_inner row_inner_height_percent=&#8221;0&#8243; overlay_alpha=&#8221;50&#8243; gutter_size=&#8221;3&#8243; shift_y=&#8221;0&#8243; z_index=&#8221;0&#8243; el_id=&#8221;ing&#8221;][vc_column_inner column_width_percent=&#8221;100&#8243; gutter_size=&#8221;3&#8243; overlay_alpha=&#8221;50&#8243; shift_x=&#8221;0&#8243; shift_y=&#8221;0&#8243; z_index=&#8221;0&#8243; medium_width=&#8221;0&#8243; mobile_width=&#8221;0&#8243; width=&#8221;1/1&#8243;][vc_separator][/vc_column_inner][/vc_row_inner][vc_custom_heading heading_semantic=&#8221;h5&#8243; text_size=&#8221;h3&#8243; text_align=&#8221;text-center&#8221; text_serif=&#8221;yes&#8221;]<strong>Grupo-alvo</strong>[/vc_custom_heading][vc_column_text css=&#8221;.vc_custom_1618224550849{margin-top: 15px !important;}&#8221;]</p>
<div class="vc_custom_heading_wrap ">
<div class="heading-text el-text">
<ul>
<li>Alunos</li>
<li>Recém graduados</li>
<li>Colaboradores da EPRALIMA</li>
</ul>
</div>
<p class="clear">
</div>
<p>[/vc_column_text][vc_row_inner row_inner_height_percent=&#8221;0&#8243; overlay_alpha=&#8221;50&#8243; gutter_size=&#8221;3&#8243; shift_y=&#8221;0&#8243; z_index=&#8221;0&#8243; el_id=&#8221;ing&#8221;][vc_column_inner column_width_percent=&#8221;100&#8243; gutter_size=&#8221;3&#8243; overlay_alpha=&#8221;50&#8243; shift_x=&#8221;0&#8243; shift_y=&#8221;0&#8243; z_index=&#8221;0&#8243; medium_width=&#8221;0&#8243; mobile_width=&#8221;0&#8243; width=&#8221;1/1&#8243;][vc_separator][/vc_column_inner][/vc_row_inner][vc_custom_heading heading_semantic=&#8221;h5&#8243; text_size=&#8221;h3&#8243; text_align=&#8221;text-center&#8221; text_serif=&#8221;yes&#8221;]<strong>Atividades</strong>[/vc_custom_heading][vc_column_text css=&#8221;.vc_custom_1618223890875{margin-top: 15px !important;}&#8221;]</p>
<ul>
<li>36 Mobilidades FPI: estágios profissionais (EP) em empresas;</li>
<li>6 Mobilidades recém-graduados (RG): EP em empresas;</li>
<li>16 staff: formação em organizações que trabalham direta/indiretamente com EFP.</li>
</ul>
<p>As atividades dos FPI, RG e staff serão organizadas em 3 etapas, distribuídas por vários fluxos durante os 24 meses nos seguintes países: Espanha, Itália, Lituânia, Malta, Polónia, Roménia e Suécia.</p>
<p>Estes estágios profissionais estão direcionados para o desenvolvimento, aperfeiçoamento e prática de competências técnicas das áreas: animação/turismo, auxiliares de saúde, desporto, eletrónica/automação, esteticismo, instalações elétricas, marketing/publicidade, manutenção industrial/eletromecânica, receção, restauração, Proteção Civil, TIC (desenho digital 3D), e vendas.[/vc_column_text][vc_row_inner row_inner_height_percent=&#8221;0&#8243; overlay_alpha=&#8221;50&#8243; gutter_size=&#8221;3&#8243; shift_y=&#8221;0&#8243; z_index=&#8221;0&#8243; el_id=&#8221;ing&#8221;][vc_column_inner column_width_percent=&#8221;100&#8243; gutter_size=&#8221;3&#8243; overlay_alpha=&#8221;50&#8243; shift_x=&#8221;0&#8243; shift_y=&#8221;0&#8243; z_index=&#8221;0&#8243; medium_width=&#8221;0&#8243; mobile_width=&#8221;0&#8243; width=&#8221;1/1&#8243;][vc_separator][/vc_column_inner][/vc_row_inner][vc_custom_heading heading_semantic=&#8221;h5&#8243; text_size=&#8221;h3&#8243; text_align=&#8221;text-center&#8221; text_serif=&#8221;yes&#8221;]<strong>Resultados &#8211; Produtos</strong>[/vc_custom_heading][vc_column_text css=&#8221;.vc_custom_1618223995342{margin-top: 15px !important;}&#8221;]Os alunos irão:</p>
<ul>
<li>Adquirir e/ou aperfeiçoar os conhecimentos técnicos na sua área de formação;</li>
<li>Melhorar a qualidade do seu perfil profissional, através da aplicação de novas técnicas de trabalho relacionadas com a sua área profissional, aumentando desta forma as perspetivas de empregabilidade;</li>
<li>Adotar uma postura mais polivalente, autónoma e de confiança relativamente à sua área profissional, através da exposição a novos contextos e situações;</li>
<li>Gerir o tempo com o intuito de concretizar objetivos;</li>
<li>Aplicar os conhecimentos teóricos obtidos até à data da mobilidade, melhorando a sua predisposição no que toca ao processo de ensino-aprendizagem;</li>
<li>Aumentar as competências transversais, sobretudo as que dizem respeito ao saber-estar do participante, como trabalho em grupo, cooperação e adaptação a ambientes multiculturais;</li>
<li>Adotar uma postura mais flexível e tolerante através do respeito pelos valores, crenças e opiniões diferentes devido à sua exposição a culturas diferentes, enriquecendo os participantes em termos culturais;</li>
<li>Aumentar os conhecimentos linguísticos da língua Inglesa, especialmente as dimensões de compreensão e conversação: compreensão oral, interação oral e produção oral e adquirir uma visão mais transparente no que diz respeito à sua posição enquanto cidadão da União Europeia.</li>
</ul>
<p>As mobilidades do Staff consistirá numa troca de saberes/experiências, sistemas de avaliação de aprendizagens, e realização de uma série de atividades de trabalho direcionado ao tema – Educação Inclusiva (job shadowing) &#8211; A educação inclusiva tem vindo a afirmar-se, a nível mundial, enquanto meta a alcançar pelos sistemas educativos.[/vc_column_text][vc_row_inner row_inner_height_percent=&#8221;0&#8243; overlay_alpha=&#8221;50&#8243; gutter_size=&#8221;3&#8243; shift_y=&#8221;0&#8243; z_index=&#8221;0&#8243; el_id=&#8221;ing&#8221;][vc_column_inner column_width_percent=&#8221;100&#8243; gutter_size=&#8221;3&#8243; overlay_alpha=&#8221;50&#8243; shift_x=&#8221;0&#8243; shift_y=&#8221;0&#8243; z_index=&#8221;0&#8243; medium_width=&#8221;0&#8243; mobile_width=&#8221;0&#8243; width=&#8221;1/1&#8243;][vc_separator][/vc_column_inner][/vc_row_inner][vc_custom_heading heading_semantic=&#8221;h5&#8243; text_size=&#8221;h3&#8243; text_align=&#8221;text-center&#8221; text_serif=&#8221;yes&#8221;]<strong>Parceria</strong>[/vc_custom_heading][vc_column_text css=&#8221;.vc_custom_1618224045552{margin-top: 15px !important;}&#8221;]</p>
<ul>
<li>Dual Smart S.R.L. – Roménia (Brasov)</li>
<li>EUROPEAN GRANTS INTERNATIONAL ACADEMY SRL – Itália (Foligno)</li>
<li>Futurum &#8211; Coordination of EU Projects – Polónia (Wroclaw)</li>
<li>ICSE &amp; CO – Itália (Florença)</li>
<li>INTERNATIONAL CONSULTING AND MOBILITY AGENCY SOCIEDAD DE RESPONSABILIDAD LIMITADA – Espanha (Sevilha)</li>
<li>Formacion FU SL – Espanha (Tenerife)</li>
<li>PARAGON LIMITED – Malta (Mosta)</li>
<li>VILNIAUS TURIZMO IR PREKYBOS VERSLOMOKYKLA – Lituânia (Vilnius)</li>
</ul>
<p>[/vc_column_text][vc_row_inner row_inner_height_percent=&#8221;0&#8243; overlay_alpha=&#8221;50&#8243; gutter_size=&#8221;3&#8243; shift_y=&#8221;0&#8243; z_index=&#8221;0&#8243; el_id=&#8221;ing&#8221;][vc_column_inner column_width_percent=&#8221;100&#8243; gutter_size=&#8221;3&#8243; overlay_alpha=&#8221;50&#8243; shift_x=&#8221;0&#8243; shift_y=&#8221;0&#8243; z_index=&#8221;0&#8243; medium_width=&#8221;0&#8243; mobile_width=&#8221;0&#8243; width=&#8221;1/1&#8243;][vc_separator][/vc_column_inner][/vc_row_inner][vc_custom_heading heading_semantic=&#8221;h5&#8243; text_size=&#8221;h3&#8243; text_align=&#8221;text-center&#8221; text_serif=&#8221;yes&#8221; el_class=&#8221;info&#8221;]<strong>Mais Informações</strong>[/vc_custom_heading][vc_column_text css=&#8221;.vc_custom_1621253410676{margin-top: 15px !important;}&#8221;]<a href="http://www.facebook.com/epralima.escolaprofissional/">http://www.facebook.com/epralima.escolaprofissional/</a>[/vc_column_text][/vc_column][/vc_row]</p>
</div>
