{"id":169045,"date":"2025-06-12T13:16:01","date_gmt":"2025-06-12T13:16:01","guid":{"rendered":"https:\/\/www.epralima.com\/website\/?post_type=portfolio&#038;p=169045"},"modified":"2025-06-12T13:16:01","modified_gmt":"2025-06-12T13:16:01","slug":"divetour2","status":"publish","type":"portfolio","link":"https:\/\/www.epralima.com\/website\/portfolio\/divetour2\/","title":{"rendered":"DIVETOUR2"},"content":{"rendered":"<div class=\"wpb-content-wrapper\"><p>[vc_row row_height_percent=&#8221;0&#8243; override_padding=&#8221;yes&#8221; h_padding=&#8221;0&#8243; top_padding=&#8221;3&#8243; bottom_padding=&#8221;3&#8243; overlay_alpha=&#8221;0&#8243; gutter_size=&#8221;100&#8243; shift_y=&#8221;0&#8243; style=&#8221;inherited&#8221;][vc_column column_width_percent=&#8221;100&#8243; position_horizontal=&#8221;left&#8221; gutter_size=&#8221;4&#8243; style=&#8221;light&#8221; overlay_alpha=&#8221;100&#8243; shift_x=&#8221;0&#8243; shift_y=&#8221;0&#8243; z_index=&#8221;0&#8243; medium_width=&#8221;0&#8243; zoom_width=&#8221;0&#8243; zoom_height=&#8221;0&#8243; width=&#8221;1\/1&#8243;][vc_gallery el_id=&#8221;gallery-749185&#8243; type=&#8221;carousel&#8221; medias=&#8221;169046&#8243; carousel_lg=&#8221;1&#8243; carousel_md=&#8221;1&#8243; carousel_sm=&#8221;1&#8243; thumb_size=&#8221;sixteen-nine&#8221; gutter_size=&#8221;0&#8243; media_items=&#8221;media|nolink|original,icon&#8221; carousel_type=&#8221;fade&#8221; carousel_interval=&#8221;5000&#8243; carousel_navspeed=&#8221;1000&#8243; carousel_loop=&#8221;yes&#8221; carousel_nav=&#8221;yes&#8221; carousel_dots=&#8221;yes&#8221; carousel_dots_inside=&#8221;yes&#8221; carousel_dot_padding=&#8221;2&#8243; stage_padding=&#8221;0&#8243; single_overlay_opacity=&#8221;50&#8243; single_overlay_anim=&#8221;no&#8221; single_text_anim=&#8221;no&#8221; single_image_anim=&#8221;no&#8221; single_padding=&#8221;2&#8243; single_border=&#8221;yes&#8221;][vc_custom_heading heading_semantic=&#8221;h5&#8243; text_size=&#8221;h3&#8243; text_align=&#8221;text-center&#8221; text_serif=&#8221;yes&#8221;]<strong>Descri\u00e7\u00e3o Geral do Projeto<\/strong>[\/vc_custom_heading][vc_column_text css=&#8221;.vc_custom_1749733705343{margin-top: 15px !important;}&#8221;]<strong>&#8220;DIVETOUR2, &#8216;A Journey through DEI at the Time of Generative AI<\/strong>&#8221; \u00e9 uma parceria cooperativa de 24 meses no dom\u00ednio do ensino profissional que envolve 4 organiza\u00e7\u00f5es de 3 pa\u00edses europeus.<\/p>\n<p>O DIVETOUR2 est\u00e1 a contribuir para impulsionar uma mudan\u00e7a de paradigma na ind\u00fastria do turismo, defendendo a diversidade, a equidade e a inclus\u00e3o para todos. Para alcan\u00e7ar este objetivo, estamos a capacitar educadores de EFP e aspirantes a profissionais atrav\u00e9s da aprendizagem colaborativa e do uso estrat\u00e9gico da GenAI.<br \/>\nComo resultado, estamos a explorar e a implementar pr\u00e1ticas inovadoras de DEI, garantindo que o turismo se torne uma experi\u00eancia mais acess\u00edvel e inclusiva para todos os visitantes e profissionais espec\u00edficos do setor.<\/p>\n<p>Este projeto tem como objetivo principal providenciar aos futuros profissionais do turismo as compet\u00eancias necess\u00e1rias para fazer com que todos os turistas se sintam bem-vindos e respeitados, independentemente da sua origem.<br \/>\nAl\u00e9m disso, queremos ajudar os jovens que est\u00e3o a dar os primeiros passos na ind\u00fastria do turismo a sentirem-se mais confiantes e capazes.<\/p>\n<p>De acordo com esta vis\u00e3o, o nosso principal objetivo \u00e9 desenvolver e fornecer forma\u00e7\u00e3o e recursos inovadores que capacitem os profissionais e alunos do ensino e forma\u00e7\u00e3o profissional a integrar os princ\u00edpios DEI e as ferramentas de IA generativa nas suas pr\u00e1ticas tur\u00edsticas.<\/p>\n<p>Al\u00e9m disso, pretendemos explorar e demonstrar as aplica\u00e7\u00f5es \u00e9ticas e pr\u00e1ticas da IA generativa na cria\u00e7\u00e3o de experi\u00eancias tur\u00edsticas acess\u00edveis e inclusivas.<\/p>\n<p>Para tal, promovemos o pensamento cr\u00edtico e a autoconsci\u00eancia entre os futuros profissionais do turismo, permitindo-lhes navegar pelas complexidades da diversidade e inclus\u00e3o numa ind\u00fastria em r\u00e1pida evolu\u00e7\u00e3o.<\/p>\n<p>Em \u00faltima an\u00e1lise, procuramos criar um ambiente colaborativo onde educadores, alunos e profissionais da ind\u00fastria possam partilhar as melhores pr\u00e1ticas e desenvolver novas abordagens \u00e0 DEI no turismo.[\/vc_column_text][vc_row_inner row_inner_height_percent=&#8221;0&#8243; overlay_alpha=&#8221;50&#8243; gutter_size=&#8221;3&#8243; shift_y=&#8221;0&#8243; z_index=&#8221;0&#8243; el_id=&#8221;ing&#8221;][vc_column_inner column_width_percent=&#8221;100&#8243; gutter_size=&#8221;3&#8243; overlay_alpha=&#8221;50&#8243; shift_x=&#8221;0&#8243; shift_y=&#8221;0&#8243; z_index=&#8221;0&#8243; medium_width=&#8221;0&#8243; mobile_width=&#8221;0&#8243; width=&#8221;1\/1&#8243;][vc_separator][\/vc_column_inner][\/vc_row_inner][vc_custom_heading heading_semantic=&#8221;h5&#8243; text_size=&#8221;h3&#8243; text_align=&#8221;text-center&#8221; text_serif=&#8221;yes&#8221;]<strong>Grupo-alvo<\/strong>[\/vc_custom_heading][vc_column_text css=&#8221;.vc_custom_1749733728980{margin-top: 15px !important;}&#8221;]<\/p>\n<ul>\n<li>Escolas Secund\u00e1rias<\/li>\n<li>Profissionais do Turismo<\/li>\n<li>Aluno\/as<\/li>\n<li>Professores\/as<\/li>\n<li>Decisores pol\u00edticos;<\/li>\n<li>Comunidade em geral.<\/li>\n<\/ul>\n<p>[\/vc_column_text][vc_row_inner row_inner_height_percent=&#8221;0&#8243; overlay_alpha=&#8221;50&#8243; gutter_size=&#8221;3&#8243; shift_y=&#8221;0&#8243; z_index=&#8221;0&#8243; el_id=&#8221;ing&#8221;][vc_column_inner column_width_percent=&#8221;100&#8243; gutter_size=&#8221;3&#8243; overlay_alpha=&#8221;50&#8243; shift_x=&#8221;0&#8243; shift_y=&#8221;0&#8243; z_index=&#8221;0&#8243; medium_width=&#8221;0&#8243; mobile_width=&#8221;0&#8243; width=&#8221;1\/1&#8243;][vc_separator][\/vc_column_inner][\/vc_row_inner][vc_custom_heading heading_semantic=&#8221;h5&#8243; text_size=&#8221;h3&#8243; text_align=&#8221;text-center&#8221; text_serif=&#8221;yes&#8221;]<strong>Resultados\/Produtos<\/strong>[\/vc_custom_heading][vc_column_text css=&#8221;.vc_custom_1749733840825{margin-top: 15px !important;}&#8221;]Em primeiro lugar, forneceremos um robusto <strong>Sistema de Gest\u00e3o de Aprendizagem<\/strong> (LMS) com m\u00f3dulos de aprendizagem interativos, tornando a educa\u00e7\u00e3o acess\u00edvel e envolvente.<\/p>\n<p>Em segundo lugar, introduziremos um inovador<strong> jogo de tabuleiro educativo misto<\/strong>, promovendo a aprendizagem pr\u00e1tica e a colabora\u00e7\u00e3o.<\/p>\n<p>Al\u00e9m disso, forneceremos aos professores\/formadores um <strong>kit de forma\u00e7\u00e3o abrangente<\/strong>, garantindo que possam implementar eficazmente as nossas metodologias.<\/p>\n<p>Por fim, partilharemos as nossas ideias atrav\u00e9s de um <strong>Livro Branco do Projeto<\/strong>, promovendo uma ado\u00e7\u00e3o mais ampla e a partilha de conhecimentos.[\/vc_column_text][vc_row_inner row_inner_height_percent=&#8221;0&#8243; overlay_alpha=&#8221;50&#8243; gutter_size=&#8221;3&#8243; shift_y=&#8221;0&#8243; z_index=&#8221;0&#8243; el_id=&#8221;ing&#8221;][vc_column_inner column_width_percent=&#8221;100&#8243; gutter_size=&#8221;3&#8243; overlay_alpha=&#8221;50&#8243; shift_x=&#8221;0&#8243; shift_y=&#8221;0&#8243; z_index=&#8221;0&#8243; medium_width=&#8221;0&#8243; mobile_width=&#8221;0&#8243; width=&#8221;1\/1&#8243;][vc_separator][\/vc_column_inner][\/vc_row_inner][vc_custom_heading heading_semantic=&#8221;h5&#8243; text_size=&#8221;h3&#8243; text_align=&#8221;text-center&#8221; text_serif=&#8221;yes&#8221;]<strong>Atividades principais<\/strong>[\/vc_custom_heading][vc_column_text css=&#8221;.vc_custom_1749733867424{margin-top: 15px !important;}&#8221;]<strong>Reuni\u00f5es Internacionais<\/strong><\/p>\n<ul>\n<li>1\u00aa Reuni\u00e3o transnacional na Litu\u00e2nia<\/li>\n<li>2\u00aa Reuni\u00e3o transnacional em Portugal<\/li>\n<\/ul>\n<p><strong>Eventos Multiplicadores<\/strong><\/p>\n<ul>\n<li>\u00a01 Evento Multiplicador em Portugal<\/li>\n<li>1 Evento Multiplicador na Litu\u00e2nia<\/li>\n<li>2 Eventos Multiplicadores na It\u00e1lia<\/li>\n<\/ul>\n<p>[\/vc_column_text][vc_row_inner row_inner_height_percent=&#8221;0&#8243; overlay_alpha=&#8221;50&#8243; gutter_size=&#8221;3&#8243; shift_y=&#8221;0&#8243; z_index=&#8221;0&#8243; el_id=&#8221;ing&#8221;][vc_column_inner column_width_percent=&#8221;100&#8243; gutter_size=&#8221;3&#8243; overlay_alpha=&#8221;50&#8243; shift_x=&#8221;0&#8243; shift_y=&#8221;0&#8243; z_index=&#8221;0&#8243; medium_width=&#8221;0&#8243; mobile_width=&#8221;0&#8243; width=&#8221;1\/1&#8243;][vc_separator][\/vc_column_inner][\/vc_row_inner][vc_custom_heading heading_semantic=&#8221;h5&#8243; text_size=&#8221;h3&#8243; text_align=&#8221;text-center&#8221; text_serif=&#8221;yes&#8221;]<strong>Parceria<\/strong>[\/vc_custom_heading][vc_column_text css=&#8221;.vc_custom_1749733894143{margin-top: 15px !important;}&#8221;]<\/p>\n<ul>\n<li>Epralima_Escola Profissional do Alto Lima \u2013 C.I.P.R.L (Portugal)<\/li>\n<li>Panev\u0117\u017eys Training Center (Litu\u00e2nia)<\/li>\n<li>Bluebook S.r.l. (It\u00e1lia)<\/li>\n<li>WATTAJOB S.r.l. (It\u00e1lia)<\/li>\n<\/ul>\n<p>[\/vc_column_text][vc_row_inner row_inner_height_percent=&#8221;0&#8243; overlay_alpha=&#8221;50&#8243; gutter_size=&#8221;3&#8243; shift_y=&#8221;0&#8243; z_index=&#8221;0&#8243; el_id=&#8221;ing&#8221;][vc_column_inner column_width_percent=&#8221;100&#8243; gutter_size=&#8221;3&#8243; overlay_alpha=&#8221;50&#8243; shift_x=&#8221;0&#8243; shift_y=&#8221;0&#8243; z_index=&#8221;0&#8243; medium_width=&#8221;0&#8243; mobile_width=&#8221;0&#8243; width=&#8221;1\/1&#8243;][vc_separator][\/vc_column_inner][\/vc_row_inner][vc_custom_heading heading_semantic=&#8221;h5&#8243; text_size=&#8221;h3&#8243; text_align=&#8221;text-center&#8221; text_serif=&#8221;yes&#8221; el_class=&#8221;info&#8221;]<strong>Mais Informa\u00e7\u00f5es<\/strong>[\/vc_custom_heading][vc_column_text css=&#8221;.vc_custom_1749733926480{margin-top: 15px !important;}&#8221;]<strong><a href=\"https:\/\/divetour2learning.eu\">https:\/\/divetour2learning.eu<\/a><\/strong>[\/vc_column_text][\/vc_column][\/vc_row]<\/p>\n<\/div>","protected":false},"excerpt":{"rendered":"<p>DIVETOUR2 &#8211; A Journey through DEI at the Time of Generative AI, \u00e9 uma parceria cooperativa de 24 meses no dom\u00ednio do ensino profissional que envolve 4 organiza\u00e7\u00f5es de 3 pa\u00edses europeus. <\/p>\n","protected":false},"author":3,"featured_media":169046,"parent":0,"menu_order":0,"comment_status":"open","ping_status":"open","template":"","meta":{"_acf_changed":false,"om_disable_all_campaigns":false,"_monsterinsights_skip_tracking":false,"_monsterinsights_sitenote_active":false,"_monsterinsights_sitenote_note":"","_monsterinsights_sitenote_category":0,"_uf_show_specific_survey":0,"_uf_disable_surveys":false,"footnotes":""},"portfolio_category":[120],"class_list":["post-169045","portfolio","type-portfolio","status-publish","has-post-thumbnail","hentry","portfolio_category-projetos-internacionais"],"acf":[],"aioseo_notices":[],"_links":{"self":[{"href":"https:\/\/www.epralima.com\/website\/wp-json\/wp\/v2\/portfolio\/169045","targetHints":{"allow":["GET"]}}],"collection":[{"href":"https:\/\/www.epralima.com\/website\/wp-json\/wp\/v2\/portfolio"}],"about":[{"href":"https:\/\/www.epralima.com\/website\/wp-json\/wp\/v2\/types\/portfolio"}],"author":[{"embeddable":true,"href":"https:\/\/www.epralima.com\/website\/wp-json\/wp\/v2\/users\/3"}],"replies":[{"embeddable":true,"href":"https:\/\/www.epralima.com\/website\/wp-json\/wp\/v2\/comments?post=169045"}],"version-history":[{"count":1,"href":"https:\/\/www.epralima.com\/website\/wp-json\/wp\/v2\/portfolio\/169045\/revisions"}],"predecessor-version":[{"id":169047,"href":"https:\/\/www.epralima.com\/website\/wp-json\/wp\/v2\/portfolio\/169045\/revisions\/169047"}],"wp:featuredmedia":[{"embeddable":true,"href":"https:\/\/www.epralima.com\/website\/wp-json\/wp\/v2\/media\/169046"}],"wp:attachment":[{"href":"https:\/\/www.epralima.com\/website\/wp-json\/wp\/v2\/media?parent=169045"}],"wp:term":[{"taxonomy":"portfolio_category","embeddable":true,"href":"https:\/\/www.epralima.com\/website\/wp-json\/wp\/v2\/portfolio_category?post=169045"}],"curies":[{"name":"wp","href":"https:\/\/api.w.org\/{rel}","templated":true}]}}

<div class="wpb-content-wrapper"><p>[vc_row row_height_percent=&#8221;0&#8243; override_padding=&#8221;yes&#8221; h_padding=&#8221;0&#8243; top_padding=&#8221;3&#8243; bottom_padding=&#8221;3&#8243; overlay_alpha=&#8221;0&#8243; gutter_size=&#8221;100&#8243; shift_y=&#8221;0&#8243; style=&#8221;inherited&#8221;][vc_column column_width_percent=&#8221;100&#8243; position_horizontal=&#8221;left&#8221; gutter_size=&#8221;4&#8243; style=&#8221;light&#8221; overlay_alpha=&#8221;100&#8243; shift_x=&#8221;0&#8243; shift_y=&#8221;0&#8243; z_index=&#8221;0&#8243; medium_width=&#8221;0&#8243; zoom_width=&#8221;0&#8243; zoom_height=&#8221;0&#8243; width=&#8221;1/1&#8243;][vc_gallery el_id=&#8221;gallery-749185&#8243; type=&#8221;carousel&#8221; medias=&#8221;169046&#8243; carousel_lg=&#8221;1&#8243; carousel_md=&#8221;1&#8243; carousel_sm=&#8221;1&#8243; thumb_size=&#8221;sixteen-nine&#8221; gutter_size=&#8221;0&#8243; media_items=&#8221;media|nolink|original,icon&#8221; carousel_type=&#8221;fade&#8221; carousel_interval=&#8221;5000&#8243; carousel_navspeed=&#8221;1000&#8243; carousel_loop=&#8221;yes&#8221; carousel_nav=&#8221;yes&#8221; carousel_dots=&#8221;yes&#8221; carousel_dots_inside=&#8221;yes&#8221; carousel_dot_padding=&#8221;2&#8243; stage_padding=&#8221;0&#8243; single_overlay_opacity=&#8221;50&#8243; single_overlay_anim=&#8221;no&#8221; single_text_anim=&#8221;no&#8221; single_image_anim=&#8221;no&#8221; single_padding=&#8221;2&#8243; single_border=&#8221;yes&#8221;][vc_custom_heading heading_semantic=&#8221;h5&#8243; text_size=&#8221;h3&#8243; text_align=&#8221;text-center&#8221; text_serif=&#8221;yes&#8221;]<strong>Descrição Geral do Projeto</strong>[/vc_custom_heading][vc_column_text css=&#8221;.vc_custom_1749733705343{margin-top: 15px !important;}&#8221;]<strong>&#8220;DIVETOUR2, &#8216;A Journey through DEI at the Time of Generative AI</strong>&#8221; é uma parceria cooperativa de 24 meses no domínio do ensino profissional que envolve 4 organizações de 3 países europeus.</p>
<p>O DIVETOUR2 está a contribuir para impulsionar uma mudança de paradigma na indústria do turismo, defendendo a diversidade, a equidade e a inclusão para todos. Para alcançar este objetivo, estamos a capacitar educadores de EFP e aspirantes a profissionais através da aprendizagem colaborativa e do uso estratégico da GenAI.<br />
Como resultado, estamos a explorar e a implementar práticas inovadoras de DEI, garantindo que o turismo se torne uma experiência mais acessível e inclusiva para todos os visitantes e profissionais específicos do setor.</p>
<p>Este projeto tem como objetivo principal providenciar aos futuros profissionais do turismo as competências necessárias para fazer com que todos os turistas se sintam bem-vindos e respeitados, independentemente da sua origem.<br />
Além disso, queremos ajudar os jovens que estão a dar os primeiros passos na indústria do turismo a sentirem-se mais confiantes e capazes.</p>
<p>De acordo com esta visão, o nosso principal objetivo é desenvolver e fornecer formação e recursos inovadores que capacitem os profissionais e alunos do ensino e formação profissional a integrar os princípios DEI e as ferramentas de IA generativa nas suas práticas turísticas.</p>
<p>Além disso, pretendemos explorar e demonstrar as aplicações éticas e práticas da IA generativa na criação de experiências turísticas acessíveis e inclusivas.</p>
<p>Para tal, promovemos o pensamento crítico e a autoconsciência entre os futuros profissionais do turismo, permitindo-lhes navegar pelas complexidades da diversidade e inclusão numa indústria em rápida evolução.</p>
<p>Em última análise, procuramos criar um ambiente colaborativo onde educadores, alunos e profissionais da indústria possam partilhar as melhores práticas e desenvolver novas abordagens à DEI no turismo.[/vc_column_text][vc_row_inner row_inner_height_percent=&#8221;0&#8243; overlay_alpha=&#8221;50&#8243; gutter_size=&#8221;3&#8243; shift_y=&#8221;0&#8243; z_index=&#8221;0&#8243; el_id=&#8221;ing&#8221;][vc_column_inner column_width_percent=&#8221;100&#8243; gutter_size=&#8221;3&#8243; overlay_alpha=&#8221;50&#8243; shift_x=&#8221;0&#8243; shift_y=&#8221;0&#8243; z_index=&#8221;0&#8243; medium_width=&#8221;0&#8243; mobile_width=&#8221;0&#8243; width=&#8221;1/1&#8243;][vc_separator][/vc_column_inner][/vc_row_inner][vc_custom_heading heading_semantic=&#8221;h5&#8243; text_size=&#8221;h3&#8243; text_align=&#8221;text-center&#8221; text_serif=&#8221;yes&#8221;]<strong>Grupo-alvo</strong>[/vc_custom_heading][vc_column_text css=&#8221;.vc_custom_1749733728980{margin-top: 15px !important;}&#8221;]</p>
<ul>
<li>Escolas Secundárias</li>
<li>Profissionais do Turismo</li>
<li>Aluno/as</li>
<li>Professores/as</li>
<li>Decisores políticos;</li>
<li>Comunidade em geral.</li>
</ul>
<p>[/vc_column_text][vc_row_inner row_inner_height_percent=&#8221;0&#8243; overlay_alpha=&#8221;50&#8243; gutter_size=&#8221;3&#8243; shift_y=&#8221;0&#8243; z_index=&#8221;0&#8243; el_id=&#8221;ing&#8221;][vc_column_inner column_width_percent=&#8221;100&#8243; gutter_size=&#8221;3&#8243; overlay_alpha=&#8221;50&#8243; shift_x=&#8221;0&#8243; shift_y=&#8221;0&#8243; z_index=&#8221;0&#8243; medium_width=&#8221;0&#8243; mobile_width=&#8221;0&#8243; width=&#8221;1/1&#8243;][vc_separator][/vc_column_inner][/vc_row_inner][vc_custom_heading heading_semantic=&#8221;h5&#8243; text_size=&#8221;h3&#8243; text_align=&#8221;text-center&#8221; text_serif=&#8221;yes&#8221;]<strong>Resultados/Produtos</strong>[/vc_custom_heading][vc_column_text css=&#8221;.vc_custom_1749733840825{margin-top: 15px !important;}&#8221;]Em primeiro lugar, forneceremos um robusto <strong>Sistema de Gestão de Aprendizagem</strong> (LMS) com módulos de aprendizagem interativos, tornando a educação acessível e envolvente.</p>
<p>Em segundo lugar, introduziremos um inovador<strong> jogo de tabuleiro educativo misto</strong>, promovendo a aprendizagem prática e a colaboração.</p>
<p>Além disso, forneceremos aos professores/formadores um <strong>kit de formação abrangente</strong>, garantindo que possam implementar eficazmente as nossas metodologias.</p>
<p>Por fim, partilharemos as nossas ideias através de um <strong>Livro Branco do Projeto</strong>, promovendo uma adoção mais ampla e a partilha de conhecimentos.[/vc_column_text][vc_row_inner row_inner_height_percent=&#8221;0&#8243; overlay_alpha=&#8221;50&#8243; gutter_size=&#8221;3&#8243; shift_y=&#8221;0&#8243; z_index=&#8221;0&#8243; el_id=&#8221;ing&#8221;][vc_column_inner column_width_percent=&#8221;100&#8243; gutter_size=&#8221;3&#8243; overlay_alpha=&#8221;50&#8243; shift_x=&#8221;0&#8243; shift_y=&#8221;0&#8243; z_index=&#8221;0&#8243; medium_width=&#8221;0&#8243; mobile_width=&#8221;0&#8243; width=&#8221;1/1&#8243;][vc_separator][/vc_column_inner][/vc_row_inner][vc_custom_heading heading_semantic=&#8221;h5&#8243; text_size=&#8221;h3&#8243; text_align=&#8221;text-center&#8221; text_serif=&#8221;yes&#8221;]<strong>Atividades principais</strong>[/vc_custom_heading][vc_column_text css=&#8221;.vc_custom_1749733867424{margin-top: 15px !important;}&#8221;]<strong>Reuniões Internacionais</strong></p>
<ul>
<li>1ª Reunião transnacional na Lituânia</li>
<li>2ª Reunião transnacional em Portugal</li>
</ul>
<p><strong>Eventos Multiplicadores</strong></p>
<ul>
<li> 1 Evento Multiplicador em Portugal</li>
<li>1 Evento Multiplicador na Lituânia</li>
<li>2 Eventos Multiplicadores na Itália</li>
</ul>
<p>[/vc_column_text][vc_row_inner row_inner_height_percent=&#8221;0&#8243; overlay_alpha=&#8221;50&#8243; gutter_size=&#8221;3&#8243; shift_y=&#8221;0&#8243; z_index=&#8221;0&#8243; el_id=&#8221;ing&#8221;][vc_column_inner column_width_percent=&#8221;100&#8243; gutter_size=&#8221;3&#8243; overlay_alpha=&#8221;50&#8243; shift_x=&#8221;0&#8243; shift_y=&#8221;0&#8243; z_index=&#8221;0&#8243; medium_width=&#8221;0&#8243; mobile_width=&#8221;0&#8243; width=&#8221;1/1&#8243;][vc_separator][/vc_column_inner][/vc_row_inner][vc_custom_heading heading_semantic=&#8221;h5&#8243; text_size=&#8221;h3&#8243; text_align=&#8221;text-center&#8221; text_serif=&#8221;yes&#8221;]<strong>Parceria</strong>[/vc_custom_heading][vc_column_text css=&#8221;.vc_custom_1749733894143{margin-top: 15px !important;}&#8221;]</p>
<ul>
<li>Epralima_Escola Profissional do Alto Lima – C.I.P.R.L (Portugal)</li>
<li>Panevėžys Training Center (Lituânia)</li>
<li>Bluebook S.r.l. (Itália)</li>
<li>WATTAJOB S.r.l. (Itália)</li>
</ul>
<p>[/vc_column_text][vc_row_inner row_inner_height_percent=&#8221;0&#8243; overlay_alpha=&#8221;50&#8243; gutter_size=&#8221;3&#8243; shift_y=&#8221;0&#8243; z_index=&#8221;0&#8243; el_id=&#8221;ing&#8221;][vc_column_inner column_width_percent=&#8221;100&#8243; gutter_size=&#8221;3&#8243; overlay_alpha=&#8221;50&#8243; shift_x=&#8221;0&#8243; shift_y=&#8221;0&#8243; z_index=&#8221;0&#8243; medium_width=&#8221;0&#8243; mobile_width=&#8221;0&#8243; width=&#8221;1/1&#8243;][vc_separator][/vc_column_inner][/vc_row_inner][vc_custom_heading heading_semantic=&#8221;h5&#8243; text_size=&#8221;h3&#8243; text_align=&#8221;text-center&#8221; text_serif=&#8221;yes&#8221; el_class=&#8221;info&#8221;]<strong>Mais Informações</strong>[/vc_custom_heading][vc_column_text css=&#8221;.vc_custom_1749733926480{margin-top: 15px !important;}&#8221;]<strong><a href="https://divetour2learning.eu">https://divetour2learning.eu</a></strong>[/vc_column_text][/vc_column][/vc_row]</p>
</div>

<p>DIVETOUR2 &#8211; A Journey through DEI at the Time of Generative AI, é uma parceria cooperativa de 24 meses no domínio do ensino profissional que envolve 4 organizações de 3 países europeus. </p>
